000
CDUS46 KSEW 230827
CLIOLM


CLIMATE REPORT
NATIONAL WEATHER SERVICE SEATTLE WA
127 AM PDT WED JUL 23 2014


...................................

...THE OLYMPIA WA AIRPORT CLIMATE SUMMARY FOR JULY 22 2014...

CLIMATE NORMAL PERIOD 1981 TO 2010
CLIMATE RECORD PERIOD 1948 TO 2014


WEATHER ITEM   OBSERVED TIME   RECORD YEAR NORMAL DEPARTURE LAST
                VALUE   (LST)  VALUE       VALUE  FROM      YEAR
                                                  NORMAL
..................................................................
TEMPERATURE (F)
 YESTERDAY
  MAXIMUM         75    608 PM  99    2006  78     -3       76
                                      1978
  MINIMUM         51   1225 AM  41    1982  51      0       54
  AVERAGE         63                        65     -2       65

PRECIPITATION (IN)
  YESTERDAY        T             0.24 1993   0.01  -0.01     0.00
  MONTH TO DATE    T                         0.50  -0.50      T
  SINCE OCT 1     39.53                     47.22  -7.69    48.38
  SINCE JAN 1     30.69                     26.53   4.16    21.42

DEGREE DAYS
 HEATING
  YESTERDAY        2                         2      0        0
  MONTH TO DATE   18                        62    -44       44
  SINCE JUN 1    173                       250    -77      180
  SINCE JUL 1     18                        62    -44       44

 COOLING
  YESTERDAY        0                         2     -2        0
  MONTH TO DATE   73                        28     45       21
  SINCE JUN 1     74                        39     35       47
  SINCE JAN 1     75                        42     33       49
..................................................................


WIND (MPH)
  RESULTANT WIND SPEED   1   RESULTANT WIND DIRECTION   E (110)
  HIGHEST WIND SPEED     9   HIGHEST WIND DIRECTION     N (20)
  HIGHEST GUST SPEED    12   HIGHEST GUST DIRECTION    SW (210)
  AVERAGE WIND SPEED     2.1


SKY COVER
  AVERAGE SKY COVER 0.6


WEATHER CONDITIONS
 THE FOLLOWING WEATHER WAS RECORDED YESTERDAY.
  LIGHT RAIN


RELATIVE HUMIDITY (PERCENT)
 HIGHEST    89          1200 AM
 LOWEST     46           600 PM
 AVERAGE    68

..........................................................


THE OLYMPIA WA AIRPORT CLIMATE NORMALS FOR TODAY
                         NORMAL    RECORD    YEAR
 MAXIMUM TEMPERATURE (F)   78        99      2004
                                             1991
 MINIMUM TEMPERATURE (F)   51        39      1963


SUNRISE AND SUNSET
JULY 23 2014..........SUNRISE   541 AM PDT   SUNSET   855 PM PDT
JULY 24 2014..........SUNRISE   542 AM PDT   SUNSET   854 PM PDT


-  INDICATES NEGATIVE NUMBERS.
R  INDICATES RECORD WAS SET OR TIED.
MM INDICATES DATA IS MISSING.
T  INDICATES TRACE AMOUNT.




$$
