000
CDUS46 KSEW 080833
CLIOLM


CLIMATE REPORT
NATIONAL WEATHER SERVICE SEATTLE WA
1233 AM PST MON FEB 8 2016


...................................

...THE OLYMPIA WA AIRPORT CLIMATE SUMMARY FOR FEBRUARY 7 2016...

CLIMATE NORMAL PERIOD 1981 TO 2010
CLIMATE RECORD PERIOD 1948 TO 2016


WEATHER ITEM   OBSERVED TIME   RECORD YEAR NORMAL DEPARTURE LAST
                VALUE   (LST)  VALUE       VALUE  FROM      YEAR
                                                  NORMAL
..................................................................
TEMPERATURE (F)
 YESTERDAY
  MAXIMUM         54    339 PM  63    1993  48      6       54
                                      1954
  MINIMUM         34   1156 PM   7    1989  33      1       46
  AVERAGE         44                        41      3       50

PRECIPITATION (IN)
  YESTERDAY        0.00          1.98 1996   0.21  -0.21     1.38
  MONTH TO DATE    1.27                      1.43  -0.16     3.94
  SINCE OCT 1     42.74                     29.96  12.78    29.65
  SINCE JAN 1      9.74                      9.27   0.47    10.62

DEGREE DAYS
 HEATING
  YESTERDAY       21                        24     -3       15
  MONTH TO DATE  163                       169     -6      122
  SINCE DEC 1   1669                      1775   -106     1531
  SINCE JUL 1   2945                      3220   -275     2630

 COOLING
  YESTERDAY        0                         0      0        0
  MONTH TO DATE    0                         0      0        0
  SINCE DEC 1      0                         0      0        0
  SINCE JAN 1      0                         0      0        0
..................................................................


WIND (MPH)
  RESULTANT WIND SPEED   4   RESULTANT WIND DIRECTION  NE (40)
  HIGHEST WIND SPEED    13   HIGHEST WIND DIRECTION    NE (30)
  HIGHEST GUST SPEED    14   HIGHEST GUST DIRECTION    NE (30)
  AVERAGE WIND SPEED     4.1


SKY COVER
  AVERAGE SKY COVER 0.6


WEATHER CONDITIONS
 THE FOLLOWING WEATHER WAS RECORDED YESTERDAY.
  FOG
  FOG W/VISIBILITY <= 1/4 MILE


RELATIVE HUMIDITY (PERCENT)
 HIGHEST   100           400 AM
 LOWEST     50           300 PM
 AVERAGE    75

..........................................................


THE OLYMPIA WA AIRPORT CLIMATE NORMALS FOR TODAY
                         NORMAL    RECORD    YEAR
 MAXIMUM TEMPERATURE (F)   49        69      1963
 MINIMUM TEMPERATURE (F)   33         9      1989


SUNRISE AND SUNSET
FEBRUARY  8 2016......SUNRISE   727 AM PST   SUNSET   525 PM PST
FEBRUARY  9 2016......SUNRISE   726 AM PST   SUNSET   526 PM PST


-  INDICATES NEGATIVE NUMBERS.
R  INDICATES RECORD WAS SET OR TIED.
MM INDICATES DATA IS MISSING.
T  INDICATES TRACE AMOUNT.




$$
