000
CDUS46 KSEW 280828
CLIOLM


CLIMATE REPORT
NATIONAL WEATHER SERVICE SEATTLE WA
127 AM PDT WED SEP 28 2016


...................................

...THE OLYMPIA WA AIRPORT CLIMATE SUMMARY FOR SEPTEMBER 27 2016...

CLIMATE NORMAL PERIOD 1981 TO 2010
CLIMATE RECORD PERIOD 1948 TO 2016


WEATHER ITEM   OBSERVED TIME   RECORD YEAR NORMAL DEPARTURE LAST
                VALUE   (LST)  VALUE       VALUE  FROM      YEAR
                                                  NORMAL
..................................................................
TEMPERATURE (F)
 YESTERDAY
  MAXIMUM         71    311 PM  93    1967  68      3       65
  MINIMUM         46   1159 PM  25    1972  44      2       35
  AVERAGE         59                        56      3       50

PRECIPITATION (IN)
  YESTERDAY        0.02          0.75 1953   0.08  -0.06     0.00
  MONTH TO DATE    1.73                      1.49   0.24     0.90
  SINCE OCT 1     62.37                     49.78  12.59    43.55
  SINCE JAN 1     29.37                     29.09   0.28    24.52

DEGREE DAYS
 HEATING
  YESTERDAY        6                         9     -3       15
  MONTH TO DATE  166                       161      5      178
  SINCE SEP 1    166                       161      5      178
  SINCE JUL 1    276                       311    -35      223

 COOLING
  YESTERDAY        0                         0      0        0
  MONTH TO DATE    0                         4     -4        2
  SINCE SEP 1      0                         4     -4        2
  SINCE JAN 1    145                       103     42      264
..................................................................


WIND (MPH)
  RESULTANT WIND SPEED   5   RESULTANT WIND DIRECTION  NE (30)
  HIGHEST WIND SPEED    15   HIGHEST WIND DIRECTION     E (70)
  HIGHEST GUST SPEED    20   HIGHEST GUST DIRECTION     E (80)
  AVERAGE WIND SPEED     5.4


SKY COVER
  AVERAGE SKY COVER 0.5


WEATHER CONDITIONS
 THE FOLLOWING WEATHER WAS RECORDED YESTERDAY.
  LIGHT RAIN
  FOG


RELATIVE HUMIDITY (PERCENT)
 HIGHEST    93          1200 AM
 LOWEST     40           400 PM
 AVERAGE    67

..........................................................


THE OLYMPIA WA AIRPORT CLIMATE NORMALS FOR TODAY
                         NORMAL    RECORD    YEAR
 MAXIMUM TEMPERATURE (F)   68        85      2003
 MINIMUM TEMPERATURE (F)   43        30      1999


SUNRISE AND SUNSET
SEPTEMBER 28 2016.....SUNRISE   707 AM PDT   SUNSET   656 PM PDT
SEPTEMBER 29 2016.....SUNRISE   708 AM PDT   SUNSET   654 PM PDT


-  INDICATES NEGATIVE NUMBERS.
R  INDICATES RECORD WAS SET OR TIED.
MM INDICATES DATA IS MISSING.
T  INDICATES TRACE AMOUNT.




$$
