000
CDUS46 KSEW 200119
CLIOLM


CLIMATE REPORT
NATIONAL WEATHER SERVICE SEATTLE WA
619 PM PDT FRI SEP 19 2014


...................................

...THE OLYMPIA WA AIRPORT CLIMATE SUMMARY FOR SEPTEMBER 19 2014...
VALID TODAY AS OF 0600 PM LOCAL TIME.

CLIMATE NORMAL PERIOD 1981 TO 2010
CLIMATE RECORD PERIOD 1948 TO 2014


WEATHER ITEM   OBSERVED TIME   RECORD YEAR NORMAL DEPARTURE LAST
                VALUE   (LST)  VALUE       VALUE  FROM      YEAR
                                                  NORMAL
..................................................................
TEMPERATURE (F)
 TODAY
  MAXIMUM         81   1142 AM  86    1999  71     10       76
  MINIMUM         59    550 AM  30    1983  45     14       47
  AVERAGE         70                        58     12       62

PRECIPITATION (IN)
  TODAY            0.00          1.05 1959   0.06  -0.06     0.00
  MONTH TO DATE    0.13                      0.98  -0.85     2.29
  SINCE OCT 1     41.38                     49.27  -7.89    52.51
  SINCE JAN 1     32.54                     28.58   3.96    25.55

DEGREE DAYS
 HEATING
  TODAY            0                         7     -7        3
  MONTH TO DATE   64                        95    -31       27
  SINCE SEP 1     64                        95    -31       27
  SINCE JUL 1    117                       245   -128      104

 COOLING
  TODAY            5                         0      5        0
  MONTH TO DATE    9                         4      5       26
  SINCE SEP 1      9                         4      5       26
  SINCE JAN 1    190                       103     87      147
..................................................................


WIND (MPH)
  RESULTANT WIND SPEED   4   RESULTANT WIND DIRECTION  SW (240)
  HIGHEST WIND SPEED    12   HIGHEST WIND DIRECTION     N (340)
  HIGHEST GUST SPEED    14   HIGHEST GUST DIRECTION     N (340)
  AVERAGE WIND SPEED     6.2


SKY COVER
  AVERAGE SKY COVER 0.8


WEATHER CONDITIONS
 THE FOLLOWING WEATHER WAS RECORDED TODAY.
  NO SIGNIFICANT WEATHER WAS OBSERVED.


RELATIVE HUMIDITY (PERCENT)
 HIGHEST    90          1200 AM
 LOWEST     50           200 PM
 AVERAGE    70

..........................................................


THE OLYMPIA WA AIRPORT CLIMATE NORMALS FOR TOMORROW
                         NORMAL    RECORD    YEAR
 MAXIMUM TEMPERATURE (F)   71        92      1974
 MINIMUM TEMPERATURE (F)   45        32      1983


SUNRISE AND SUNSET
SEPTEMBER 19 2014.....SUNRISE   655 AM PDT   SUNSET   715 PM PDT
SEPTEMBER 20 2014.....SUNRISE   656 AM PDT   SUNSET   713 PM PDT


-  INDICATES NEGATIVE NUMBERS.
R  INDICATES RECORD WAS SET OR TIED.
MM INDICATES DATA IS MISSING.
T  INDICATES TRACE AMOUNT.




$$
