671
CDUS46 KSEW 300831
CLIOLM


CLIMATE REPORT
NATIONAL WEATHER SERVICE SEATTLE WA
130 AM PDT TUE AUG 30 2016


...................................

...THE OLYMPIA WA AIRPORT CLIMATE SUMMARY FOR AUGUST 29 2016...

CLIMATE NORMAL PERIOD 1981 TO 2010
CLIMATE RECORD PERIOD 1948 TO 2016


WEATHER ITEM   OBSERVED TIME   RECORD YEAR NORMAL DEPARTURE LAST
                VALUE   (LST)  VALUE       VALUE  FROM      YEAR
                                                  NORMAL
..................................................................
TEMPERATURE (F)
 YESTERDAY
  MAXIMUM         82    407 PM  94    1996  76      6       69
  MINIMUM         47    437 AM  34    1969  49     -2       56
  AVERAGE         65                        63      2       63

PRECIPITATION (IN)
  YESTERDAY        0.00          1.33 2013   0.04  -0.04     1.25
  MONTH TO DATE    0.21                      0.84  -0.63     2.32
  SINCE OCT 1     60.45                     48.19  12.26    42.13
  SINCE JAN 1     27.45                     27.50  -0.05    23.10

DEGREE DAYS
 HEATING
  YESTERDAY        0                         3     -3        2
  MONTH TO DATE   44                        63    -19       23
  SINCE JUN 1    268                       331    -63      103
  SINCE JUL 1    102                       143    -41       40

 COOLING
  YESTERDAY        0                         1     -1        0
  MONTH TO DATE   73                        45     28       71
  SINCE JUN 1    144                        99     45      261
  SINCE JAN 1    145                       102     43      262
..................................................................


WIND (MPH)
  RESULTANT WIND SPEED   2   RESULTANT WIND DIRECTION  SW (210)
  HIGHEST WIND SPEED    13   HIGHEST WIND DIRECTION     W (280)
  HIGHEST GUST SPEED    20   HIGHEST GUST DIRECTION    SW (240)
  AVERAGE WIND SPEED     4.4


SKY COVER
  AVERAGE SKY COVER 0.0


WEATHER CONDITIONS
 THE FOLLOWING WEATHER WAS RECORDED YESTERDAY.
  NO SIGNIFICANT WEATHER WAS OBSERVED.


RELATIVE HUMIDITY (PERCENT)
 HIGHEST    93           400 AM
 LOWEST     36           200 PM
 AVERAGE    65

..........................................................


THE OLYMPIA WA AIRPORT CLIMATE NORMALS FOR TODAY
                         NORMAL    RECORD    YEAR
 MAXIMUM TEMPERATURE (F)   76        90      1987
 MINIMUM TEMPERATURE (F)   49        36      1977


SUNRISE AND SUNSET
AUGUST 30 2016........SUNRISE   629 AM PDT   SUNSET   754 PM PDT
AUGUST 31 2016........SUNRISE   631 AM PDT   SUNSET   752 PM PDT


-  INDICATES NEGATIVE NUMBERS.
R  INDICATES RECORD WAS SET OR TIED.
MM INDICATES DATA IS MISSING.
T  INDICATES TRACE AMOUNT.




$$
