000
CDUS46 KSEW 100826
CLIOLM


CLIMATE REPORT
NATIONAL WEATHER SERVICE SEATTLE WA
126 AM PDT THU JUL 10 2014


...................................

...THE OLYMPIA WA AIRPORT CLIMATE SUMMARY FOR JULY 9 2014...

CLIMATE NORMAL PERIOD 1981 TO 2010
CLIMATE RECORD PERIOD 1948 TO 2014


WEATHER ITEM   OBSERVED TIME   RECORD YEAR NORMAL DEPARTURE LAST
                VALUE   (LST)  VALUE       VALUE  FROM      YEAR
                                                  NORMAL
..................................................................
TEMPERATURE (F)
 YESTERDAY
  MAXIMUM         81    436 PM  95    1985  76      5       86
  MINIMUM         53    416 AM  41    1981  50      3       51
                                      1960
  AVERAGE         67                        63      4       69

PRECIPITATION (IN)
  YESTERDAY        0.00          1.34 1995   0.02  -0.02     0.00
  MONTH TO DATE    0.00                      0.26  -0.26      T
  SINCE OCT 1     39.53                     46.98  -7.45    48.38
  SINCE JAN 1     30.69                     26.29   4.40    21.42

DEGREE DAYS
 HEATING
  YESTERDAY        0                         3     -3        0
  MONTH TO DATE    5                        31    -26       12
  SINCE JUN 1    160                       219    -59      148
  SINCE JUL 1      5                        31    -26       12

 COOLING
  YESTERDAY        2                         1      1        4
  MONTH TO DATE   29                         9     20       19
  SINCE JUN 1     30                        20     10       45
  SINCE JAN 1     31                        23      8       47
..................................................................


WIND (MPH)
  RESULTANT WIND SPEED   0   RESULTANT WIND DIRECTION   S (160)
  HIGHEST WIND SPEED    10   HIGHEST WIND DIRECTION    NW (330)
  HIGHEST GUST SPEED    12   HIGHEST GUST DIRECTION     N (350)
  AVERAGE WIND SPEED     3.4


SKY COVER
  AVERAGE SKY COVER 0.2


WEATHER CONDITIONS
 THE FOLLOWING WEATHER WAS RECORDED YESTERDAY.
  NO SIGNIFICANT WEATHER WAS OBSERVED.


RELATIVE HUMIDITY (PERCENT)
 HIGHEST    93           400 AM
 LOWEST     42           400 PM
 AVERAGE    68

..........................................................


THE OLYMPIA WA AIRPORT CLIMATE NORMALS FOR TODAY
                         NORMAL    RECORD    YEAR
 MAXIMUM TEMPERATURE (F)   76        94      2002
 MINIMUM TEMPERATURE (F)   50        39      1981


SUNRISE AND SUNSET
JULY 10 2014..........SUNRISE   527 AM PDT   SUNSET   906 PM PDT
JULY 11 2014..........SUNRISE   528 AM PDT   SUNSET   906 PM PDT


-  INDICATES NEGATIVE NUMBERS.
R  INDICATES RECORD WAS SET OR TIED.
MM INDICATES DATA IS MISSING.
T  INDICATES TRACE AMOUNT.




$$
