000
CDUS46 KSEW 211753 CCA
CLIOLM

CLIMATE REPORT...CORRECTED
NATIONAL WEATHER SERVICE SEATTLE WA
1053 AM PDT FRI JUL 21 2017


...................................

...THE OLYMPIA WA AIRPORT CLIMATE SUMMARY FOR JULY 20 2017...

CLIMATE NORMAL PERIOD 1981 TO 2010
CLIMATE RECORD PERIOD 1948 TO 2017


WEATHER ITEM   OBSERVED TIME   RECORD YEAR NORMAL DEPARTURE LAST
                VALUE   (LST)  VALUE       VALUE  FROM      YEAR
                                                  NORMAL
..................................................................
TEMPERATURE (F)
 YESTERDAY
  MAXIMUM         72    330 PM 102    1994  78     -6       81
  MINIMUM         52   1159 PM  40    1966  51      1       56
                                      1953
  AVERAGE         62                        64     -2       69

PRECIPITATION (IN)
  YESTERDAY        0.05          0.29 2007   0.02   0.03     0.00
  MONTH TO DATE    0.05                      0.47  -0.42     0.52
  SINCE OCT 1     62.42                     47.19  15.23    60.14
  SINCE JAN 1     34.32                     26.50   7.82    27.14

DEGREE DAYS
 HEATING
  YESTERDAY        3                         2      1        0
  MONTH TO DATE   32                        58    -26       53
  SINCE JUN 1    183                       246    -63      219
  SINCE JUL 1     32                        58    -26       53

 COOLING
  YESTERDAY        0                         2     -2        4
  MONTH TO DATE    5                        24    -19        4
  SINCE JUN 1     27                        35     -8       38
  SINCE JAN 1     37                        38     -1       39
..................................................................


WIND (MPH)
  RESULTANT WIND SPEED   6   RESULTANT WIND DIRECTION  SW (220)
  HIGHEST WIND SPEED    15   HIGHEST WIND DIRECTION    SW (230)
  HIGHEST GUST SPEED    26   HIGHEST GUST DIRECTION    SW (210)
  AVERAGE WIND SPEED     7.1


SKY COVER
  AVERAGE SKY COVER 0.6


WEATHER CONDITIONS
 THE FOLLOWING WEATHER WAS RECORDED YESTERDAY.
  LIGHT RAIN
  FOG


RELATIVE HUMIDITY (PERCENT)
 HIGHEST   100           600 AM
 LOWEST     49           300 PM
 AVERAGE    75

..........................................................


THE OLYMPIA WA AIRPORT CLIMATE NORMALS FOR TODAY
                         NORMAL    RECORD    YEAR
 MAXIMUM TEMPERATURE (F)   78       101      2006
 MINIMUM TEMPERATURE (F)   51        40      1966


SUNRISE AND SUNSET
JULY 21 2017..........SUNRISE   539 AM PDT   SUNSET   857 PM PDT
JULY 22 2017..........SUNRISE   540 AM PDT   SUNSET   856 PM PDT


-  INDICATES NEGATIVE NUMBERS.
R  INDICATES RECORD WAS SET OR TIED.
MM INDICATES DATA IS MISSING.
T  INDICATES TRACE AMOUNT.




$$
