083
CDUS43 KOAX 170639
CLIOMA


CLIMATE REPORT
NATIONAL WEATHER SERVICE OMAHA NEBRASKA
1237 AM CST WED JAN 17 2018


...................................

...THE OMAHA EPPLEY, NEBRASKA CLIMATE SUMMARY FOR JANUARY 16 2018...

CLIMATE NORMAL PERIOD 1981 TO 2010
CLIMATE RECORD PERIOD 1871 TO 2018


WEATHER ITEM   OBSERVED TIME   RECORD YEAR NORMAL DEPARTURE LAST
                VALUE   (LST)  VALUE       VALUE  FROM      YEAR
                                                  NORMAL
..................................................................
TEMPERATURE (F)
 YESTERDAY
  MAXIMUM         12    403 PM  61    1894  33    -21       35
  MINIMUM         -3    156 AM -21    1977  13    -16       32
  AVERAGE          5                        23    -18       34

PRECIPITATION (IN)
  YESTERDAY        T             0.55 1915   0.02  -0.02     0.38
  MONTH TO DATE    0.19                      0.35  -0.16     0.69
  SINCE DEC 1      0.61                      1.39  -0.78     2.16
  SINCE JAN 1      0.19                      0.35  -0.16     0.69

SNOWFALL (IN)
  YESTERDAY        T                         0.2   -0.2      0.0
  MONTH TO DATE    2.3                       3.1   -0.8      0.6
  SINCE JUL 1      5.9                      12.1   -6.2      3.8
  SNOW DEPTH       2

DEGREE DAYS
 HEATING
  YESTERDAY       60                        42     18       31
  MONTH TO DATE  775                       672    103      688
  SINCE DEC 1   1934                      1881     53     1861
  SINCE JUL 1   2994                      3151   -157     2612

 COOLING
  YESTERDAY        0                         0      0        0
  MONTH TO DATE    0                         0      0        0
  SINCE DEC 1      0                         0      0        0
  SINCE JAN 1      0                         0      0        0
..................................................................


WIND (MPH)
  HIGHEST WIND SPEED    23   HIGHEST WIND DIRECTION    NW (330)
  HIGHEST GUST SPEED    30   HIGHEST GUST DIRECTION    NW (330)
  AVERAGE WIND SPEED    10.8


SKY COVER
  POSSIBLE SUNSHINE  MM
  AVERAGE SKY COVER 0.5


WEATHER CONDITIONS
 THE FOLLOWING WEATHER WAS RECORDED YESTERDAY.
  LIGHT SNOW


RELATIVE HUMIDITY (PERCENT)
 HIGHEST    87          1100 PM
 LOWEST     29           300 PM
 AVERAGE    58

..........................................................


THE OMAHA EPPLEY, NEBRASKA CLIMATE NORMALS FOR TODAY
                         NORMAL    RECORD    YEAR
 MAXIMUM TEMPERATURE (F)   33        59      1989
 MINIMUM TEMPERATURE (F)   13       -16      1930


SUNRISE AND SUNSET
JANUARY 17 2018.......SUNRISE   746 AM CST   SUNSET   522 PM CST
JANUARY 18 2018.......SUNRISE   746 AM CST   SUNSET   523 PM CST


-  INDICATES NEGATIVE NUMBERS.
R  INDICATES RECORD WAS SET OR TIED.
MM INDICATES DATA IS MISSING.
T  INDICATES TRACE AMOUNT.




$$
