000
CDUS43 KOAX 230700
CLIOMA


CLIMATE REPORT
NATIONAL WEATHER SERVICE OMAHA NEBRASKA
159 AM CDT SAT SEP 23 2017


...................................

...THE OMAHA EPPLEY, NEBRASKA CLIMATE SUMMARY FOR SEPTEMBER 22 2017...

CLIMATE NORMAL PERIOD 1981 TO 2010
CLIMATE RECORD PERIOD 1871 TO 2017


WEATHER ITEM   OBSERVED TIME   RECORD YEAR NORMAL DEPARTURE LAST
                VALUE   (LST)  VALUE       VALUE  FROM      YEAR
                                                  NORMAL
..................................................................
TEMPERATURE (F)
 YESTERDAY
  MAXIMUM         95    306 PM  99    1937  75     20       91
  MINIMUM         77    711 AM  31    1995  51     26       73
  AVERAGE         86                        63     23       82

PRECIPITATION (IN)
  YESTERDAY        0.00          1.82 1926   0.07  -0.07     0.01
  MONTH TO DATE    1.31                      2.03  -0.72     3.13
  SINCE SEP 1      1.31                      2.03  -0.72     3.13
  SINCE JAN 1     20.28                     25.14  -4.86    29.45

SNOWFALL (IN)
  YESTERDAY        0.0                       0.0    0.0      0.0
  MONTH TO DATE    0.0                       0.0    0.0      0.0
  SINCE JUL 1      0.0                       0.0    0.0       T
  SNOW DEPTH       0

DEGREE DAYS
 HEATING
  YESTERDAY        0                         4     -4        0
  MONTH TO DATE   14                        48    -34        6
  SINCE SEP 1     14                        48    -34        6
  SINCE JUL 1     14                        56    -42        6

 COOLING
  YESTERDAY       21                         2     19       17
  MONTH TO DATE  170                       102     68      179
  SINCE SEP 1    170                       102     68      179
  SINCE JAN 1   1299                      1082    217     1426
..................................................................


WIND (MPH)
  HIGHEST WIND SPEED    30   HIGHEST WIND DIRECTION     S (160)
  HIGHEST GUST SPEED    36   HIGHEST GUST DIRECTION     S (160)
  AVERAGE WIND SPEED    19.5


SKY COVER
  POSSIBLE SUNSHINE  MM
  AVERAGE SKY COVER 0.4


WEATHER CONDITIONS
 THE FOLLOWING WEATHER WAS RECORDED YESTERDAY.
  NO SIGNIFICANT WEATHER WAS OBSERVED.


RELATIVE HUMIDITY (PERCENT)
 HIGHEST    79           300 AM
 LOWEST     43           200 PM
 AVERAGE    61

..........................................................


THE OMAHA EPPLEY, NEBRASKA CLIMATE NORMALS FOR TODAY
                         NORMAL    RECORD    YEAR
 MAXIMUM TEMPERATURE (F)   75        96      1892
 MINIMUM TEMPERATURE (F)   51        32      1989


SUNRISE AND SUNSET
SEPTEMBER 23 2017.....SUNRISE   712 AM CDT   SUNSET   719 PM CDT
SEPTEMBER 24 2017.....SUNRISE   713 AM CDT   SUNSET   717 PM CDT


-  INDICATES NEGATIVE NUMBERS.
R  INDICATES RECORD WAS SET OR TIED.
MM INDICATES DATA IS MISSING.
T  INDICATES TRACE AMOUNT.




$$
