000
CDUS43 KOAX 072130
CLIOMA


CLIMATE REPORT
NATIONAL WEATHER SERVICE OMAHA NEBRASKA
429 PM CDT TUE JUL 7 2015


...................................

...THE OMAHA EPPLEY, NEBRASKA CLIMATE SUMMARY FOR JULY 7 2015...
VALID TODAY AS OF 0400 PM LOCAL TIME.

CLIMATE NORMAL PERIOD 1981 TO 2010
CLIMATE RECORD PERIOD 1871 TO 2015


WEATHER ITEM   OBSERVED TIME   RECORD YEAR NORMAL DEPARTURE LAST
                VALUE   (LST)  VALUE       VALUE  FROM      YEAR
                                                  NORMAL
..................................................................
TEMPERATURE (F)
 TODAY
  MAXIMUM         74    259 PM 102    1890  87    -13       90
  MINIMUM         54    512 AM  52    1908  66    -12       68
  AVERAGE         64                        77    -13       79

PRECIPITATION (IN)
  TODAY            0.00          3.45 1933   0.12  -0.12     0.32
  MONTH TO DATE    0.83                      0.86  -0.03     1.72
  SINCE JUN 1      5.44                      5.04   0.40    12.24
  SINCE JAN 1     16.13                     16.32  -0.19    19.06

SNOWFALL (IN)
  TODAY            0.0                       0.0    0.0      0.0
  MONTH TO DATE    0.0                       0.0    0.0      0.0
  SINCE JUL 1      0.0                       0.0    0.0      0.0
  SNOW DEPTH       0

DEGREE DAYS
 HEATING
  TODAY            1                         0      1        0
  MONTH TO DATE    1                         0      1        1
  SINCE JUN 1      1                        17    -16        7
  SINCE JUL 1      1                         0      1        1

 COOLING
  TODAY            0                        12    -12       14
  MONTH TO DATE   45                        80    -35       59
  SINCE JUN 1    307                       310     -3      326
  SINCE JAN 1    353                       392    -39      469
..................................................................


WIND (MPH)
  HIGHEST WIND SPEED    21   HIGHEST WIND DIRECTION     N (020)
  HIGHEST GUST SPEED    26   HIGHEST GUST DIRECTION     N (020)
  AVERAGE WIND SPEED    10.9


SKY COVER
  POSSIBLE SUNSHINE  MM
  AVERAGE SKY COVER 0.3


WEATHER CONDITIONS
 THE FOLLOWING WEATHER WAS RECORDED TODAY.
  HAZE


RELATIVE HUMIDITY (PERCENT)
 HIGHEST    93           500 AM
 LOWEST     46           300 PM
 AVERAGE    70

..........................................................


THE OMAHA EPPLEY, NEBRASKA CLIMATE NORMALS FOR TOMORROW
                         NORMAL    RECORD    YEAR
 MAXIMUM TEMPERATURE (F)   88       102      1974
                                             1930
                                             1874
 MINIMUM TEMPERATURE (F)   66        51      1891


SUNRISE AND SUNSET
JULY  7 2015..........SUNRISE   558 AM CDT   SUNSET   859 PM CDT
JULY  8 2015..........SUNRISE   558 AM CDT   SUNSET   859 PM CDT


-  INDICATES NEGATIVE NUMBERS.
R  INDICATES RECORD WAS SET OR TIED.
MM INDICATES DATA IS MISSING.
T  INDICATES TRACE AMOUNT.




$$
