000
CDUS43 KOAX 270629
CLIOMA


CLIMATE REPORT
NATIONAL WEATHER SERVICE OMAHA NEBRASKA
1226 AM CST THU NOV 27 2014


...................................

...THE OMAHA EPPLEY, NEBRASKA CLIMATE SUMMARY FOR NOVEMBER 26 2014...

CLIMATE NORMAL PERIOD 1981 TO 2010
CLIMATE RECORD PERIOD 1871 TO 2014


WEATHER ITEM   OBSERVED TIME   RECORD YEAR NORMAL DEPARTURE LAST
                VALUE   (LST)  VALUE       VALUE  FROM      YEAR
                                                  NORMAL
..................................................................
TEMPERATURE (F)
 YESTERDAY
  MAXIMUM         40   1211 AM  67    1914  43     -3       33
  MINIMUM         21   1159 PM   1    1898  24     -3       16
                                      1871
  AVERAGE         31                        33     -2       25

PRECIPITATION (IN)
  YESTERDAY        0.02          1.59 1896   0.05  -0.03     0.00
  MONTH TO DATE    0.22                      1.46  -1.24     1.06
  SINCE SEP 1      8.81                      6.29   2.52     7.56
  SINCE JAN 1     37.46                     29.40   8.06    28.80

SNOWFALL (IN)
  YESTERDAY        0.0                       0.2   -0.2      0.0
  MONTH TO DATE    2.4                       1.9    0.5      0.4
  SINCE JUL 1      2.4                       2.2    0.2      0.4
  SNOW DEPTH       0

DEGREE DAYS
 HEATING
  YESTERDAY       34                        32      2       40
  MONTH TO DATE  792                       653    139      681
  SINCE SEP 1   1166                      1130     36     1083
  SINCE JUL 1   1170                      1138     32     1088

 COOLING
  YESTERDAY        0                         0      0        0
  MONTH TO DATE    0                         0      0        0
  SINCE SEP 1    126                       132     -6      228
  SINCE JAN 1   1149                      1112     37     1294
..................................................................


WIND (MPH)
  HIGHEST WIND SPEED    36   HIGHEST WIND DIRECTION    NW (330)
  HIGHEST GUST SPEED    44   HIGHEST GUST DIRECTION    NW (330)
  AVERAGE WIND SPEED    19.9


SKY COVER
  POSSIBLE SUNSHINE  MM
  AVERAGE SKY COVER 1.0


WEATHER CONDITIONS
 THE FOLLOWING WEATHER WAS RECORDED YESTERDAY.
  LIGHT RAIN
  SNOW
  LIGHT SNOW
  FOG


RELATIVE HUMIDITY (PERCENT)
 HIGHEST    85           100 AM
 LOWEST     69           400 PM
 AVERAGE    77

..........................................................


THE OMAHA EPPLEY, NEBRASKA CLIMATE NORMALS FOR TODAY
                         NORMAL    RECORD    YEAR
 MAXIMUM TEMPERATURE (F)   42        67      1998
 MINIMUM TEMPERATURE (F)   23       -14      1887


SUNRISE AND SUNSET
NOVEMBER 27 2014......SUNRISE   726 AM CST   SUNSET   457 PM CST
NOVEMBER 28 2014......SUNRISE   727 AM CST   SUNSET   456 PM CST


-  INDICATES NEGATIVE NUMBERS.
R  INDICATES RECORD WAS SET OR TIED.
MM INDICATES DATA IS MISSING.
T  INDICATES TRACE AMOUNT.


$$

BCM
