000
CDUS43 KOAX 220620
CLIOMA


CLIMATE REPORT
NATIONAL WEATHER SERVICE OMAHA NEBRASKA
119 AM CDT TUE JUL 22 2014


...................................

...THE OMAHA EPPLEY, NEBRASKA CLIMATE SUMMARY FOR JULY 21 2014...

CLIMATE NORMAL PERIOD 1981 TO 2010
CLIMATE RECORD PERIOD 1871 TO 2014


WEATHER ITEM   OBSERVED TIME   RECORD YEAR NORMAL DEPARTURE LAST
                VALUE   (LST)  VALUE       VALUE  FROM      YEAR
                                                  NORMAL
..................................................................
TEMPERATURE (F)
 YESTERDAY
  MAXIMUM         97    438 PM 110    1974  87     10       89
  MINIMUM         74    606 AM  53    2000  67      7       70
                                      1970
  AVERAGE         86                        77      9       80

PRECIPITATION (IN)
  YESTERDAY        0.00          2.40 1977   0.11  -0.11      T
  MONTH TO DATE    1.72                      2.59  -0.87     0.35
  SINCE JUN 1     12.24                      6.77   5.47     5.09
  SINCE JAN 1     19.06                     18.05   1.01    19.43

SNOWFALL (IN)
  YESTERDAY        0.0                       0.0    0.0      0.0
  MONTH TO DATE    0.0                       0.0    0.0      0.0
  SINCE JUL 1      0.0                       0.0    0.0      0.0
  SNOW DEPTH       0

DEGREE DAYS
 HEATING
  YESTERDAY        0                         0      0        0
  MONTH TO DATE    4                         0      4        0
  SINCE JUN 1     10                        17     -7       16
  SINCE JUL 1      4                         0      4        0

 COOLING
  YESTERDAY       21                        12      9       15
  MONTH TO DATE  183                       248    -65      296
  SINCE JUN 1    450                       478    -28      531
  SINCE JAN 1    593                       560     33      627
..................................................................


WIND (MPH)
  HIGHEST WIND SPEED    23   HIGHEST WIND DIRECTION     S (190)
  HIGHEST GUST SPEED    28   HIGHEST GUST DIRECTION     S (190)
  AVERAGE WIND SPEED    15.5


SKY COVER
  POSSIBLE SUNSHINE  MM
  AVERAGE SKY COVER 0.5


WEATHER CONDITIONS
 THE FOLLOWING WEATHER WAS RECORDED YESTERDAY.
  NO SIGNIFICANT WEATHER WAS OBSERVED.


RELATIVE HUMIDITY (PERCENT)
 HIGHEST    84           600 AM
 LOWEST     48           400 PM
 AVERAGE    66

..........................................................


THE OMAHA EPPLEY, NEBRASKA CLIMATE NORMALS FOR TODAY
                         NORMAL    RECORD    YEAR
 MAXIMUM TEMPERATURE (F)   87       105      2012
 MINIMUM TEMPERATURE (F)   67        53      1970


SUNRISE AND SUNSET
JULY 22 2014..........SUNRISE   609 AM CDT   SUNSET   850 PM CDT
JULY 23 2014..........SUNRISE   610 AM CDT   SUNSET   849 PM CDT


-  INDICATES NEGATIVE NUMBERS.
R  INDICATES RECORD WAS SET OR TIED.
MM INDICATES DATA IS MISSING.
T  INDICATES TRACE AMOUNT.




$$
