931
CDUS43 KOAX 070658
CLIOMA


CLIMATE REPORT
NATIONAL WEATHER SERVICE OMAHA NEBRASKA
1257 AM CST SUN FEB 7 2016


...................................

...THE OMAHA EPPLEY, NEBRASKA CLIMATE SUMMARY FOR FEBRUARY 6 2016...

CLIMATE NORMAL PERIOD 1981 TO 2010
CLIMATE RECORD PERIOD 1871 TO 2016


WEATHER ITEM   OBSERVED TIME   RECORD YEAR NORMAL DEPARTURE LAST
                VALUE   (LST)  VALUE       VALUE  FROM      YEAR
                                                  NORMAL
..................................................................
TEMPERATURE (F)
 YESTERDAY
  MAXIMUM         41    513 PM  62    2009  35      6       39
  MINIMUM         20    806 AM -14    1893  16      4       17
  AVERAGE         31                        26      5       28

PRECIPITATION (IN)
  YESTERDAY        0.00          1.64 1881   0.02  -0.02     0.00
  MONTH TO DATE    0.48                      0.16   0.32     0.39
  SINCE DEC 1      6.85                      1.92   4.93     2.76
  SINCE JAN 1      1.59                      0.88   0.71     1.08

SNOWFALL (IN)
  YESTERDAY        0.0                       0.2   -0.2      0.0
  MONTH TO DATE    5.5                       1.4    4.1      5.9
  SINCE JUL 1     26.6                      16.5   10.1     13.1
  SNOW DEPTH       2

DEGREE DAYS
 HEATING
  YESTERDAY       34                        39     -5       37
  MONTH TO DATE  226                       239    -13      299
  SINCE DEC 1   2428                      2734   -306     2477
  SINCE JUL 1   3306                      4004   -698     3778

 COOLING
  YESTERDAY        0                         0      0        0
  MONTH TO DATE    0                         0      0        0
  SINCE DEC 1      0                         0      0        0
  SINCE JAN 1      0                         0      0        0
..................................................................


WIND (MPH)
  HIGHEST WIND SPEED    20   HIGHEST WIND DIRECTION     S (200)
  HIGHEST GUST SPEED    26   HIGHEST GUST DIRECTION     S (200)
  AVERAGE WIND SPEED     8.8


SKY COVER
  POSSIBLE SUNSHINE  MM
  AVERAGE SKY COVER 0.6


WEATHER CONDITIONS
 THE FOLLOWING WEATHER WAS RECORDED YESTERDAY.
  FOG
  FOG W/VISIBILITY <= 1/4 MILE


RELATIVE HUMIDITY (PERCENT)
 HIGHEST   100          1200 AM
 LOWEST     55           300 PM
 AVERAGE    78

..........................................................


THE OMAHA EPPLEY, NEBRASKA CLIMATE NORMALS FOR TODAY
                         NORMAL    RECORD    YEAR
 MAXIMUM TEMPERATURE (F)   36        70      1987
 MINIMUM TEMPERATURE (F)   16       -20      1895


SUNRISE AND SUNSET
FEBRUARY  7 2016......SUNRISE   729 AM CST   SUNSET   547 PM CST
FEBRUARY  8 2016......SUNRISE   728 AM CST   SUNSET   548 PM CST


-  INDICATES NEGATIVE NUMBERS.
R  INDICATES RECORD WAS SET OR TIED.
MM INDICATES DATA IS MISSING.
T  INDICATES TRACE AMOUNT.




$$
