000
CDUS43 KOAX 010630
CLIOMA


CLIMATE REPORT
NATIONAL WEATHER SERVICE OMAHA NEBRASKA
127 AM CDT SUN MAY 1 2016


...................................

...THE OMAHA EPPLEY, NEBRASKA CLIMATE SUMMARY FOR APRIL 30 2016...

CLIMATE NORMAL PERIOD 1981 TO 2010
CLIMATE RECORD PERIOD 1871 TO 2016


WEATHER ITEM   OBSERVED TIME   RECORD YEAR NORMAL DEPARTURE LAST
                VALUE   (LST)  VALUE       VALUE  FROM      YEAR
                                                  NORMAL
..................................................................
TEMPERATURE (F)
 YESTERDAY
  MAXIMUM         51    441 PM  93    1965  69    -18       76
  MINIMUM         46    811 AM  27    1907  46      0       38
                                      1903
  AVERAGE         49                        57     -8       57

PRECIPITATION (IN)
  YESTERDAY        1.08          1.59 1906   0.12   0.96     0.00
  MONTH TO DATE    5.40                      2.96   2.44     3.67
  SINCE MAR 1      6.43                      4.95   1.48     4.21
  SINCE JAN 1      8.15                      6.52   1.63     5.35

SNOWFALL (IN)
  YESTERDAY        0.0                       0.0    0.0      0.0
  MONTH TO DATE    T                         1.0   -1.0       T
  SINCE JUL 1     27.4                      26.4    1.0     13.8
  SNOW DEPTH       0

DEGREE DAYS
 HEATING
  YESTERDAY       16                         9      7        8
  MONTH TO DATE  303                       412   -109      319
  SINCE MAR 1    840                      1204   -364      971
  SINCE JUL 1   4806                      6002  -1196     5682

 COOLING
  YESTERDAY        0                         1     -1        0
  MONTH TO DATE   11                        15     -4        5
  SINCE MAR 1     13                        16     -3        5
  SINCE JAN 1     13                        16     -3        5
..................................................................


WIND (MPH)
  HIGHEST WIND SPEED    23   HIGHEST WIND DIRECTION     E (70)
  HIGHEST GUST SPEED    32   HIGHEST GUST DIRECTION     E (70)
  AVERAGE WIND SPEED    10.1


SKY COVER
  POSSIBLE SUNSHINE  MM
  AVERAGE SKY COVER 1.0


WEATHER CONDITIONS
 THE FOLLOWING WEATHER WAS RECORDED YESTERDAY.
  HEAVY RAIN
  RAIN
  LIGHT RAIN
  FOG


RELATIVE HUMIDITY (PERCENT)
 HIGHEST    93           300 AM
 LOWEST     86          1200 AM
 AVERAGE    90

..........................................................


THE OMAHA EPPLEY, NEBRASKA CLIMATE NORMALS FOR TODAY
                         NORMAL    RECORD    YEAR
 MAXIMUM TEMPERATURE (F)   69        93      1965
                                             1959
                                             1887
 MINIMUM TEMPERATURE (F)   46        25      1909


SUNRISE AND SUNSET
MAY  1 2016...........SUNRISE   620 AM CDT   SUNSET   822 PM CDT
MAY  2 2016...........SUNRISE   619 AM CDT   SUNSET   823 PM CDT


-  INDICATES NEGATIVE NUMBERS.
R  INDICATES RECORD WAS SET OR TIED.
MM INDICATES DATA IS MISSING.
T  INDICATES TRACE AMOUNT.




$$
