250
CDAK49 PAFG 190046
CLIOME

CLIMATE REPORT
NATIONAL WEATHER SERVICE FAIRBANKS AK
346 PM AKST SUN FEB 18 2018


...................................

...THE NOME AK CLIMATE SUMMARY FOR FEBRUARY 18 2018...
VALID TODAY AS OF 0300 PM LOCAL TIME.

CLIMATE NORMAL PERIOD 1981 TO 2010
CLIMATE RECORD PERIOD 1906 TO 2018


WEATHER ITEM   OBSERVED TIME   RECORD YEAR NORMAL DEPARTURE LAST
                VALUE   (LST)  VALUE       VALUE  FROM      YEAR
                                                  NORMAL
..................................................................
TEMPERATURE (F)
 TODAY
  MAXIMUM         31    259 PM  39    1934  16     15      -10
  MINIMUM         29    841 AM -36    1984   0     29      -24
  AVERAGE         30                         8     22      -17

PRECIPITATION (IN)
  TODAY            0.13          0.49 1944   0.04   0.09      T
  MONTH TO DATE    1.10                      0.61   0.49      T
  SINCE DEC 1      3.12                      2.63   0.49     1.79
  SINCE JAN 1      1.56                      1.55   0.01     0.72

SNOWFALL (IN)
  TODAY            1.3           8.2  2009   0.4    0.9       T
  MONTH TO DATE   14.9                       7.7    7.2      0.1
  SINCE DEC 1     39.4                      34.9    4.5     26.5
  SINCE JUL 1     71.0                      52.2   18.8     35.1
  SNOW DEPTH      37

DEGREE DAYS
 HEATING
  TODAY           35                        57    -22       82
  MONTH TO DATE  818                      1048   -230     1144
  SINCE DEC 1   3910                      4623   -713     4573
  SINCE JUL 1   7698                      8716  -1018     8188

 COOLING
  TODAY            0                         0      0        0
  MONTH TO DATE    0                         0      0        0
  SINCE DEC 1      0                         0      0        0
  SINCE JAN 1      0                         0      0        0
..................................................................


WIND (MPH)
  HIGHEST GUST SPEED    41   HIGHEST GUST DIRECTION    SE (120)


SKY COVER
  AVERAGE SKY COVER 1.0


WEATHER CONDITIONS
 THE FOLLOWING WEATHER WAS RECORDED TODAY.
  SNOW
  LIGHT SNOW
  FOG


RELATIVE HUMIDITY (PERCENT)
 HIGHEST   100
 LOWEST     78
 AVERAGE    89

..........................................................


THE NOME AK CLIMATE NORMALS FOR TOMORROW
                         NORMAL    RECORD    YEAR
 MAXIMUM TEMPERATURE (F)   16        45      1934
 MINIMUM TEMPERATURE (F)    0       -39      1971


SUNRISE AND SUNSET
FEBRUARY 18 2018......SUNRISE   948 AM AKST  SUNSET   645 PM AKST
FEBRUARY 19 2018......SUNRISE   945 AM AKST  SUNSET   649 PM AKST

-  INDICATES NEGATIVE NUMBERS.
R  INDICATES RECORD WAS SET OR TIED.
MM INDICATES DATA IS MISSING.
T  INDICATES TRACE AMOUNT.

&&

SNOW DEPTH IS MEASURED AT 3AM AKST/4AM AKDT.

----------------------------
AVAILABLE DAYLIGHT

AMOUNT OF DAYLIGHT TODAY  (HOUR:MIN)........8:57
GAIN/LOSS SINCE YESTERDAY (HOUR:MIN:SEC)....+0:06:42

NOME TIDAL INFORMATION FOR 19 FEBRUARY 2018
0012  +0.9
0626  +1.4
1246  +0.3
1940  +1.4

$$
FEB 18
