000
CDAK49 PAOM 220900
CLIOME

CLIMATE REPORT
NATIONAL WEATHER SERVICE NOME, AK
1200 AM AKST MON DEC 22 2014

...................................
...THE NOME WSO AP CLIMATE SUMMARY FOR DECEMBER 21 2014...

CLIMATE NORMAL PERIOD  1981 TO  2010
CLIMATE RECORD PERIOD  1906 TO  2014

WEATHER ITEM   OBSERVED TIME    RECORD YEAR NORMAL DEPARTURE LAST
               VALUE    (LST)   VALUE       VALUE  FROM      YEAR
                                                   NORMAL
...................................................................
TEMPERATURE
YESTERDAY
 MAXIMUM            11  1027 AM    40  1985     16      -5     20
 MINIMUM             4  1154 PM   -34  1966      1       3      8
 AVERAGE             8                           9      -1     14

PRECIPITATION
(INCHES)
 YESTERDAY        0.00           0.38  1944   0.04   -0.04   0.04
 MONTH TO DATE    0.25                        0.73   -0.48   1.97
 SINCE DEC 1      0.25                        0.73   -0.48   1.97
 SINCE JAN 1     13.92                       16.46   -2.54  22.29

SNOWFALL
(INCHES)
 YESTERDAY         0.0            3.1  1935    0.5    -0.5    1.3
 MONTH TO DATE     2.9                         9.7    -6.8   17.5
 SINCE DEC 1       2.9                         9.7    -6.8   17.5
 SINCE JUL 1      20.5                        27.0    -6.5   32.1
 SNOW DEPTH (IN)    11                                         14

DEGREE DAYS
 HEATING
  YESTERDAY         57                          56       1     51
  MONTH TO DATE   1003                        1145    -142    952
  SINCE DEC 1     1003                        1145    -142    952
  SINCE JUL 1     4548                        5243    -695   4754

 COOLING
  YESTERDAY          0                           0       0      0
  MONTH TO DATE      0                           0       0      0
  SINCE DEC 1        0                           0       0      0
  SINCE JAN 1        3                           0       3      7
...................................................................

WIND (MPH)
 HIGHEST WIND SPEED    22     HIGHEST WIND DIRECTION    360
 HIGHEST GUST SPEED    26     HIGHEST GUST DIRECTION    360
 AVERAGE WIND SPEED  12.2

SKY COVER
  POSSIBLE SUNSHINE    MM          AVERAGE SKY COVER     MM

WEATHER CONDITIONS
 THE FOLLOWING WEATHER WAS RECORDED YESTERDAY.
  NO SIGNIFICANT WEATHER WAS OBSERVED.

RELATIVE HUMIDITY
 HIGHEST RH     MM PERCENT       MM
 LOWEST  RH     MM PERCENT       MM
 AVERAGE RH     MM PERCENT       MM
...................................................................

THE NOME CLIMATE NORMALS FOR TODAY
                           NORMAL    RECORD   YEAR
 MAXIMUM TEMPERATURE (F)     16        39     1985
 MINIMUM TEMPERATURE (F)      1       -32     1994

SUNRISE AND SUNSET
 DEC 22 2014..........SUNRISE 12:04 PM      SUNSET  3:58 PM
 DEC 23 2014..........SUNRISE 12:04 PM      SUNSET  3:59 PM

-  INDICATES NEGATIVE NUMBERS.
R  INDICATES RECORD HAS BEEN SET OR TIED.
MM INDICATES DATA IS MISSING.
T  INDICATES TRACE OF PRECIPITATION.

&&
-------------------------------------------------------------------

AMOUNT OF DAYLIGHT TODAY  (HOUR:MIN)........3 HOURS 54 MINUTES
GAIN/LOSS SINCE YESTERDAY (HOUR:MIN:SEC)....+0:00:09

TIDES FOR MONDAY DECEMBER 22 2014

 3:07 AM HIGH 1.3 FT
10:42 AM LOW  0.0 FT
 5:41 PM HIGH 1.2 FT
10:27 PM LOW  0.8 FT

$$
RCT DEC 14
