000
CDAK49 PAOM 010908
CLIOME

CLIMATE REPORT
NATIONAL WEATHER SERVICE NOME, AK
108 AM AKDT TUE SEP 1 2015

...................................
...THE NOME WSO AP CLIMATE SUMMARY FOR AUGUST 31 2015...

CLIMATE NORMAL PERIOD  1981 TO  2010
CLIMATE RECORD PERIOD  1906 TO  2015

WEATHER ITEM   OBSERVED TIME    RECORD YEAR NORMAL DEPARTURE LAST
               VALUE    (LST)   VALUE       VALUE  FROM      YEAR
                                                   NORMAL
...................................................................
TEMPERATURE
YESTERDAY
 MAXIMUM            49  0841 PM    66  1978     54      -5     52
 MINIMUM            29  0718 AM    26  1919     42     -13     38
 AVERAGE            39                          48      -9     45

PRECIPITATION
(INCHES)
 YESTERDAY        0.00           0.94  1927   0.09   -0.09   0.29
 MONTH TO DATE    3.70                        3.22    0.48   1.71
 SINCE JUN 1      5.80                        6.31   -0.51   4.55
 SINCE JAN 1     10.24                       10.45   -0.21   9.02

SNOWFALL
(INCHES)
 YESTERDAY         0.0              T  1980    0.0     0.0    0.0
 MONTH TO DATE     0.0                         0.0     0.0    0.0
 SINCE JUN 1       0.0                         0.3    -0.3    0.0
 SINCE JUL 1       0.0                         0.0     0.0    0.0
 SNOW DEPTH (IN)     0                                          0

DEGREE DAYS
 HEATING
  YESTERDAY         26                          17       9     20
  MONTH TO DATE    502                         464      38    280
  SINCE JUN 1     1334                        1380     -46   1271
  SINCE JUL 1      809                         864     -55    703

 COOLING
  YESTERDAY          0                           0       0      0
  MONTH TO DATE      0                           0       0      1
  SINCE JUN 1        5                           0       5      3
  SINCE JAN 1        5                           0       5      3
...................................................................

WIND (MPH)
 HIGHEST WIND SPEED     9     HIGHEST WIND DIRECTION    200
 HIGHEST GUST SPEED    12     HIGHEST GUST DIRECTION    200
 AVERAGE WIND SPEED   3.5

SKY COVER
  POSSIBLE SUNSHINE    MM          AVERAGE SKY COVER     MM

WEATHER CONDITIONS
 THE FOLLOWING WEATHER WAS RECORDED YESTERDAY.
  NO SIGNIFICANT WEATHER WAS OBSERVED.

RELATIVE HUMIDITY
 HIGHEST RH     MM PERCENT       MM
 LOWEST  RH     MM PERCENT       MM
 AVERAGE RH     MM PERCENT       MM
...................................................................

THE NOME CLIMATE NORMALS FOR TODAY
                           NORMAL    RECORD   YEAR
 MAXIMUM TEMPERATURE (F)     54        66     2008
 MINIMUM TEMPERATURE (F)     42        26     1983

SUNRISE AND SUNSET
 SEP 1 2015..........SUNRISE  7:43 AM      SUNSET 10:19 PM
 SEP 2 2015..........SUNRISE  7:46 AM      SUNSET 10:15 PM

-  INDICATES NEGATIVE NUMBERS.
R  INDICATES RECORD HAS BEEN SET OR TIED.
MM INDICATES DATA IS MISSING.
T  INDICATES TRACE OF PRECIPITATION.

&&
-------------------------------------------------------------------

AMOUNT OF DAYLIGHT TODAY  (HOUR:MIN)........14 HOURS 36 MINUTES
GAIN/LOSS SINCE YESTERDAY (HOUR:MIN:SEC)....-0:06:37

TIDE INFORMATION FOR TUESDAY SEPTEMBER 1 2015
12:59 AM LOW -0.1 FT
 7:35 AM HIGH 1.5 FT
 1:24 PM LOW  0.4 FT
 7:27 PM HIGH 1.5 FT

$$
RWM SEP 15
