000
CDAK49 PAOM 301200
CLIOME

CLIMATE REPORT
NATIONAL WEATHER SERVICE NOME, AK
4 AM AKDT SAT APR 30 2016

...................................
...THE NOME WSO AP CLIMATE SUMMARY FOR APRIL 29 2016...

CLIMATE NORMAL PERIOD  1981 TO  2010
CLIMATE RECORD PERIOD  1906 TO  2016

WEATHER ITEM   OBSERVED TIME    RECORD YEAR NORMAL DEPARTURE LAST
               VALUE    (LST)   VALUE       VALUE  FROM      YEAR
                                                   NORMAL
...................................................................
TEMPERATURE
YESTERDAY
 MAXIMUM            46  0708 PM    48  1941     35      11     43
 MINIMUM            35  0642 AM    -7  1982     22      13     27
 AVERAGE            41                          28      13     35

PRECIPITATION
(INCHES)
 YESTERDAY        0.00           0.49  1995   0.03   -0.03   0.00
 MONTH TO DATE    0.80                        0.73    0.07   0.61
 SINCE MAR 1      0.84                        1.38   -0.54   1.31
 SINCE JAN 1      1.87                        3.25   -1.38   2.95

SNOWFALL
(INCHES)
 YESTERDAY         0.0            4.5  1999    0.2    -0.2    0.0
 MONTH TO DATE     6.1                         7.3    -1.2    7.6
 SINCE MAR 1       6.6                        16.2    -9.6   16.4
 SINCE JUL 1      48.9                        72.9   -24.0   59.7
 SNOW DEPTH (IN)     0                                          3

DEGREE DAYS
 HEATING
  YESTERDAY         24                          37     -13     30
  MONTH TO DATE    887                        1299    -412   1267
  SINCE MAR 1     2533                        2995    -462   3074
  SINCE JUL 1    10770                       12277   -1507  11252

 COOLING
  YESTERDAY          0                           0       0      0
  MONTH TO DATE      0                           0       0      0
  SINCE MAR 1        0                           0       0      0
  SINCE JAN 1        0                           0       0      0
...................................................................

WIND (MPH)
 HIGHEST WIND SPEED    10     HIGHEST WIND DIRECTION    230
 HIGHEST GUST SPEED    11     HIGHEST GUST DIRECTION    220
 AVERAGE WIND SPEED   4.6

SKY COVER
  POSSIBLE SUNSHINE    MM          AVERAGE SKY COVER     MM

WEATHER CONDITIONS
 THE FOLLOWING WEATHER WAS RECORDED YESTERDAY.
  NO SIGNIFICANT WEATHER WAS OBSERVED.

RELATIVE HUMIDITY
 HIGHEST RH     MM PERCENT       MM
 LOWEST  RH     MM PERCENT       MM
 AVERAGE RH     MM PERCENT       MM
...................................................................

THE NOME CLIMATE NORMALS FOR TODAY
                           NORMAL    RECORD   YEAR
 MAXIMUM TEMPERATURE (F)     35        51     1953
 MINIMUM TEMPERATURE (F)     23       -10     1964

SUNRISE AND SUNSET
 APR 30 2016..........SUNRISE  6:32 AM      SUNSET 11:29 PM
 MAY 1 2016..........SUNRISE  6:29 AM      SUNSET 11:32 PM

-  INDICATES NEGATIVE NUMBERS.
R  INDICATES RECORD HAS BEEN SET OR TIED.
MM INDICATES DATA IS MISSING.
T  INDICATES TRACE OF PRECIPITATION.

&&
-------------------------------------------------------------------

AMOUNT OF DAYLIGHT TODAY  (HOUR:MIN)........16 HOURS 57 MINUTES
GAIN/LOSS SINCE YESTERDAY (HOUR:MIN:SEC)....+0:06:50

NOME TIDAL INFORMATION FOR 30 APRIL 2016
0531  -0.1
1246  +0.9
1806  +0.6
2100  +0.6

$$

CKC APR 16
