420
CDAK49 PAFG 270101
CLIOME

CLIMATE REPORT
NATIONAL WEATHER SERVICE FAIRBANKS AK
501 PM AKDT WED JUL 26 2017


...................................

...THE NOME AK CLIMATE SUMMARY FOR JULY 26 2017...
VALID TODAY AS OF 0400 PM LOCAL TIME.

CLIMATE NORMAL PERIOD 1981 TO 2010
CLIMATE RECORD PERIOD 1906 TO 2017


WEATHER ITEM   OBSERVED TIME   RECORD YEAR NORMAL DEPARTURE LAST
                VALUE   (LST)  VALUE       VALUE  FROM      YEAR
                                                  NORMAL
..................................................................
TEMPERATURE (F)
 TODAY
  MAXIMUM         65    217 PM  78    1926  58      7       58
  MINIMUM         52    338 AM  35    1929  46      6       47
                                      1917
  AVERAGE         59                        52      7       53

PRECIPITATION (IN)
  TODAY            0.01          1.34 1956   0.08  -0.07     0.00
  MONTH TO DATE    3.30                      1.64   1.66     2.20
  SINCE JUN 1      4.48                      2.62   1.86     2.54
  SINCE JAN 1      7.33                      6.76   0.57     5.63

SNOWFALL (IN)
  TODAY            0.0           0.0    MM   0.0    0.0      0.0
  MONTH TO DATE    0.0                       0.0    0.0      0.0
  SINCE JUN 1      0.0                       0.3   -0.3      0.0
  SINCE JUL 1      0.0                       0.0    0.0      0.0
  SNOW DEPTH       0

DEGREE DAYS
 HEATING
  TODAY            6                        13     -7       12
  MONTH TO DATE  296                       335    -39      300
  SINCE JUN 1    661                       852   -191      747
  SINCE JUL 1    296                       335    -39      300

 COOLING
  TODAY            0                         0      0        0
  MONTH TO DATE    0                         0      0        0
  SINCE JUN 1      4                         1      3        0
  SINCE JAN 1      4                         1      3        0
..................................................................


WIND (MPH)
  HIGHEST GUST SPEED    21   HIGHEST GUST DIRECTION    NW (330)


SKY COVER
  AVERAGE SKY COVER 0.6


WEATHER CONDITIONS
 THE FOLLOWING WEATHER WAS RECORDED TODAY.
  LIGHT RAIN


RELATIVE HUMIDITY (PERCENT)
 HIGHEST   100
 LOWEST     63
 AVERAGE    82

..........................................................


THE NOME AK CLIMATE NORMALS FOR TOMORROW
                         NORMAL    RECORD    YEAR
 MAXIMUM TEMPERATURE (F)   58        80      1968
 MINIMUM TEMPERATURE (F)   46        32      2008


SUNRISE AND SUNSET
JULY 26 2017..........SUNRISE   547 AM AKDT  SUNSET  1228 AM AKDT
JULY 27 2017..........SUNRISE   550 AM AKDT  SUNSET  1225 AM AKDT

-  INDICATES NEGATIVE NUMBERS.
R  INDICATES RECORD WAS SET OR TIED.
MM INDICATES DATA IS MISSING.
T  INDICATES TRACE AMOUNT.

&&

SNOW DEPTH IS MEASURED AT 3AM AKST/4AM AKDT.

----------------------------
AVAILABLE DAYLIGHT

AMOUNT OF DAYLIGHT TODAY  (HOUR:MIN)........18:44
GAIN/LOSS SINCE YESTERDAY (HOUR:MIN:SEC)....-0:06:38

NOME TIDAL INFORMATION FOR 27 JULY 2017
0128  -0.4
0845  +1.4
1338  +0.7
1938  +1.3

$$
HFL JUL 17
