000
CDAK49 PAOM 041100
CLIOME

CLIMATE REPORT
NATIONAL WEATHER SERVICE NOME, AK
3 AM AKDT SAT JUL 4 2015

...................................
...THE NOME WSO AP CLIMATE SUMMARY FOR JULY 3 2015...

CLIMATE NORMAL PERIOD  1981 TO  2010
CLIMATE RECORD PERIOD  1906 TO  2015

WEATHER ITEM   OBSERVED TIME    RECORD YEAR NORMAL DEPARTURE LAST
               VALUE    (LST)   VALUE       VALUE  FROM      YEAR
                                                   NORMAL
...................................................................
TEMPERATURE
YESTERDAY
 MAXIMUM            50  0916 PM    84  1936     59      -9     46
 MINIMUM            44  0849 AM    28  1924     46      -2     43
 AVERAGE            47                          52      -5     45

PRECIPITATION
(INCHES)
 YESTERDAY        0.00           0.52  1968   0.04   -0.04   0.00
 MONTH TO DATE    0.02                        0.13   -0.11   0.49
 SINCE JUN 1      0.68                        1.11   -0.43   0.71
 SINCE JAN 1      5.12                        5.25   -0.13   5.18

SNOWFALL
(INCHES)
 YESTERDAY         0.0            0.0  2015    0.0     0.0    0.0
 MONTH TO DATE     0.0                         0.0     0.0    0.0
 SINCE JUN 1       0.0                         0.3    -0.3    0.0
 SINCE JUL 1       0.0                         0.0     0.0    0.0
 SNOW DEPTH (IN)     0                                          0

DEGREE DAYS
 HEATING
  YESTERDAY         18                          13       5     20
  MONTH TO DATE     60                          39      21     58
  SINCE JUN 1      585                         555      30    626
  SINCE JUL 1       60                          39      21     58

 COOLING
  YESTERDAY          0                           0       0      0
  MONTH TO DATE      0                           0       0      0
  SINCE JUN 1        5                           0       5      0
  SINCE JAN 1        5                           0       5      0
...................................................................

WIND (MPH)
 HIGHEST WIND SPEED    13     HIGHEST WIND DIRECTION    130
 HIGHEST GUST SPEED    14     HIGHEST GUST DIRECTION    130
 AVERAGE WIND SPEED   5.4

SKY COVER
  POSSIBLE SUNSHINE    MM          AVERAGE SKY COVER     MM

WEATHER CONDITIONS
 THE FOLLOWING WEATHER WAS RECORDED YESTERDAY.
  PATCHY FOG

RELATIVE HUMIDITY
 HIGHEST RH     MM PERCENT       MM
 LOWEST  RH     MM PERCENT       MM
 AVERAGE RH     MM PERCENT       MM
...................................................................

THE NOME CLIMATE NORMALS FOR TODAY
                           NORMAL    RECORD   YEAR
 MAXIMUM TEMPERATURE (F)     59        77     1992
 MINIMUM TEMPERATURE (F)     46        30     1924

SUNRISE AND SUNSET
 JUL 4 2015..........SUNRISE  4:38 AM      SUNSET  1:34 AM
 JUL 5 2015..........SUNRISE  4:40 AM      SUNSET  1:31 AM

-  INDICATES NEGATIVE NUMBERS.
R  INDICATES RECORD HAS BEEN SET OR TIED.
MM INDICATES DATA IS MISSING.
T  INDICATES TRACE OF PRECIPITATION.

&&
-------------------------------------------------------------------

AMOUNT OF DAYLIGHT TODAY  (HOUR:MIN)........20 HOURS 56 MINUTES
GAIN/LOSS SINCE YESTERDAY (HOUR:MIN:SEC)....-0:04:21

NOME TIDAL INFORMATION FOR 4 JULY 2015
0102AM  -0.2
0824AM  +1.3
1253PM  +1.0
0604PM  +1.4

$$

CKC JUL 15
