000
CDUS46 KOTX 220829
CLIOMK


CLIMATE REPORT
NATIONAL WEATHER SERVICE SPOKANE, WA
129 AM PDT THU JUN 22 2017


...................................

...THE OMAK WA AIRPORT CLIMATE SUMMARY FOR JUNE 21 2017...

CLIMATE NORMAL PERIOD 1981 TO 2010
CLIMATE RECORD PERIOD 9999 TO 9999


WEATHER ITEM   OBSERVED TIME   RECORD YEAR NORMAL DEPARTURE LAST
                VALUE   (LST)  VALUE       VALUE  FROM      YEAR
                                                  NORMAL
..................................................................
TEMPERATURE (F)
 YESTERDAY
  MAXIMUM         81    436 PM 101    1938  81      0       81
  MINIMUM         44    420 AM  35    1960  52     -8       54
  AVERAGE         63                        66     -3       68

PRECIPITATION (IN)
  YESTERDAY        0.00                      0.05  -0.05     0.04
  MONTH TO DATE    0.26                      0.87  -0.61     1.57
  SINCE OCT 1     16.87                     12.51   4.36    14.00
  SINCE JAN 1     10.39                      7.62   2.77     8.64

SNOWFALL (IN)
  YESTERDAY       MM

DEGREE DAYS
 HEATING
  YESTERDAY        2                         2      0        0
  MONTH TO DATE   57                        57      0       74
  SINCE JUN 1     57                        57      0       74
  SINCE JUL 1   6460                      6330    130     5465

 COOLING
  YESTERDAY        0                         3     -3        3
  MONTH TO DATE   20                        47    -27       73
  SINCE JUN 1     20                        47    -27       73
  SINCE JAN 1     51                        70    -19       98
..................................................................


WIND (MPH)
  HIGHEST WIND SPEED    22   HIGHEST WIND DIRECTION     N (10)
  HIGHEST GUST SPEED    27   HIGHEST GUST DIRECTION     N (10)
  AVERAGE WIND SPEED     8.2


SKY COVER
  POSSIBLE SUNSHINE  MM
  AVERAGE SKY COVER 0.0


WEATHER CONDITIONS
 THE FOLLOWING WEATHER WAS RECORDED YESTERDAY.
  NO SIGNIFICANT WEATHER WAS OBSERVED.


RELATIVE HUMIDITY (PERCENT)
 HIGHEST    65           300 AM
 LOWEST     18           100 PM
 AVERAGE    42

..........................................................


THE OMAK WA AIRPORT CLIMATE NORMALS FOR TODAY
                         NORMAL    RECORD    YEAR
 MAXIMUM TEMPERATURE (F)   81       100      1958
 MINIMUM TEMPERATURE (F)   52        39      1966


SUNRISE AND SUNSET
JUNE 22 2017..........SUNRISE   457 AM PDT   SUNSET   904 PM PDT
JUNE 23 2017..........SUNRISE   457 AM PDT   SUNSET   904 PM PDT


-  INDICATES NEGATIVE NUMBERS.
R  INDICATES RECORD WAS SET OR TIED.
MM INDICATES DATA IS MISSING.
T  INDICATES TRACE AMOUNT.




$$
