000
CDUS46 KOTX 220837
CLIOMK


CLIMATE REPORT
NATIONAL WEATHER SERVICE SPOKANE, WA
137 AM PDT WED OCT 22 2014


...................................

...THE OMAK WA AIRPORT CLIMATE SUMMARY FOR OCTOBER 21 2014...

CLIMATE NORMAL PERIOD 1981 TO 2010
CLIMATE RECORD PERIOD 9999 TO 9999


WEATHER ITEM   OBSERVED TIME   RECORD YEAR NORMAL DEPARTURE LAST
                VALUE   (LST)  VALUE       VALUE  FROM      YEAR
                                                  NORMAL
..................................................................
TEMPERATURE (F)
 YESTERDAY
  MAXIMUM         63    237 PM  80    1939  59      4       68
  MINIMUM         48   1127 PM  15    1945  34     14       41
  AVERAGE         56                        46     10       55

PRECIPITATION (IN)
  YESTERDAY        0.00          0.51 1973   0.03  -0.03     0.00
  MONTH TO DATE    0.26                      0.62  -0.36     0.05
  SINCE OCT 1      0.26                      0.62  -0.36     0.05
  SINCE JAN 1      7.27                     10.22  -2.95     8.88

SNOWFALL (IN)
  YESTERDAY       MM

DEGREE DAYS
 HEATING
  YESTERDAY        9                        18     -9       10
  MONTH TO DATE  199                       290    -91      336
  SINCE SEP 1    283                       420   -137      469
  SINCE JUL 1    288                       451   -163      469

 COOLING
  YESTERDAY        0                         0      0        0
  MONTH TO DATE    3                         0      3        0
  SINCE SEP 1     49                        58     -9      128
  SINCE JAN 1    873                       664    209      814
..................................................................


WIND (MPH)
  HIGHEST WIND SPEED    16   HIGHEST WIND DIRECTION     S (160)
  HIGHEST GUST SPEED    20   HIGHEST GUST DIRECTION    SE (150)
  AVERAGE WIND SPEED     9.3


SKY COVER
  POSSIBLE SUNSHINE  MM
  AVERAGE SKY COVER 0.6


WEATHER CONDITIONS
 THE FOLLOWING WEATHER WAS RECORDED YESTERDAY.
  NO SIGNIFICANT WEATHER WAS OBSERVED.


RELATIVE HUMIDITY (PERCENT)
 HIGHEST    86           600 AM
 LOWEST     52           200 PM
 AVERAGE    69

..........................................................


THE OMAK WA AIRPORT CLIMATE NORMALS FOR TODAY
                         NORMAL    RECORD    YEAR
 MAXIMUM TEMPERATURE (F)   58        73      1939
 MINIMUM TEMPERATURE (F)   34        19      1961


SUNRISE AND SUNSET
OCTOBER 22 2014.......SUNRISE   729 AM PDT   SUNSET   556 PM PDT
OCTOBER 23 2014.......SUNRISE   730 AM PDT   SUNSET   554 PM PDT


-  INDICATES NEGATIVE NUMBERS.
R  INDICATES RECORD WAS SET OR TIED.
MM INDICATES DATA IS MISSING.
T  INDICATES TRACE AMOUNT.




$$
