000
CDUS46 KOTX 310820
CLIOMK


CLIMATE REPORT
NATIONAL WEATHER SERVICE SPOKANE, WA
120 AM PDT FRI OCT 31 2014


...................................

...THE OMAK WA AIRPORT CLIMATE SUMMARY FOR OCTOBER 30 2014...

CLIMATE NORMAL PERIOD 1981 TO 2010
CLIMATE RECORD PERIOD 9999 TO 9999


WEATHER ITEM   OBSERVED TIME   RECORD YEAR NORMAL DEPARTURE LAST
                VALUE   (LST)  VALUE       VALUE  FROM      YEAR
                                                  NORMAL
..................................................................
TEMPERATURE (F)
 YESTERDAY
  MAXIMUM         50    437 PM  66    1957  53     -3       49
  MINIMUM         46    717 AM   7    2002  32     14       20
  AVERAGE         48                        43      5       35

PRECIPITATION (IN)
  YESTERDAY        0.24          0.58 1940   0.05   0.19     0.00
  MONTH TO DATE    1.66                      1.05   0.61     0.07
  SINCE OCT 1      1.66                      1.05   0.61     0.07
  SINCE JAN 1      8.67                     10.65  -1.98     8.90

SNOWFALL (IN)
  YESTERDAY       MM

DEGREE DAYS
 HEATING
  YESTERDAY       17                        22     -5       30
  MONTH TO DATE  356                       476   -120      505
  SINCE SEP 1    440                       606   -166      638
  SINCE JUL 1    445                       637   -192      638

 COOLING
  YESTERDAY        0                         0      0        0
  MONTH TO DATE    3                         0      3        0
  SINCE SEP 1     49                        58     -9      128
  SINCE JAN 1    873                       664    209      814
..................................................................


WIND (MPH)
  HIGHEST WIND SPEED     5   HIGHEST WIND DIRECTION     W (260)
  HIGHEST GUST SPEED     7   HIGHEST GUST DIRECTION     W (290)
  AVERAGE WIND SPEED     0.5


SKY COVER
  POSSIBLE SUNSHINE  MM
  AVERAGE SKY COVER 1.0


WEATHER CONDITIONS
 THE FOLLOWING WEATHER WAS RECORDED YESTERDAY.
  RAIN
  LIGHT RAIN
  FOG


RELATIVE HUMIDITY (PERCENT)
 HIGHEST   100           500 PM
 LOWEST     86          1200 AM
 AVERAGE    93

..........................................................


THE OMAK WA AIRPORT CLIMATE NORMALS FOR TODAY
                         NORMAL    RECORD    YEAR
 MAXIMUM TEMPERATURE (F)   53        67      2009
                                             1953
 MINIMUM TEMPERATURE (F)   32         5      2002


SUNRISE AND SUNSET
OCTOBER 31 2014.......SUNRISE   743 AM PDT   SUNSET   540 PM PDT
NOVEMBER  1 2014......SUNRISE   744 AM PDT   SUNSET   538 PM PDT


-  INDICATES NEGATIVE NUMBERS.
R  INDICATES RECORD WAS SET OR TIED.
MM INDICATES DATA IS MISSING.
T  INDICATES TRACE AMOUNT.




$$
