000
CDUS46 KOTX 290829
CLIOMK


CLIMATE REPORT
NATIONAL WEATHER SERVICE SPOKANE, WA
129 AM PDT SUN MAR 29 2015


...................................

...THE OMAK WA AIRPORT CLIMATE SUMMARY FOR MARCH 28 2015...

CLIMATE NORMAL PERIOD 1981 TO 2010
CLIMATE RECORD PERIOD 9999 TO 9999


WEATHER ITEM   OBSERVED TIME   RECORD YEAR NORMAL DEPARTURE LAST
                VALUE   (LST)  VALUE       VALUE  FROM      YEAR
                                                  NORMAL
..................................................................
TEMPERATURE (F)
 YESTERDAY
  MAXIMUM         68    252 PM  73    1994  58     10       42
  MINIMUM         47   1021 PM  19    1954  34     13       28
  AVERAGE         58                        46     12       35

PRECIPITATION (IN)
  YESTERDAY        0.00          0.43 1933   0.04  -0.04     0.19
  MONTH TO DATE    0.92                      1.05  -0.13     1.16
  SINCE OCT 1      9.22                      9.49  -0.27     4.15
  SINCE JAN 1      2.65                      4.04  -1.39     2.98

SNOWFALL (IN)
  YESTERDAY       MM

DEGREE DAYS
 HEATING
  YESTERDAY        7                        19    -12       30
  MONTH TO DATE  509                       673   -164      690
  SINCE MAR 1    509                       673   -164      690
  SINCE JUL 1   4695                      5534   -839     5680

 COOLING
  YESTERDAY        0                         0      0        0
  MONTH TO DATE    0                         0      0        0
  SINCE MAR 1      0                         0      0        0
  SINCE JAN 1      0                         0      0        0
..................................................................


WIND (MPH)
  HIGHEST WIND SPEED    25   HIGHEST WIND DIRECTION     W (290)
  HIGHEST GUST SPEED    33   HIGHEST GUST DIRECTION     W (290)
  AVERAGE WIND SPEED     8.8


SKY COVER
  POSSIBLE SUNSHINE  MM
  AVERAGE SKY COVER 0.2


WEATHER CONDITIONS
 THE FOLLOWING WEATHER WAS RECORDED YESTERDAY.
  NO SIGNIFICANT WEATHER WAS OBSERVED.


RELATIVE HUMIDITY (PERCENT)
 HIGHEST    77          1200 AM
 LOWEST     20           300 PM
 AVERAGE    49

..........................................................


THE OMAK WA AIRPORT CLIMATE NORMALS FOR TODAY
                         NORMAL    RECORD    YEAR
 MAXIMUM TEMPERATURE (F)   58        72      1994
 MINIMUM TEMPERATURE (F)   34        -1      1996


SUNRISE AND SUNSET
MARCH 29 2015.........SUNRISE   643 AM PDT   SUNSET   724 PM PDT
MARCH 30 2015.........SUNRISE   641 AM PDT   SUNSET   725 PM PDT


-  INDICATES NEGATIVE NUMBERS.
R  INDICATES RECORD WAS SET OR TIED.
MM INDICATES DATA IS MISSING.
T  INDICATES TRACE AMOUNT.




$$
