000
CDUS46 KOTX 030828
CLIOMK


CLIMATE REPORT
NATIONAL WEATHER SERVICE SPOKANE, WA
1227 AM PST SAT DEC 3 2016


...................................

...THE OMAK WA AIRPORT CLIMATE SUMMARY FOR DECEMBER 2 2016...

CLIMATE NORMAL PERIOD 1981 TO 2010
CLIMATE RECORD PERIOD 9999 TO 9999


WEATHER ITEM   OBSERVED TIME   RECORD YEAR NORMAL DEPARTURE LAST
                VALUE   (LST)  VALUE       VALUE  FROM      YEAR
                                                  NORMAL
..................................................................
TEMPERATURE (F)
 YESTERDAY
  MAXIMUM         37    716 PM  67    1932  36      1       30
  MINIMUM         24    257 AM   0    2006  23      1       24
                                      1950
  AVERAGE         31                        29      2       27

PRECIPITATION (IN)
  YESTERDAY        0.11                      0.06   0.05     0.12
  MONTH TO DATE    0.11                      0.12  -0.01     0.13
  SINCE OCT 1      5.76                      2.81   2.95     1.66
  SINCE JAN 1     15.23                     12.67   2.56     6.71

SNOWFALL (IN)
  YESTERDAY       MM

DEGREE DAYS
 HEATING
  YESTERDAY       34                        36     -2       38
  MONTH TO DATE   65                        71     -6       78
  SINCE DEC 1     65                        71     -6       78
  SINCE JUL 1   1303                      1604   -301     1379

 COOLING
  YESTERDAY        0                         0      0        0
  MONTH TO DATE    0                         0      0        0
  SINCE DEC 1      0                         0      0        0
  SINCE JAN 1    637                       665    -28     1001
..................................................................


WIND (MPH)
  HIGHEST WIND SPEED    14   HIGHEST WIND DIRECTION     S (200)
  HIGHEST GUST SPEED    17   HIGHEST GUST DIRECTION     S (190)
  AVERAGE WIND SPEED     6.4


SKY COVER
  POSSIBLE SUNSHINE  MM
  AVERAGE SKY COVER 0.8


WEATHER CONDITIONS
 THE FOLLOWING WEATHER WAS RECORDED YESTERDAY.
  SNOW
  LIGHT SNOW
  FOG
  FOG W/VISIBILITY <= 1/4 MILE


RELATIVE HUMIDITY (PERCENT)
 HIGHEST   100           900 AM
 LOWEST     81           300 AM
 AVERAGE    91

..........................................................


THE OMAK WA AIRPORT CLIMATE NORMALS FOR TODAY
                         NORMAL    RECORD    YEAR
 MAXIMUM TEMPERATURE (F)   35        58      1943
 MINIMUM TEMPERATURE (F)   22         1      1942


SUNRISE AND SUNSET
DECEMBER  3 2016......SUNRISE   732 AM PST   SUNSET   404 PM PST
DECEMBER  4 2016......SUNRISE   733 AM PST   SUNSET   404 PM PST


-  INDICATES NEGATIVE NUMBERS.
R  INDICATES RECORD WAS SET OR TIED.
MM INDICATES DATA IS MISSING.
T  INDICATES TRACE AMOUNT.




$$
