341
CDUS46 KOTX 220842
CLIOMK


CLIMATE REPORT
NATIONAL WEATHER SERVICE SPOKANE, WA
142 AM PDT FRI MAY 22 2015


...................................

...THE OMAK WA AIRPORT CLIMATE SUMMARY FOR MAY 21 2015...

CLIMATE NORMAL PERIOD 1981 TO 2010
CLIMATE RECORD PERIOD 9999 TO 9999


WEATHER ITEM   OBSERVED TIME   RECORD YEAR NORMAL DEPARTURE LAST
                VALUE   (LST)  VALUE       VALUE  FROM      YEAR
                                                  NORMAL
..................................................................
TEMPERATURE (F)
 YESTERDAY
  MAXIMUM         87    303 PM  90    1958  74     13       82
  MINIMUM         50    433 AM  29    2010  46      4       46
  AVERAGE         69                        60      9       64

PRECIPITATION (IN)
  YESTERDAY        0.00          0.50 1972   0.04  -0.04     0.00
  MONTH TO DATE    0.74                      0.84  -0.10     0.38
  SINCE OCT 1     10.06                     11.50  -1.44     5.71
  SINCE JAN 1      3.49                      6.05  -2.56     4.54

SNOWFALL (IN)
  YESTERDAY       MM

DEGREE DAYS
 HEATING
  YESTERDAY        0                         6     -6        1
  MONTH TO DATE  126                       185    -59      142
  SINCE MAR 1   1129                      1363   -234     1355
  SINCE JUL 1   5315                      6224   -909     6345

 COOLING
  YESTERDAY        4                         1      3        0
  MONTH TO DATE   10                        11     -1        5
  SINCE MAR 1     10                        12     -2        5
  SINCE JAN 1     10                        12     -2        5
..................................................................


WIND (MPH)
  HIGHEST WIND SPEED    14   HIGHEST WIND DIRECTION     N (20)
  HIGHEST GUST SPEED    17   HIGHEST GUST DIRECTION     N (20)
  AVERAGE WIND SPEED     5.5


SKY COVER
  POSSIBLE SUNSHINE  MM
  AVERAGE SKY COVER 0.2


WEATHER CONDITIONS
 THE FOLLOWING WEATHER WAS RECORDED YESTERDAY.
  NO SIGNIFICANT WEATHER WAS OBSERVED.


RELATIVE HUMIDITY (PERCENT)
 HIGHEST    71           100 AM
 LOWEST     19           300 PM
 AVERAGE    45

..........................................................


THE OMAK WA AIRPORT CLIMATE NORMALS FOR TODAY
                         NORMAL    RECORD    YEAR
 MAXIMUM TEMPERATURE (F)   74        92      1958
 MINIMUM TEMPERATURE (F)   46        29      1966


SUNRISE AND SUNSET
MAY 22 2015...........SUNRISE   510 AM PDT   SUNSET   841 PM PDT
MAY 23 2015...........SUNRISE   509 AM PDT   SUNSET   842 PM PDT


-  INDICATES NEGATIVE NUMBERS.
R  INDICATES RECORD WAS SET OR TIED.
MM INDICATES DATA IS MISSING.
T  INDICATES TRACE AMOUNT.




$$
