000
CDUS46 KOTX 220830
CLIOMK


CLIMATE REPORT
NATIONAL WEATHER SERVICE SPOKANE, WA
129 AM PDT SUN OCT 22 2017


...................................

...THE OMAK WA AIRPORT CLIMATE SUMMARY FOR OCTOBER 21 2017...

CLIMATE NORMAL PERIOD 1981 TO 2010
CLIMATE RECORD PERIOD 9999 TO 9999


WEATHER ITEM   OBSERVED TIME   RECORD YEAR NORMAL DEPARTURE LAST
                VALUE   (LST)  VALUE       VALUE  FROM      YEAR
                                                  NORMAL
..................................................................
TEMPERATURE (F)
 YESTERDAY
  MAXIMUM         43    716 AM  80    1939  59    -16       53
  MINIMUM         35   1240 AM  15    1945  34      1       44
  AVERAGE         39                        46     -7       49

PRECIPITATION (IN)
  YESTERDAY        0.93                      0.03   0.90      T
  MONTH TO DATE    1.11                      0.63   0.48     3.01
  SINCE OCT 1      1.11                      0.63   0.48     3.01
  SINCE JAN 1     11.60                     10.49   1.11    12.48

SNOWFALL (IN)
  YESTERDAY       MM

DEGREE DAYS
 HEATING
  YESTERDAY       26                        18      8       16
  MONTH TO DATE  362                       290     72      312
  SINCE SEP 1    491                       420     71      421
  SINCE JUL 1    491                       451     40      429

 COOLING
  YESTERDAY        0                         0      0        0
  MONTH TO DATE    0                         0      0        0
  SINCE SEP 1     93                        58     35       11
  SINCE JAN 1    885                       664    221      637
..................................................................


WIND (MPH)
  HIGHEST WIND SPEED    14   HIGHEST WIND DIRECTION     S (190)
  HIGHEST GUST SPEED    20   HIGHEST GUST DIRECTION     S (180)
  AVERAGE WIND SPEED     5.7


SKY COVER
  POSSIBLE SUNSHINE  MM
  AVERAGE SKY COVER 0.7


WEATHER CONDITIONS
 THE FOLLOWING WEATHER WAS RECORDED YESTERDAY.
  RAIN
  LIGHT RAIN
  FOG


RELATIVE HUMIDITY (PERCENT)
 HIGHEST   100           900 AM
 LOWEST     70           600 AM
 AVERAGE    85

..........................................................


THE OMAK WA AIRPORT CLIMATE NORMALS FOR TODAY
                         NORMAL    RECORD    YEAR
 MAXIMUM TEMPERATURE (F)   58        73      1939
 MINIMUM TEMPERATURE (F)   34        19      1961


SUNRISE AND SUNSET
OCTOBER 22 2017.......SUNRISE   729 AM PDT   SUNSET   555 PM PDT
OCTOBER 23 2017.......SUNRISE   731 AM PDT   SUNSET   553 PM PDT


-  INDICATES NEGATIVE NUMBERS.
R  INDICATES RECORD WAS SET OR TIED.
MM INDICATES DATA IS MISSING.
T  INDICATES TRACE AMOUNT.




$$
