000
CDUS46 KOTX 060829
CLIOMK


CLIMATE REPORT
NATIONAL WEATHER SERVICE SPOKANE, WA
1229 AM PST SAT FEB 6 2016


...................................

...THE OMAK WA AIRPORT CLIMATE SUMMARY FOR FEBRUARY 5 2016...

CLIMATE NORMAL PERIOD 1981 TO 2010
CLIMATE RECORD PERIOD 9999 TO 9999


WEATHER ITEM   OBSERVED TIME   RECORD YEAR NORMAL DEPARTURE LAST
                VALUE   (LST)  VALUE       VALUE  FROM      YEAR
                                                  NORMAL
..................................................................
TEMPERATURE (F)
 YESTERDAY
  MAXIMUM         37    821 PM  53    1963  37      0       41
  MINIMUM         29    401 AM  -5    1933  23      6       34
  AVERAGE         33                        30      3       38

PRECIPITATION (IN)
  YESTERDAY        0.00          0.72 1945   0.05  -0.05     0.29
  MONTH TO DATE    0.18                      0.26  -0.08     0.58
  SINCE OCT 1      7.82                      7.04   0.78     7.88
  SINCE JAN 1      2.46                      2.15   0.31     1.31

SNOWFALL (IN)
  YESTERDAY       MM

DEGREE DAYS
 HEATING
  YESTERDAY       32                        35     -3       27
  MONTH TO DATE  190                       176     14      150
  SINCE DEC 1   2468                      2576   -108     2252
  SINCE JUL 1   3769                      4109   -340     3649

 COOLING
  YESTERDAY        0                         0      0        0
  MONTH TO DATE    0                         0      0        0
  SINCE DEC 1      0                         0      0        0
  SINCE JAN 1      0                         0      0        0
..................................................................


WIND (MPH)
  HIGHEST WIND SPEED    16   HIGHEST WIND DIRECTION     S (190)
  HIGHEST GUST SPEED    19   HIGHEST GUST DIRECTION     S (200)
  AVERAGE WIND SPEED     7.3


SKY COVER
  POSSIBLE SUNSHINE  MM
  AVERAGE SKY COVER 0.9


WEATHER CONDITIONS
 THE FOLLOWING WEATHER WAS RECORDED YESTERDAY.
  FOG


RELATIVE HUMIDITY (PERCENT)
 HIGHEST    96          1100 AM
 LOWEST     85           200 AM
 AVERAGE    91

..........................................................


THE OMAK WA AIRPORT CLIMATE NORMALS FOR TODAY
                         NORMAL    RECORD    YEAR
 MAXIMUM TEMPERATURE (F)   38        57      1944
 MINIMUM TEMPERATURE (F)   23        -4      1969


SUNRISE AND SUNSET
FEBRUARY  6 2016......SUNRISE   720 AM PST   SUNSET   504 PM PST
FEBRUARY  7 2016......SUNRISE   719 AM PST   SUNSET   506 PM PST


-  INDICATES NEGATIVE NUMBERS.
R  INDICATES RECORD WAS SET OR TIED.
MM INDICATES DATA IS MISSING.
T  INDICATES TRACE AMOUNT.




$$
