000
CDUS46 KOTX 160824
CLIOMK


CLIMATE REPORT
NATIONAL WEATHER SERVICE SPOKANE, WA
124 AM PDT WED AUG 16 2017


...................................

...THE OMAK WA AIRPORT CLIMATE SUMMARY FOR AUGUST 15 2017...

CLIMATE NORMAL PERIOD 1981 TO 2010
CLIMATE RECORD PERIOD 9999 TO 9999


WEATHER ITEM   OBSERVED TIME   RECORD YEAR NORMAL DEPARTURE LAST
                VALUE   (LST)  VALUE       VALUE  FROM      YEAR
                                                  NORMAL
..................................................................
TEMPERATURE (F)
 YESTERDAY
  MAXIMUM         86    500 PM 104    2003  89     -3       97
  MINIMUM         53    413 AM  38    1949  58     -5       66
  AVERAGE         70                        73     -3       82

PRECIPITATION (IN)
  YESTERDAY        0.00                      0.01  -0.01     0.00
  MONTH TO DATE    T                         0.25  -0.25      T
  SINCE OCT 1     16.87                     13.93   2.94    14.83
  SINCE JAN 1     10.39                      9.04   1.35     9.47

SNOWFALL (IN)
  YESTERDAY       MM

DEGREE DAYS
 HEATING
  YESTERDAY        0                         0      0        0
  MONTH TO DATE    0                         0      0        3
  SINCE JUN 1     58                        84    -26       93
  SINCE JUL 1      0                        15    -15        8

 COOLING
  YESTERDAY        5                         8     -3       17
  MONTH TO DATE  205                       142     63      121
  SINCE JUN 1    631                       480    151      470
  SINCE JAN 1    662                       503    159      495
..................................................................


WIND (MPH)
  HIGHEST WIND SPEED    14   HIGHEST WIND DIRECTION     N (360)
  HIGHEST GUST SPEED    18   HIGHEST GUST DIRECTION    SW (210)
  AVERAGE WIND SPEED     8.3


SKY COVER
  POSSIBLE SUNSHINE  MM
  AVERAGE SKY COVER 0.0


WEATHER CONDITIONS
 THE FOLLOWING WEATHER WAS RECORDED YESTERDAY.
  HAZE


RELATIVE HUMIDITY (PERCENT)
 HIGHEST    55           200 AM
 LOWEST     16           300 PM
 AVERAGE    36

..........................................................


THE OMAK WA AIRPORT CLIMATE NORMALS FOR TODAY
                         NORMAL    RECORD    YEAR
 MAXIMUM TEMPERATURE (F)   88       105      2008
 MINIMUM TEMPERATURE (F)   57        40      1937


SUNRISE AND SUNSET
AUGUST 16 2017........SUNRISE   554 AM PDT   SUNSET   810 PM PDT
AUGUST 17 2017........SUNRISE   555 AM PDT   SUNSET   808 PM PDT


-  INDICATES NEGATIVE NUMBERS.
R  INDICATES RECORD WAS SET OR TIED.
MM INDICATES DATA IS MISSING.
T  INDICATES TRACE AMOUNT.




$$
