000
CDUS45 KBOI 180931
CLIONO


CLIMATE REPORT
NATIONAL WEATHER SERVICE BOISE ID
331 AM MDT FRI APR 18 2014


...................................

...THE ONTARIO OR CLIMATE SUMMARY FOR APRIL 17 2014...

CLIMATE NORMAL PERIOD 1981 TO 2010
CLIMATE RECORD PERIOD 1948 TO 2014


WEATHER ITEM   OBSERVED TIME   RECORD YEAR NORMAL DEPARTURE LAST
                VALUE   (LST)  VALUE       VALUE  FROM      YEAR
                                                  NORMAL
..................................................................
TEMPERATURE (F)
 YESTERDAY
  MAXIMUM         77    327 PM  87    1994  65     12       58
  MINIMUM         34    235 AM  19    1964  36     -2       33
  AVERAGE         56                        50      6       46

PRECIPITATION (IN)
  YESTERDAY        T             0.35 2007   0.02  -0.02     0.00
  MONTH TO DATE    0.19                      0.45  -0.26     0.10
  SINCE OCT 1      4.88                      6.85  -1.97     4.24
  SINCE JAN 1      3.37                      3.44  -0.07     1.30

DEGREE DAYS
 HEATING
  YESTERDAY        9                        15     -6       19
  MONTH TO DATE  220                       276    -56      228
  SINCE MAR 1    808                       946   -138      852
  SINCE JUL 1   5564                      5576    -12     5366

 COOLING
  YESTERDAY        0                         0      0        0
  MONTH TO DATE    0                         0      0        0
  SINCE MAR 1      0                         0      0        0
  SINCE JAN 1      0                         0      0        0
..................................................................


WIND (MPH)
  HIGHEST WIND SPEED    33   HIGHEST WIND DIRECTION    NW (300)
  HIGHEST GUST SPEED    43   HIGHEST GUST DIRECTION    NW (300)
  AVERAGE WIND SPEED     6.2


SKY COVER
  AVERAGE SKY COVER 0.2


WEATHER CONDITIONS
 THE FOLLOWING WEATHER WAS RECORDED YESTERDAY.
  NO SIGNIFICANT WEATHER WAS OBSERVED.


RELATIVE HUMIDITY (PERCENT)
 HIGHEST    70           300 AM
 LOWEST     19           200 PM
 AVERAGE    45

..........................................................


THE ONTARIO OR CLIMATE NORMALS FOR TODAY
                         NORMAL    RECORD    YEAR
 MAXIMUM TEMPERATURE (F)   65        88      1962
 MINIMUM TEMPERATURE (F)   36        27      1972


SUNRISE AND SUNSET
APRIL 18 2014.........SUNRISE   700 AM MDT   SUNSET   836 PM MDT
APRIL 19 2014.........SUNRISE   658 AM MDT   SUNSET   837 PM MDT


-  INDICATES NEGATIVE NUMBERS.
R  INDICATES RECORD WAS SET OR TIED.
MM INDICATES DATA IS MISSING.
T  INDICATES TRACE AMOUNT.




$$
