000
CDUS45 KBOI 260931
CLIONO


CLIMATE REPORT
NATIONAL WEATHER SERVICE BOISE ID
331 AM MDT TUE MAY 26 2015


...................................

...THE ONTARIO OR CLIMATE SUMMARY FOR MAY 25 2015...

CLIMATE NORMAL PERIOD 1981 TO 2010
CLIMATE RECORD PERIOD 1948 TO 2015


WEATHER ITEM   OBSERVED TIME   RECORD YEAR NORMAL DEPARTURE LAST
                VALUE   (LST)  VALUE       VALUE  FROM      YEAR
                                                  NORMAL
..................................................................
TEMPERATURE (F)
 YESTERDAY
  MAXIMUM         79    332 PM  97    2001  77      2       82
  MINIMUM         50    543 AM  25    1975  47      3       53
  AVERAGE         65                        62      3       68

PRECIPITATION (IN)
  YESTERDAY        0.04          0.39 1973   0.05  -0.01     0.00
  MONTH TO DATE    1.63                      1.03   0.60     0.42
  SINCE OCT 1      8.49                      8.23   0.26     6.24
  SINCE JAN 1      4.03                      4.82  -0.79     4.73

DEGREE DAYS
 HEATING
  YESTERDAY        0                         5     -5        0
  MONTH TO DATE   86                       185    -99      117
  SINCE MAR 1    996                      1296   -300     1108
  SINCE JUL 1   4790                      5926  -1136     5864

 COOLING
  YESTERDAY        0                         2     -2        3
  MONTH TO DATE    9                        23    -14       36
  SINCE MAR 1      9                        24    -15       36
  SINCE JAN 1      9                        24    -15       36
..................................................................


WIND (MPH)
  HIGHEST WIND SPEED    25   HIGHEST WIND DIRECTION    NW (330)
  HIGHEST GUST SPEED    32   HIGHEST GUST DIRECTION    NW (320)
  AVERAGE WIND SPEED     4.0


SKY COVER
  AVERAGE SKY COVER 0.2


WEATHER CONDITIONS
 THE FOLLOWING WEATHER WAS RECORDED YESTERDAY.
  LIGHT RAIN


RELATIVE HUMIDITY (PERCENT)
 HIGHEST    86           500 AM
 LOWEST     28           200 PM
 AVERAGE    57

..........................................................


THE ONTARIO OR CLIMATE NORMALS FOR TODAY
                         NORMAL    RECORD    YEAR
 MAXIMUM TEMPERATURE (F)   78       102      1966
 MINIMUM TEMPERATURE (F)   47        30      1975


SUNRISE AND SUNSET
MAY 26 2015...........SUNRISE   612 AM MDT   SUNSET   919 PM MDT
MAY 27 2015...........SUNRISE   611 AM MDT   SUNSET   920 PM MDT


-  INDICATES NEGATIVE NUMBERS.
R  INDICATES RECORD WAS SET OR TIED.
MM INDICATES DATA IS MISSING.
T  INDICATES TRACE AMOUNT.




$$
