000
CDUS45 KBOI 300931
CLIONO


CLIMATE REPORT
NATIONAL WEATHER SERVICE BOISE ID
330 AM MDT SAT APR 30 2016


...................................

...THE ONTARIO OR CLIMATE SUMMARY FOR APRIL 29 2016...

CLIMATE NORMAL PERIOD 1981 TO 2010
CLIMATE RECORD PERIOD 1948 TO 2016


WEATHER ITEM   OBSERVED TIME   RECORD YEAR NORMAL DEPARTURE LAST
                VALUE   (LST)  VALUE       VALUE  FROM      YEAR
                                                  NORMAL
..................................................................
TEMPERATURE (F)
 YESTERDAY
  MAXIMUM         64    125 PM  90    1968  69     -5       76
  MINIMUM         46    635 AM  25    1962  39      7       50
  AVERAGE         55                        54      1       63

PRECIPITATION (IN)
  YESTERDAY        0.00          0.25 2006   0.03  -0.03     0.00
  MONTH TO DATE    0.46                      0.77  -0.31     0.50
  SINCE OCT 1      6.68                      7.17  -0.49     6.86
  SINCE JAN 1      1.93                      3.76  -1.83     2.40

DEGREE DAYS
 HEATING
  YESTERDAY       10                        11     -1        2
  MONTH TO DATE  257                       430   -173      381
  SINCE MAR 1    800                      1100   -300      904
  SINCE JUL 1   4790                      5730   -940     4698

 COOLING
  YESTERDAY        0                         0      0        0
  MONTH TO DATE    0                         0      0        0
  SINCE MAR 1      0                         0      0        0
  SINCE JAN 1      0                         0      0        0
..................................................................


WIND (MPH)
  HIGHEST WIND SPEED    24   HIGHEST WIND DIRECTION    NW (320)
  HIGHEST GUST SPEED    29   HIGHEST GUST DIRECTION    NW (330)
  AVERAGE WIND SPEED    12.7


SKY COVER
  AVERAGE SKY COVER 0.5


WEATHER CONDITIONS
 THE FOLLOWING WEATHER WAS RECORDED YESTERDAY.
  NO SIGNIFICANT WEATHER WAS OBSERVED.


RELATIVE HUMIDITY (PERCENT)
 HIGHEST    66           300 AM
 LOWEST     39          1200 PM
 AVERAGE    53

..........................................................


THE ONTARIO OR CLIMATE NORMALS FOR TODAY
                         NORMAL    RECORD    YEAR
 MAXIMUM TEMPERATURE (F)   69        88      1968
 MINIMUM TEMPERATURE (F)   39        24      1950


SUNRISE AND SUNSET
APRIL 30 2016.........SUNRISE   640 AM MDT   SUNSET   851 PM MDT
MAY  1 2016...........SUNRISE   639 AM MDT   SUNSET   852 PM MDT


-  INDICATES NEGATIVE NUMBERS.
R  INDICATES RECORD WAS SET OR TIED.
MM INDICATES DATA IS MISSING.
T  INDICATES TRACE AMOUNT.




$$
