000
CDUS45 KBOI 040930
CLIONO


CLIMATE REPORT
NATIONAL WEATHER SERVICE BOISE ID
230 AM MST SUN DEC 4 2016


...................................

...THE ONTARIO OR CLIMATE SUMMARY FOR DECEMBER 3 2016...

CLIMATE NORMAL PERIOD 1981 TO 2010
CLIMATE RECORD PERIOD 1948 TO 2016


WEATHER ITEM   OBSERVED TIME   RECORD YEAR NORMAL DEPARTURE LAST
                VALUE   (LST)  VALUE       VALUE  FROM      YEAR
                                                  NORMAL
..................................................................
TEMPERATURE (F)
 YESTERDAY
  MAXIMUM         45    405 PM  60    1977  39      6       42
  MINIMUM         29   1153 PM   9    1969  22      7       23
  AVERAGE         37                        30      7       33

PRECIPITATION (IN)
  YESTERDAY        0.00          0.37 1951   0.04  -0.04     0.02
                                      1951
                                      2014
  MONTH TO DATE    0.00                      0.14  -0.14     0.02
  SINCE OCT 1      1.37                      1.87  -0.50     1.92
  SINCE JAN 1      3.99                      8.52  -4.53     7.16

DEGREE DAYS
 HEATING
  YESTERDAY       28                        35     -7       32
  MONTH TO DATE   92                       103    -11      121
  SINCE DEC 1     92                       103    -11      121
  SINCE JUL 1   1183                      1531   -348     1246

 COOLING
  YESTERDAY        0                         0      0        0
  MONTH TO DATE    0                         0      0        0
  SINCE DEC 1      0                         0      0        0
  SINCE JAN 1    976                       852    124     1171
..................................................................


WIND (MPH)
  HIGHEST WIND SPEED     8   HIGHEST WIND DIRECTION    SW (240)
  HIGHEST GUST SPEED    10   HIGHEST GUST DIRECTION    SW (240)
  AVERAGE WIND SPEED     2.2


SKY COVER
  AVERAGE SKY COVER 0.5


WEATHER CONDITIONS
 THE FOLLOWING WEATHER WAS RECORDED YESTERDAY.
  NO SIGNIFICANT WEATHER WAS OBSERVED.


RELATIVE HUMIDITY (PERCENT)
 HIGHEST    85           800 AM
 LOWEST     53           300 PM
 AVERAGE    69

..........................................................


THE ONTARIO OR CLIMATE NORMALS FOR TODAY
                         NORMAL    RECORD    YEAR
 MAXIMUM TEMPERATURE (F)   39        58      2007
 MINIMUM TEMPERATURE (F)   21        -4      1992


SUNRISE AND SUNSET
DECEMBER  4 2016......SUNRISE   807 AM MST   SUNSET   510 PM MST
DECEMBER  5 2016......SUNRISE   808 AM MST   SUNSET   510 PM MST


-  INDICATES NEGATIVE NUMBERS.
R  INDICATES RECORD WAS SET OR TIED.
MM INDICATES DATA IS MISSING.
T  INDICATES TRACE AMOUNT.




$$
