000
CDUS45 KBOI 030932
CLIONO


CLIMATE REPORT
NATIONAL WEATHER SERVICE BOISE ID
332 AM MDT THU SEP 3 2015


...................................

...THE ONTARIO OR CLIMATE SUMMARY FOR SEPTEMBER 2 2015...

CLIMATE NORMAL PERIOD 1981 TO 2010
CLIMATE RECORD PERIOD 1948 TO 2015


WEATHER ITEM   OBSERVED TIME   RECORD YEAR NORMAL DEPARTURE LAST
                VALUE   (LST)  VALUE       VALUE  FROM      YEAR
                                                  NORMAL
..................................................................
TEMPERATURE (F)
 YESTERDAY
  MAXIMUM         86    448 PM 100    1987  86      0       88
  MINIMUM         55    551 AM  37    1975  50      5       44
  AVERAGE         71                        68      3       66

PRECIPITATION (IN)
  YESTERDAY        0.00          0.56 1985   0.01  -0.01     0.00
  MONTH TO DATE    0.00                      0.02  -0.02     0.00
  SINCE OCT 1      9.25                      9.67  -0.42     7.05
  SINCE JAN 1      4.79                      6.26  -1.47     5.54

DEGREE DAYS
 HEATING
  YESTERDAY        0                         1     -1        0
  MONTH TO DATE    0                         2     -2        0
  SINCE SEP 1      0                         2     -2        0
  SINCE JUL 1      2                        18    -16        1

 COOLING
  YESTERDAY        6                         4      2        1
  MONTH TO DATE   10                         8      2        3
  SINCE SEP 1     10                         8      2        3
  SINCE JAN 1   1114                       801    313     1000
..................................................................


WIND (MPH)
  HIGHEST WIND SPEED    25   HIGHEST WIND DIRECTION    NW (320)
  HIGHEST GUST SPEED    33   HIGHEST GUST DIRECTION    NW (320)
  AVERAGE WIND SPEED     7.2


SKY COVER
  AVERAGE SKY COVER 0.0


WEATHER CONDITIONS
 THE FOLLOWING WEATHER WAS RECORDED YESTERDAY.
  NO SIGNIFICANT WEATHER WAS OBSERVED.


RELATIVE HUMIDITY (PERCENT)
 HIGHEST    67           100 AM
 LOWEST     15           400 PM
 AVERAGE    41

..........................................................


THE ONTARIO OR CLIMATE NORMALS FOR TODAY
                         NORMAL    RECORD    YEAR
 MAXIMUM TEMPERATURE (F)   86       101      1998
 MINIMUM TEMPERATURE (F)   49        36      1961


SUNRISE AND SUNSET
SEPTEMBER  3 2015.....SUNRISE   713 AM MDT   SUNSET   821 PM MDT
SEPTEMBER  4 2015.....SUNRISE   714 AM MDT   SUNSET   819 PM MDT


-  INDICATES NEGATIVE NUMBERS.
R  INDICATES RECORD WAS SET OR TIED.
MM INDICATES DATA IS MISSING.
T  INDICATES TRACE AMOUNT.




$$
