000
CDUS45 KBOI 190930
CLIONO


CLIMATE REPORT
NATIONAL WEATHER SERVICE BOISE ID
330 AM MDT SUN OCT 19 2014


...................................

...THE ONTARIO OR CLIMATE SUMMARY FOR OCTOBER 18 2014...

CLIMATE NORMAL PERIOD 1981 TO 2010
CLIMATE RECORD PERIOD 1948 TO 2014


WEATHER ITEM   OBSERVED TIME   RECORD YEAR NORMAL DEPARTURE LAST
                VALUE   (LST)  VALUE       VALUE  FROM      YEAR
                                                  NORMAL
..................................................................
TEMPERATURE (F)
 YESTERDAY
  MAXIMUM         73    449 PM  80    1973  65      8       63
  MINIMUM         35    707 AM  20    1948  34      1       33
  AVERAGE         54                        49      5       48

PRECIPITATION (IN)
  YESTERDAY        0.00          0.33 1953   0.02  -0.02     0.00
  MONTH TO DATE    0.01                      0.29  -0.28      T
  SINCE OCT 1      0.01                      0.29  -0.28      T
  SINCE JAN 1      5.97                      6.94  -0.97     3.77

DEGREE DAYS
 HEATING
  YESTERDAY       11                        16     -5       17
  MONTH TO DATE  130                       215    -85      263
  SINCE SEP 1    166                       333   -167      351
  SINCE JUL 1    167                       349   -182      351

 COOLING
  YESTERDAY        0                         0      0        0
  MONTH TO DATE    1                         0      1        0
  SINCE SEP 1     91                        58     33      127
  SINCE JAN 1   1088                       851    237     1299
..................................................................


WIND (MPH)
  HIGHEST WIND SPEED     7   HIGHEST WIND DIRECTION     W (250)
  HIGHEST GUST SPEED     9   HIGHEST GUST DIRECTION    SW (220)
  AVERAGE WIND SPEED     1.2


SKY COVER
  AVERAGE SKY COVER 0.0


WEATHER CONDITIONS
 THE FOLLOWING WEATHER WAS RECORDED YESTERDAY.
  NO SIGNIFICANT WEATHER WAS OBSERVED.


RELATIVE HUMIDITY (PERCENT)
 HIGHEST    76           400 AM
 LOWEST     29           300 PM
 AVERAGE    53

..........................................................


THE ONTARIO OR CLIMATE NORMALS FOR TODAY
                         NORMAL    RECORD    YEAR
 MAXIMUM TEMPERATURE (F)   65        82      2003
 MINIMUM TEMPERATURE (F)   33        18      1976


SUNRISE AND SUNSET
OCTOBER 19 2014.......SUNRISE   808 AM MDT   SUNSET   658 PM MDT
OCTOBER 20 2014.......SUNRISE   809 AM MDT   SUNSET   656 PM MDT


-  INDICATES NEGATIVE NUMBERS.
R  INDICATES RECORD WAS SET OR TIED.
MM INDICATES DATA IS MISSING.
T  INDICATES TRACE AMOUNT.




$$
