000
CDUS45 KBOI 160930
CLIONO


CLIMATE REPORT
NATIONAL WEATHER SERVICE BOISE ID
330 AM MDT WED AUG 16 2017


...................................

...THE ONTARIO OR CLIMATE SUMMARY FOR AUGUST 15 2017...

CLIMATE NORMAL PERIOD 1981 TO 2010
CLIMATE RECORD PERIOD 1948 TO 2017


WEATHER ITEM   OBSERVED TIME   RECORD YEAR NORMAL DEPARTURE LAST
                VALUE   (LST)  VALUE       VALUE  FROM      YEAR
                                                  NORMAL
..................................................................
TEMPERATURE (F)
 YESTERDAY
  MAXIMUM         88    603 PM 108    1967  93     -5      100
  MINIMUM         50    616 AM  42    1978  55     -5       62
                                      1974
  AVERAGE         69                        74     -5       81

PRECIPITATION (IN)
  YESTERDAY        0.00          0.54 1972   0.01  -0.01     0.00
  MONTH TO DATE    0.02                      0.08  -0.06     0.01
  SINCE OCT 1     12.81                      9.55   3.26     7.32
  SINCE JAN 1      9.49                      6.14   3.35     2.57

DEGREE DAYS
 HEATING
  YESTERDAY        0                         0      0        0
  MONTH TO DATE    0                         0      0        0
  SINCE JUN 1     28                        57    -29       35
  SINCE JUL 1      0                         5     -5        9

 COOLING
  YESTERDAY        4                         9     -5       16
  MONTH TO DATE  197                       161     36      144
  SINCE JUN 1    886                       648    238      729
  SINCE JAN 1    926                       684    242      768
..................................................................


WIND (MPH)
  HIGHEST WIND SPEED    15   HIGHEST WIND DIRECTION    NW (320)
  HIGHEST GUST SPEED    19   HIGHEST GUST DIRECTION    NW (300)
  AVERAGE WIND SPEED     2.0


SKY COVER
  AVERAGE SKY COVER 0.0


WEATHER CONDITIONS
 THE FOLLOWING WEATHER WAS RECORDED YESTERDAY.
  NO SIGNIFICANT WEATHER WAS OBSERVED.


RELATIVE HUMIDITY (PERCENT)
 HIGHEST    89           500 AM
 LOWEST     17           600 PM
 AVERAGE    53

..........................................................


THE ONTARIO OR CLIMATE NORMALS FOR TODAY
                         NORMAL    RECORD    YEAR
 MAXIMUM TEMPERATURE (F)   92       108      1967
 MINIMUM TEMPERATURE (F)   55        41      1976
                                             1970


SUNRISE AND SUNSET
AUGUST 16 2017........SUNRISE   653 AM MDT   SUNSET   850 PM MDT
AUGUST 17 2017........SUNRISE   655 AM MDT   SUNSET   849 PM MDT


-  INDICATES NEGATIVE NUMBERS.
R  INDICATES RECORD WAS SET OR TIED.
MM INDICATES DATA IS MISSING.
T  INDICATES TRACE AMOUNT.




$$
