000
CDUS45 KBOI 300931
CLIONO


CLIMATE REPORT
NATIONAL WEATHER SERVICE BOISE ID
331 AM MDT THU JUL 30 2015


...................................

...THE ONTARIO OR CLIMATE SUMMARY FOR JULY 29 2015...

CLIMATE NORMAL PERIOD 1981 TO 2010
CLIMATE RECORD PERIOD 1948 TO 2015


WEATHER ITEM   OBSERVED TIME   RECORD YEAR NORMAL DEPARTURE LAST
                VALUE   (LST)  VALUE       VALUE  FROM      YEAR
                                                  NORMAL
..................................................................
TEMPERATURE (F)
 YESTERDAY
  MAXIMUM         89    622 PM 109    1968  96     -7      101
  MINIMUM         46    459 AM  44    1948  59    -13       67
  AVERAGE         68                        77     -9       84

PRECIPITATION (IN)
  YESTERDAY        0.00          0.37 1975   0.01  -0.01      T
  MONTH TO DATE    0.49                      0.29   0.20     0.01
  SINCE OCT 1      9.23                      9.46  -0.23     6.52
  SINCE JAN 1      4.77                      6.05  -1.28     5.01

DEGREE DAYS
 HEATING
  YESTERDAY        0                         0      0        0
  MONTH TO DATE    2                         0      2        0
  SINCE JUN 1      3                        52    -49       28
  SINCE JUL 1      2                         0      2        0

 COOLING
  YESTERDAY        3                        12     -9       19
  MONTH TO DATE  343                       322     21      469
  SINCE JUN 1    708                       461    247      626
  SINCE JAN 1    741                       497    244      674
..................................................................


WIND (MPH)
  HIGHEST WIND SPEED     9   HIGHEST WIND DIRECTION     S (180)
  HIGHEST GUST SPEED    12   HIGHEST GUST DIRECTION     S (170)
  AVERAGE WIND SPEED     2.7


SKY COVER
  AVERAGE SKY COVER 0.0


WEATHER CONDITIONS
 THE FOLLOWING WEATHER WAS RECORDED YESTERDAY.
  HAZE


RELATIVE HUMIDITY (PERCENT)
 HIGHEST    71           400 AM
 LOWEST     13           600 PM
 AVERAGE    42

..........................................................


THE ONTARIO OR CLIMATE NORMALS FOR TODAY
                         NORMAL    RECORD    YEAR
 MAXIMUM TEMPERATURE (F)   96       109      1968
 MINIMUM TEMPERATURE (F)   59        45      1963


SUNRISE AND SUNSET
JULY 30 2015..........SUNRISE   634 AM MDT   SUNSET   914 PM MDT
JULY 31 2015..........SUNRISE   635 AM MDT   SUNSET   913 PM MDT


-  INDICATES NEGATIVE NUMBERS.
R  INDICATES RECORD WAS SET OR TIED.
MM INDICATES DATA IS MISSING.
T  INDICATES TRACE AMOUNT.




$$
