000
CDUS45 KBOI 240932
CLIONO


CLIMATE REPORT
NATIONAL WEATHER SERVICE BOISE ID
231 AM MST TUE JAN 24 2017


...................................

...THE ONTARIO OR CLIMATE SUMMARY FOR JANUARY 23 2017...

CLIMATE NORMAL PERIOD 1981 TO 2010
CLIMATE RECORD PERIOD 1948 TO 2017


WEATHER ITEM   OBSERVED TIME   RECORD YEAR NORMAL DEPARTURE LAST
                VALUE   (LST)  VALUE       VALUE  FROM      YEAR
                                                  NORMAL
..................................................................
TEMPERATURE (F)
 YESTERDAY
  MAXIMUM         35    354 PM  52    1974  36     -1       50
  MINIMUM         19    422 AM -24    1962  20     -1       32
  AVERAGE         27                        28     -1       41

PRECIPITATION (IN)
  YESTERDAY        0.00          0.55 1965   0.03  -0.03     0.03
  MONTH TO DATE    3.29                      0.95   2.34     0.33
  SINCE OCT 1      6.61                      4.36   2.25     5.08
  SINCE JAN 1      3.29                      0.95   2.34     0.33

DEGREE DAYS
 HEATING
  YESTERDAY       38                        37      1       24
  MONTH TO DATE 1100                       872    228      820
  SINCE DEC 1   2507                      2025    482     1867
  SINCE JUL 1   3598                      3453    145     2992

 COOLING
  YESTERDAY        0                         0      0        0
  MONTH TO DATE    0                         0      0        0
  SINCE DEC 1      0                         0      0        0
  SINCE JAN 1      0                         0      0        0
..................................................................


WIND (MPH)
  HIGHEST WIND SPEED    24   HIGHEST WIND DIRECTION    NW (320)
  HIGHEST GUST SPEED    30   HIGHEST GUST DIRECTION    NW (320)
  AVERAGE WIND SPEED     8.7


SKY COVER
  AVERAGE SKY COVER 0.6


WEATHER CONDITIONS
 THE FOLLOWING WEATHER WAS RECORDED YESTERDAY.
  FOG
  FOG W/VISIBILITY <= 1/4 MILE


RELATIVE HUMIDITY (PERCENT)
 HIGHEST    92          1200 AM
 LOWEST     64           400 PM
 AVERAGE    78

..........................................................


THE ONTARIO OR CLIMATE NORMALS FOR TODAY
                         NORMAL    RECORD    YEAR
 MAXIMUM TEMPERATURE (F)   36        61      1959
 MINIMUM TEMPERATURE (F)   20       -16      1949


SUNRISE AND SUNSET
JANUARY 24 2017.......SUNRISE   813 AM MST   SUNSET   548 PM MST
JANUARY 25 2017.......SUNRISE   812 AM MST   SUNSET   549 PM MST


-  INDICATES NEGATIVE NUMBERS.
R  INDICATES RECORD WAS SET OR TIED.
MM INDICATES DATA IS MISSING.
T  INDICATES TRACE AMOUNT.




$$
