000
CDUS45 KBOI 270931
CLIONO


CLIMATE REPORT
NATIONAL WEATHER SERVICE BOISE ID
231 AM MST SAT DEC 27 2014


...................................

...THE ONTARIO OR CLIMATE SUMMARY FOR DECEMBER 26 2014...

CLIMATE NORMAL PERIOD 1981 TO 2010
CLIMATE RECORD PERIOD 1948 TO 2014


WEATHER ITEM   OBSERVED TIME   RECORD YEAR NORMAL DEPARTURE LAST
                VALUE   (LST)  VALUE       VALUE  FROM      YEAR
                                                  NORMAL
..................................................................
TEMPERATURE (F)
 YESTERDAY
  MAXIMUM         43    332 PM  55    1955  34      9       22
  MINIMUM         26   1150 PM  -8    1985  19      7        5
  AVERAGE         35                        26      9       14

PRECIPITATION (IN)
  YESTERDAY        0.00          0.39 1951   0.06  -0.06     0.00
  MONTH TO DATE    2.38                      1.40   0.98     0.45
  SINCE OCT 1      4.30                      3.13   1.17     1.51
  SINCE JAN 1     10.26                      9.78   0.48     5.28

DEGREE DAYS
 HEATING
  YESTERDAY       30                        39     -9       51
  MONTH TO DATE  670                       961   -291     1170
  SINCE DEC 1    670                       961   -291     1170
  SINCE JUL 1   1951                      2389   -438     2565

 COOLING
  YESTERDAY        0                         0      0        0
  MONTH TO DATE    0                         0      0        0
  SINCE DEC 1      0                         0      0        0
  SINCE JAN 1   1088                       852    236     1299
..................................................................


WIND (MPH)
  HIGHEST WIND SPEED    22   HIGHEST WIND DIRECTION    NW (320)
  HIGHEST GUST SPEED    25   HIGHEST GUST DIRECTION    NW (320)
  AVERAGE WIND SPEED     8.8


SKY COVER
  AVERAGE SKY COVER 0.4


WEATHER CONDITIONS
 THE FOLLOWING WEATHER WAS RECORDED YESTERDAY.
  NO SIGNIFICANT WEATHER WAS OBSERVED.


RELATIVE HUMIDITY (PERCENT)
 HIGHEST    81          1000 PM
 LOWEST     43           400 PM
 AVERAGE    62

..........................................................


THE ONTARIO OR CLIMATE NORMALS FOR TODAY
                         NORMAL    RECORD    YEAR
 MAXIMUM TEMPERATURE (F)   34        53      1976
 MINIMUM TEMPERATURE (F)   19        -9      1985


SUNRISE AND SUNSET
DECEMBER 27 2014......SUNRISE   822 AM MST   SUNSET   517 PM MST
DECEMBER 28 2014......SUNRISE   822 AM MST   SUNSET   517 PM MST


-  INDICATES NEGATIVE NUMBERS.
R  INDICATES RECORD WAS SET OR TIED.
MM INDICATES DATA IS MISSING.
T  INDICATES TRACE AMOUNT.




$$
