000
CDUS45 KBOI 140931
CLIONO


CLIMATE REPORT
NATIONAL WEATHER SERVICE BOISE ID
231 AM MST SUN FEB 14 2016


...................................

...THE ONTARIO OR CLIMATE SUMMARY FOR FEBRUARY 13 2016...

CLIMATE NORMAL PERIOD 1981 TO 2010
CLIMATE RECORD PERIOD 1948 TO 2016


WEATHER ITEM   OBSERVED TIME   RECORD YEAR NORMAL DEPARTURE LAST
                VALUE   (LST)  VALUE       VALUE  FROM      YEAR
                                                  NORMAL
..................................................................
TEMPERATURE (F)
 YESTERDAY
  MAXIMUM         54    325 PM  56    2011  42     12       55
                                      1967
  MINIMUM         27    818 AM   2    1989  23      4       28
  AVERAGE         41                        32      9       42

PRECIPITATION (IN)
  YESTERDAY        T             0.65 1986   0.03  -0.03     0.00
  MONTH TO DATE    0.09                      0.36  -0.27     0.69
  SINCE OCT 1      5.59                      4.95   0.64     5.71
  SINCE JAN 1      0.84                      1.54  -0.70     1.25

DEGREE DAYS
 HEATING
  YESTERDAY       24                        32     -8       23
  MONTH TO DATE  401                       442    -41      259
  SINCE DEC 1   2526                      2757   -231     2173
  SINCE JUL 1   3651                      4185   -534     3454

 COOLING
  YESTERDAY        0                         0      0        0
  MONTH TO DATE    0                         0      0        0
  SINCE DEC 1      0                         0      0        0
  SINCE JAN 1      0                         0      0        0
..................................................................


WIND (MPH)
  HIGHEST WIND SPEED     9   HIGHEST WIND DIRECTION    NW (330)
  HIGHEST GUST SPEED    10   HIGHEST GUST DIRECTION    NW (320)
  AVERAGE WIND SPEED     2.7


SKY COVER
  AVERAGE SKY COVER 0.4


WEATHER CONDITIONS
 THE FOLLOWING WEATHER WAS RECORDED YESTERDAY.
  LIGHT RAIN
  FOG
  HAZE


RELATIVE HUMIDITY (PERCENT)
 HIGHEST    89          1200 AM
 LOWEST     35           400 PM
 AVERAGE    62

..........................................................


THE ONTARIO OR CLIMATE NORMALS FOR TODAY
                         NORMAL    RECORD    YEAR
 MAXIMUM TEMPERATURE (F)   43        63      2015
 MINIMUM TEMPERATURE (F)   23        -3      1989


SUNRISE AND SUNSET
FEBRUARY 14 2016......SUNRISE   749 AM MST   SUNSET   616 PM MST
FEBRUARY 15 2016......SUNRISE   748 AM MST   SUNSET   617 PM MST


-  INDICATES NEGATIVE NUMBERS.
R  INDICATES RECORD WAS SET OR TIED.
MM INDICATES DATA IS MISSING.
T  INDICATES TRACE AMOUNT.




$$
