000
CDUS45 KBOI 190932
CLIONO


CLIMATE REPORT
NATIONAL WEATHER SERVICE BOISE ID
231 AM MST SUN FEB 19 2017


...................................

...THE ONTARIO OR CLIMATE SUMMARY FOR FEBRUARY 18 2017...

CLIMATE NORMAL PERIOD 1981 TO 2010
CLIMATE RECORD PERIOD 1948 TO 2017


WEATHER ITEM   OBSERVED TIME   RECORD YEAR NORMAL DEPARTURE LAST
                VALUE   (LST)  VALUE       VALUE  FROM      YEAR
                                                  NORMAL
..................................................................
TEMPERATURE (F)
 YESTERDAY
  MAXIMUM         41    321 PM  61    1965  45     -4       58
  MINIMUM         32   1159 PM  -1    1952  24      8       43
  AVERAGE         37                        34      3       51

PRECIPITATION (IN)
  YESTERDAY        0.41R         0.26 1980   0.02   0.39     0.03
  MONTH TO DATE    1.27                      0.49   0.78     0.23
  SINCE OCT 1      7.90                      5.08   2.82     5.73
  SINCE JAN 1      4.58                      1.67   2.91     0.98

DEGREE DAYS
 HEATING
  YESTERDAY       28                        31     -3       14
  MONTH TO DATE  602                       599      3      487
  SINCE DEC 1   3466                      2914    552     2612
  SINCE JUL 1   4557                      4342    215     3737

 COOLING
  YESTERDAY        0                         0      0        0
  MONTH TO DATE    0                         0      0        0
  SINCE DEC 1      0                         0      0        0
  SINCE JAN 1      0                         0      0        0
..................................................................


WIND (MPH)
  HIGHEST WIND SPEED    17   HIGHEST WIND DIRECTION     W (250)
  HIGHEST GUST SPEED    20   HIGHEST GUST DIRECTION     W (250)
  AVERAGE WIND SPEED     4.2


SKY COVER
  AVERAGE SKY COVER 1.0


WEATHER CONDITIONS
 THE FOLLOWING WEATHER WAS RECORDED YESTERDAY.
  RAIN
  LIGHT RAIN
  FOG
  FOG W/VISIBILITY <= 1/4 MILE


RELATIVE HUMIDITY (PERCENT)
 HIGHEST   100           500 AM
 LOWEST     92          1200 AM
 AVERAGE    96

..........................................................


THE ONTARIO OR CLIMATE NORMALS FOR TODAY
                         NORMAL    RECORD    YEAR
 MAXIMUM TEMPERATURE (F)   45        62      1996
 MINIMUM TEMPERATURE (F)   24         8      2006


SUNRISE AND SUNSET
FEBRUARY 19 2017......SUNRISE   741 AM MST   SUNSET   624 PM MST
FEBRUARY 20 2017......SUNRISE   739 AM MST   SUNSET   625 PM MST


-  INDICATES NEGATIVE NUMBERS.
R  INDICATES RECORD WAS SET OR TIED.
MM INDICATES DATA IS MISSING.
T  INDICATES TRACE AMOUNT.




$$
