000
CDUS45 KBOI 260932
CLIONO


CLIMATE REPORT
NATIONAL WEATHER SERVICE BOISE ID
331 AM MDT WED APR 26 2017


...................................

...THE ONTARIO OR CLIMATE SUMMARY FOR APRIL 25 2017...

CLIMATE NORMAL PERIOD 1981 TO 2010
CLIMATE RECORD PERIOD 1948 TO 2017


WEATHER ITEM   OBSERVED TIME   RECORD YEAR NORMAL DEPARTURE LAST
                VALUE   (LST)  VALUE       VALUE  FROM      YEAR
                                                  NORMAL
..................................................................
TEMPERATURE (F)
 YESTERDAY
  MAXIMUM         62    553 PM  93    1977  68     -6       64
  MINIMUM         39    620 AM  24    2002  38      1       46
  AVERAGE         51                        53     -2       55

PRECIPITATION (IN)
  YESTERDAY        0.01          0.42 1975   0.03  -0.02      T
  MONTH TO DATE    0.97                      0.66   0.31     0.46
  SINCE OCT 1     10.73                      7.06   3.67     6.68
  SINCE JAN 1      7.41                      3.65   3.76     1.93

DEGREE DAYS
 HEATING
  YESTERDAY       14                        12      2       10
  MONTH TO DATE  362                       383    -21      228
  SINCE MAR 1    914                      1053   -139      771
  SINCE JUL 1   5788                      5683    105     4761

 COOLING
  YESTERDAY        0                         0      0        0
  MONTH TO DATE    0                         0      0        0
  SINCE MAR 1      0                         0      0        0
  SINCE JAN 1      0                         0      0        0
..................................................................


WIND (MPH)
  HIGHEST WIND SPEED    22   HIGHEST WIND DIRECTION    SW (230)
  HIGHEST GUST SPEED    29   HIGHEST GUST DIRECTION    SW (230)
  AVERAGE WIND SPEED    10.0


SKY COVER
  AVERAGE SKY COVER 0.4


WEATHER CONDITIONS
 THE FOLLOWING WEATHER WAS RECORDED YESTERDAY.
  NO SIGNIFICANT WEATHER WAS OBSERVED.


RELATIVE HUMIDITY (PERCENT)
 HIGHEST    79           400 AM
 LOWEST     30           600 PM
 AVERAGE    55

..........................................................


THE ONTARIO OR CLIMATE NORMALS FOR TODAY
                         NORMAL    RECORD    YEAR
 MAXIMUM TEMPERATURE (F)   68        88      1987
 MINIMUM TEMPERATURE (F)   38        27      2008
                                             1969


SUNRISE AND SUNSET
APRIL 26 2017.........SUNRISE   647 AM MDT   SUNSET   846 PM MDT
APRIL 27 2017.........SUNRISE   645 AM MDT   SUNSET   847 PM MDT


-  INDICATES NEGATIVE NUMBERS.
R  INDICATES RECORD WAS SET OR TIED.
MM INDICATES DATA IS MISSING.
T  INDICATES TRACE AMOUNT.




$$
