000
CDUS46 KSGX 200120
CLIONT


CLIMATE REPORT
NATIONAL WEATHER SERVICE SAN DIEGO, CA
520 PM PST SUN FEB 19 2017


...................................

...THE ONTARIO INTL AIRPORT CA CLIMATE SUMMARY FOR FEBRUARY 19 2017...
VALID TODAY AS OF 0500 PM LOCAL TIME.

CLIMATE NORMAL PERIOD 1981 TO 2010
CLIMATE RECORD PERIOD 1998 TO 2017


WEATHER ITEM   OBSERVED TIME   RECORD YEAR NORMAL DEPARTURE LAST
                VALUE   (LST)  VALUE       VALUE  FROM      YEAR
                                                  NORMAL
..................................................................
TEMPERATURE (F)
 TODAY
  MAXIMUM         58   1205 PM  77    2015  66     -8       69
  MINIMUM         49    312 AM  38    2009  46      3       48
  AVERAGE         54                        56     -2       59

PRECIPITATION (IN)
  TODAY            T             1.80 2005   0.14  -0.14     0.00
  MONTH TO DATE    2.20                      2.25  -0.05     0.43
  SINCE OCT 1     14.46                      9.73   4.73     4.74
  SINCE JAN 1      9.58                      5.56   4.02     2.62

DEGREE DAYS
 HEATING
  TODAY           11                         9      2        6
  MONTH TO DATE  143                       188    -45       93
  SINCE DEC 1    853                       855     -2      802
  SINCE JUL 1    983                      1077    -94      999

 COOLING
  TODAY            0                         0      0        0
  MONTH TO DATE    1                         0      1       35
  SINCE DEC 1      1                         5     -4       37
  SINCE JAN 1      1                         3     -2       35
..................................................................


WIND (MPH)
  RESULTANT WIND SPEED   5   RESULTANT WIND DIRECTION   W (250)
  HIGHEST WIND SPEED    12   HIGHEST WIND DIRECTION    SW (240)
  HIGHEST GUST SPEED    15   HIGHEST GUST DIRECTION    SW (230)
  AVERAGE WIND SPEED     5.5


SKY COVER
  POSSIBLE SUNSHINE  MM
  AVERAGE SKY COVER 0.8


WEATHER CONDITIONS
 THE FOLLOWING WEATHER WAS RECORDED TODAY.
  LIGHT RAIN


RELATIVE HUMIDITY (PERCENT)
 HIGHEST    96          1200 AM
 LOWEST     72           200 PM
 AVERAGE    84

..........................................................


THE ONTARIO INTL AIRPORT CA CLIMATE NORMALS FOR TOMORROW
                         NORMAL    RECORD    YEAR
 MAXIMUM TEMPERATURE (F)   66        82      2014
 MINIMUM TEMPERATURE (F)   46        36      2006


SUNRISE AND SUNSET
FEBRUARY 19 2017......SUNRISE   631 AM PST   SUNSET   538 PM PST
FEBRUARY 20 2017......SUNRISE   629 AM PST   SUNSET   539 PM PST


-  INDICATES NEGATIVE NUMBERS.
R  INDICATES RECORD WAS SET OR TIED.
MM INDICATES DATA IS MISSING.
T  INDICATES TRACE AMOUNT.




$$
