000
CDUS46 KSGX 211141
CLIONT


CLIMATE REPORT
NATIONAL WEATHER SERVICE SAN DIEGO, CA
430 AM PDT SAT OCT 21 2017


...................................

...THE ONTARIO INTL AIRPORT CA CLIMATE SUMMARY FOR OCTOBER 20 2017...

CLIMATE NORMAL PERIOD 1981 TO 2010
CLIMATE RECORD PERIOD 1998 TO 2017


WEATHER ITEM   OBSERVED TIME   RECORD YEAR NORMAL DEPARTURE LAST
                VALUE   (LST)  VALUE       VALUE  FROM      YEAR
                                                  NORMAL
..................................................................
TEMPERATURE (F)
 YESTERDAY
  MAXIMUM         73   1227 PM 101    2003  80     -7       96
  MINIMUM         57   1149 PM  49    2002  54      3       55
  AVERAGE         65                        67     -2       76

PRECIPITATION (IN)
  YESTERDAY        0.00          1.97 2004   0.02  -0.02     0.00
  MONTH TO DATE    0.00                      0.31  -0.31     0.06
  SINCE OCT 1      0.00                      0.31  -0.31     0.06
  SINCE JAN 1     10.85                     11.18  -0.33     5.65

DEGREE DAYS
 HEATING
  YESTERDAY        0                         2     -2        0
  MONTH TO DATE    0                        17    -17        1
  SINCE SEP 1      1                        20    -19        2
  SINCE JUL 1      1                        20    -19        2

 COOLING
  YESTERDAY        0                         4     -4       11
  MONTH TO DATE  145                       102     43      112
  SINCE SEP 1    484                       430     54      443
  SINCE JAN 1   2123                      1653    470     1974
..................................................................


WIND (MPH)
  RESULTANT WIND SPEED   9   RESULTANT WIND DIRECTION  SW (240)
  HIGHEST WIND SPEED    17   HIGHEST WIND DIRECTION    SW (230)
  HIGHEST GUST SPEED    23   HIGHEST GUST DIRECTION    SW (230)
  AVERAGE WIND SPEED    10.3


SKY COVER
  POSSIBLE SUNSHINE  MM
  AVERAGE SKY COVER 0.7


WEATHER CONDITIONS
 THE FOLLOWING WEATHER WAS RECORDED YESTERDAY.
  NO SIGNIFICANT WEATHER WAS OBSERVED.


RELATIVE HUMIDITY (PERCENT)
 HIGHEST    90          1200 AM
 LOWEST     46          1200 PM
 AVERAGE    68

..........................................................


THE ONTARIO INTL AIRPORT CA CLIMATE NORMALS FOR TODAY
                         NORMAL    RECORD    YEAR
 MAXIMUM TEMPERATURE (F)   80       101      2003
 MINIMUM TEMPERATURE (F)   54        50      2004


SUNRISE AND SUNSET
OCTOBER 21 2017.......SUNRISE   701 AM PDT   SUNSET   609 PM PDT
OCTOBER 22 2017.......SUNRISE   702 AM PDT   SUNSET   608 PM PDT


-  INDICATES NEGATIVE NUMBERS.
R  INDICATES RECORD WAS SET OR TIED.
MM INDICATES DATA IS MISSING.
T  INDICATES TRACE AMOUNT.




$$
