000
CDUS46 KSGX 300017
CLIONT


CLIMATE REPORT
NATIONAL WEATHER SERVICE SAN DIEGO, CA
517 PM PDT WED OCT 29 2014


...................................

...THE ONTARIO INTL AIRPORT CA CLIMATE SUMMARY FOR OCTOBER 29 2014...
VALID TODAY AS OF 0500 PM LOCAL TIME.

CLIMATE NORMAL PERIOD 1981 TO 2010
CLIMATE RECORD PERIOD 1998 TO 2014


WEATHER ITEM   OBSERVED TIME   RECORD YEAR NORMAL DEPARTURE LAST
                VALUE   (LST)  VALUE       VALUE  FROM      YEAR
                                                  NORMAL
..................................................................
TEMPERATURE (F)
 TODAY
  MAXIMUM         90    304 PM  95    2008  78     12       65
  MINIMUM         57    546 AM  43    2009  52      5       48
  AVERAGE         74                        65      9       57

PRECIPITATION (IN)
  TODAY            0.00          0.39 2000   0.04  -0.04      T
  MONTH TO DATE    0.00                      0.57  -0.57     0.20
  SINCE JUL 1      0.25                      1.06  -0.81     0.24
  SINCE JAN 1      3.74                     11.44  -7.70     3.03

SNOWFALL (IN)
  TODAY            0.0
  MONTH TO DATE    0.0
  SINCE JAN 1      0.0
  SINCE JUL 1      0.0
  SNOW DEPTH       0

DEGREE DAYS
 HEATING
  TODAY            0                         3     -3        8
  MONTH TO DATE    0                        37    -37       37
  SINCE SEP 1      0                        40    -40       37
  SINCE JUL 1      0                        40    -40       37

 COOLING
  TODAY            9                         2      7        0
  MONTH TO DATE  253                       128    125      103
  SINCE SEP 1    727                       456    271      499
  SINCE JAN 1   2346                      1679    667     1972
..................................................................


WIND (MPH)
  RESULTANT WIND SPEED   1   RESULTANT WIND DIRECTION   W (260)
  HIGHEST WIND SPEED    15   HIGHEST WIND DIRECTION     W (270)
  HIGHEST GUST SPEED    19   HIGHEST GUST DIRECTION     W (270)
  AVERAGE WIND SPEED     3.6


SKY COVER
  POSSIBLE SUNSHINE  MM
  AVERAGE SKY COVER 0.0


WEATHER CONDITIONS
 THE FOLLOWING WEATHER WAS RECORDED TODAY.
  NO SIGNIFICANT WEATHER WAS OBSERVED.


RELATIVE HUMIDITY (PERCENT)
 HIGHEST    78          1200 AM
 LOWEST     11           300 PM
 AVERAGE    45

..........................................................


THE ONTARIO INTL AIRPORT CA CLIMATE NORMALS FOR TOMORROW
                         NORMAL    RECORD    YEAR
 MAXIMUM TEMPERATURE (F)   78        91      1999
 MINIMUM TEMPERATURE (F)   52        45      2009


SUNRISE AND SUNSET
OCTOBER 29 2014.......SUNRISE   707 AM PDT   SUNSET   600 PM PDT
OCTOBER 30 2014.......SUNRISE   708 AM PDT   SUNSET   559 PM PDT


-  INDICATES NEGATIVE NUMBERS.
R  INDICATES RECORD WAS SET OR TIED.
MM INDICATES DATA IS MISSING.
T  INDICATES TRACE AMOUNT.




$$
