000
CDUS43 KLOT 072238
CLIORD


CLIMATE REPORT
NATIONAL WEATHER SERVICE CHICAGO IL
438 PM CST SUN FEB 7 2016


...................................

...THE CHICAGO-OHARE IL CLIMATE SUMMARY FOR FEBRUARY 7 2016...
VALID TODAY AS OF 0400 PM LOCAL TIME.

CLIMATE NORMAL PERIOD 1981 TO 2010
CLIMATE RECORD PERIOD 1871 TO 2016


WEATHER ITEM   OBSERVED TIME   RECORD YEAR NORMAL DEPARTURE LAST
                VALUE   (LST)  VALUE       VALUE  FROM      YEAR
                                                  NORMAL
..................................................................
TEMPERATURE (F)
 TODAY
  MAXIMUM         43    341 PM  59    1925  33     10       41
  MINIMUM         34    105 AM -10    1875  18     16       18
  AVERAGE         39                        25     14       30

PRECIPITATION (IN)
  TODAY            0.00          1.34 1881   0.06  -0.06     0.00
  MONTH TO DATE    0.81                      0.36   0.45     1.03
  SINCE DEC 1      6.52                      4.34   2.18     3.23
  SINCE JAN 1      1.65                      2.09  -0.44     2.44

SNOWFALL (IN)
  TODAY            0.0           8.6  1933   0.4   -0.4      0.0
  MONTH TO DATE    T                         2.5   -2.5     19.9
  SINCE DEC 1     10.8                      21.8  -11.0     33.8
  SINCE JUL 1     22.0                      23.2   -1.2     36.7

DEGREE DAYS
 HEATING
  TODAY           26                        40    -14       35
  MONTH TO DATE  221                       281    -60      329
  SINCE DEC 1   2260                      2715   -455     2661
  SINCE JUL 1   3233                      3971   -738     4104

 COOLING
  TODAY            0                         0      0        0
  MONTH TO DATE    0                         0      0        0
  SINCE DEC 1      0                         0      0        0
  SINCE JAN 1      0                         0      0        0
..................................................................


WIND (MPH)
  HIGHEST WIND SPEED    22   HIGHEST WIND DIRECTION     W (250)
  HIGHEST GUST SPEED    29   HIGHEST GUST DIRECTION     W (250)
  AVERAGE WIND SPEED    13.9


SKY COVER
  POSSIBLE SUNSHINE  MM
  AVERAGE SKY COVER 0.7


WEATHER CONDITIONS
 THE FOLLOWING WEATHER WAS RECORDED TODAY.
  NO SIGNIFICANT WEATHER WAS OBSERVED.


RELATIVE HUMIDITY (PERCENT)
 HIGHEST    82          1200 AM
 LOWEST     60          1100 AM
 AVERAGE    71

..........................................................


THE CHICAGO-OHARE IL CLIMATE NORMALS FOR TOMORROW
                         NORMAL    RECORD    YEAR
 MAXIMUM TEMPERATURE (F)   33        62      1925
                                             1900
 MINIMUM TEMPERATURE (F)   18       -17      1899


SUNRISE AND SUNSET
FEBRUARY  7 2016......SUNRISE   658 AM CST   SUNSET   514 PM CST
FEBRUARY  8 2016......SUNRISE   657 AM CST   SUNSET   515 PM CST


-  INDICATES NEGATIVE NUMBERS.
R  INDICATES RECORD WAS SET OR TIED.
MM INDICATES DATA IS MISSING.
T  INDICATES TRACE AMOUNT.




$$
