000
CDUS41 KAKQ 240628
CLIORF


CLIMATE REPORT
NATIONAL WEATHER SERVICE WAKEFIELD, VA
127 AM EST SAT FEB 24 2018


...................................

...THE NORFOLK VA CLIMATE SUMMARY FOR FEBRUARY 23 2018...

CLIMATE NORMAL PERIOD 1981 TO 2010
CLIMATE RECORD PERIOD 1871 TO 2018


WEATHER ITEM   OBSERVED TIME   RECORD YEAR NORMAL DEPARTURE LAST
                VALUE   (LST)  VALUE       VALUE  FROM      YEAR
                                                  NORMAL
..................................................................
TEMPERATURE (F)
 YESTERDAY
  MAXIMUM         51   1159 PM  79    1975  52     -1       76
  MINIMUM         45    411 AM  15    1963  36      9       55
  AVERAGE         48                        44      4       66

PRECIPITATION (IN)
  YESTERDAY        T             1.03 1998   0.12  -0.12     0.01
  MONTH TO DATE    1.71                      2.55  -0.84     0.66
  SINCE DEC 1      7.62                      9.21  -1.59     7.61
  SINCE JAN 1      5.22                      5.95  -0.73     5.07

SNOWFALL (IN)
  YESTERDAY        0.0           5.0  1901   0.0    0.0
  MONTH TO DATE    T                         1.7   -1.7
  SINCE NOV 1     13.1                       5.3    7.8
  SINCE JUL 1     13.1                       5.3    7.8
  SNOW DEPTH       0

DEGREE DAYS
 HEATING
  YESTERDAY       17                        21     -4        0
  MONTH TO DATE  353                       524   -171      343
  SINCE DEC 1   1886                      1936    -50     1558
  SINCE JUL 1   2312                      2466   -154     2021

 COOLING
  YESTERDAY        0                         0      0        1
  MONTH TO DATE   14                         0     14        1
  SINCE DEC 1     15                         1     14        1
  SINCE JAN 1     15                         0     15        1
..................................................................


WIND (MPH)
  HIGHEST WIND SPEED    15   HIGHEST WIND DIRECTION     N (360)
  HIGHEST GUST SPEED    19   HIGHEST GUST DIRECTION     N (10)
  AVERAGE WIND SPEED     7.0


SKY COVER
  POSSIBLE SUNSHINE  MM
  AVERAGE SKY COVER 1.0


WEATHER CONDITIONS
 THE FOLLOWING WEATHER WAS RECORDED YESTERDAY.
  LIGHT RAIN
  FOG
  FOG W/VISIBILITY <= 1/4 MILE


RELATIVE HUMIDITY (PERCENT)
 HIGHEST   100          1200 AM
 LOWEST     93           200 AM
 AVERAGE    97

..........................................................


THE NORFOLK VA CLIMATE NORMALS FOR TODAY
                         NORMAL    RECORD    YEAR
 MAXIMUM TEMPERATURE (F)   53        82      2012
 MINIMUM TEMPERATURE (F)   36        16      1947
                                             1914
                                             1901


SUNRISE AND SUNSET
FEBRUARY 24 2018......SUNRISE   642 AM EST   SUNSET   554 PM EST
FEBRUARY 25 2018......SUNRISE   641 AM EST   SUNSET   555 PM EST


-  INDICATES NEGATIVE NUMBERS.
R  INDICATES RECORD WAS SET OR TIED.
MM INDICATES DATA IS MISSING.
T  INDICATES TRACE AMOUNT.




$$
