945
CDUS41 KAKQ 110645
CLIORF


CLIMATE REPORT
NATIONAL WEATHER SERVICE WAKEFIELD, VA
145 AM EST SUN DEC 11 2016


...................................

...THE NORFOLK VA CLIMATE SUMMARY FOR DECEMBER 10 2016...

CLIMATE NORMAL PERIOD 1981 TO 2010
CLIMATE RECORD PERIOD 1871 TO 2016


WEATHER ITEM   OBSERVED TIME   RECORD YEAR NORMAL DEPARTURE LAST
                VALUE   (LST)  VALUE       VALUE  FROM      YEAR
                                                  NORMAL
..................................................................
TEMPERATURE (F)
 YESTERDAY
  MAXIMUM         40    314 PM  78    2007  54    -14       66
  MINIMUM         31   1141 PM  11    1876  37     -6       47
  AVERAGE         36                        45     -9       57

PRECIPITATION (IN)
  YESTERDAY        0.00          1.75 1882   0.11  -0.11     0.04
  MONTH TO DATE    1.63                      1.06   0.57     0.56
  SINCE DEC 1      1.63                      1.06   0.57     0.56
  SINCE JAN 1     67.95                     44.33  23.62    47.38

SNOWFALL (IN)
  YESTERDAY        0.0           1.0  1934   0.0    0.0
  MONTH TO DATE    0.0                       0.1   -0.1
  SINCE NOV 1      0.0                       0.1   -0.1
  SINCE JUL 1      0.0                       0.1   -0.1
  SNOW DEPTH       0

DEGREE DAYS
 HEATING
  YESTERDAY       29                        20      9        8
  MONTH TO DATE  181                       184     -3      134
  SINCE DEC 1    181                       184     -3      134
  SINCE JUL 1    644                       714    -70      473

 COOLING
  YESTERDAY        0                         0      0        0
  MONTH TO DATE    0                         0      0        0
  SINCE DEC 1      0                         0      0        0
  SINCE JAN 1   1998                      1628    370     1945
..................................................................


WIND (MPH)
  HIGHEST WIND SPEED    16   HIGHEST WIND DIRECTION     N (350)
  HIGHEST GUST SPEED    24   HIGHEST GUST DIRECTION    NW (330)
  AVERAGE WIND SPEED     5.4


SKY COVER
  POSSIBLE SUNSHINE  MM
  AVERAGE SKY COVER 0.0


WEATHER CONDITIONS
 THE FOLLOWING WEATHER WAS RECORDED YESTERDAY.
  NO SIGNIFICANT WEATHER WAS OBSERVED.


RELATIVE HUMIDITY (PERCENT)
 HIGHEST    58           600 AM
 LOWEST     37           100 PM
 AVERAGE    48

..........................................................


THE NORFOLK VA CLIMATE NORMALS FOR TODAY
                         NORMAL    RECORD    YEAR
 MAXIMUM TEMPERATURE (F)   53        75      1971
 MINIMUM TEMPERATURE (F)   37        16      1880


SUNRISE AND SUNSET
DECEMBER 11 2016......SUNRISE   708 AM EST   SUNSET   449 PM EST
DECEMBER 12 2016......SUNRISE   709 AM EST   SUNSET   449 PM EST


-  INDICATES NEGATIVE NUMBERS.
R  INDICATES RECORD WAS SET OR TIED.
MM INDICATES DATA IS MISSING.
T  INDICATES TRACE AMOUNT.




$$
