000
CDUS41 KAKQ 182148
CLIORF


CLIMATE REPORT
NATIONAL WEATHER SERVICE WAKEFIELD, VA
547 PM EDT FRI AUG 18 2017


...................................

...THE NORFOLK VA CLIMATE SUMMARY FOR AUGUST 18 2017...
VALID TODAY AS OF 0500 PM LOCAL TIME.

CLIMATE NORMAL PERIOD 1981 TO 2010
CLIMATE RECORD PERIOD 1871 TO 2017


WEATHER ITEM   OBSERVED TIME   RECORD YEAR NORMAL DEPARTURE LAST
                VALUE   (LST)  VALUE       VALUE  FROM      YEAR
                                                  NORMAL
..................................................................
TEMPERATURE (F)
 TODAY
  MAXIMUM         96R   340 PM  94    1959  85     11       89
  MINIMUM         78    428 AM  58    1902  71      7       76
  AVERAGE         87

PRECIPITATION (IN)
  TODAY            T             6.03 1879   0.18  -0.18     0.00
  MONTH TO DATE    4.43                      3.34   1.09     3.19
  SINCE JUN 1     12.11                     12.74  -0.63    18.58
  SINCE JAN 1     33.93                     29.76   4.17    40.81

SNOWFALL (IN)
  TODAY            0.0
  MONTH TO DATE    0.0
  SINCE NOV 1      5.4
  SINCE JUL 1      0.0
  SNOW DEPTH       0

DEGREE DAYS
 HEATING
  TODAY            0                         0      0        0
  MONTH TO DATE    0                         0      0        0
  SINCE JUN 1      2                         6     -4        0
  SINCE JUL 1      0                         0      0        0

 COOLING
  TODAY           22                        13      9       18
  MONTH TO DATE  264                       244     20      324
  SINCE JUN 1   1194                      1013    181     1202
  SINCE JAN 1   1515                      1179    336     1359
..................................................................


WIND (MPH)
  RESULTANT WIND SPEED  10   RESULTANT WIND DIRECTION   S (200)
  HIGHEST WIND SPEED    18   HIGHEST WIND DIRECTION     S (200)
  HIGHEST GUST SPEED    23   HIGHEST GUST DIRECTION    SW (210)


SKY COVER
  POSSIBLE SUNSHINE  MM
  AVERAGE SKY COVER 0.5


WEATHER CONDITIONS
 THE FOLLOWING WEATHER WAS RECORDED TODAY.
  NO SIGNIFICANT WEATHER WAS OBSERVED.


RELATIVE HUMIDITY (PERCENT)
 HIGHEST    97
 LOWEST     58
 AVERAGE    78

..........................................................


THE NORFOLK VA CLIMATE NORMALS FOR TOMORROW
                         NORMAL    RECORD    YEAR
 MAXIMUM TEMPERATURE (F)   85        96      1954
                                             1912
 MINIMUM TEMPERATURE (F)   71        60      1879


SUNRISE AND SUNSET
AUGUST 18 2017........SUNRISE   624 AM EDT   SUNSET   752 PM EDT
AUGUST 19 2017........SUNRISE   625 AM EDT   SUNSET   751 PM EDT


-  INDICATES NEGATIVE NUMBERS.
R  INDICATES RECORD WAS SET OR TIED.
MM INDICATES DATA IS MISSING.
T  INDICATES TRACE AMOUNT.




$$
