117
CDUS41 KBOX 291325
CLIORH


CLIMATE REPORT
NATIONAL WEATHER SERVICE TAUNTON MA
925 AM EDT FRI JUL 29 2016


...................................

...THE WORCESTER MA CLIMATE SUMMARY FOR JULY 28 2016...

CLIMATE NORMAL PERIOD 1981 TO 2010
CLIMATE RECORD PERIOD 1892 TO 2016


WEATHER ITEM   OBSERVED TIME   RECORD YEAR NORMAL DEPARTURE LAST
                VALUE   (LST)  VALUE       VALUE  FROM      YEAR
                                                  NORMAL
..................................................................
TEMPERATURE (F)
 YESTERDAY
  MAXIMUM         87    445 PM  95    1892  79      8       86
  MINIMUM         68    445 AM  46    1946  62      6       66
  AVERAGE         78                        71      7       76

PRECIPITATION (IN)
  YESTERDAY        T             2.90 1934   0.13  -0.13      T
  MONTH TO DATE    1.52                      3.79  -2.27     2.53
  SINCE JUN 1      3.18                      7.98  -4.80     8.88
  SINCE JAN 1     18.90                     27.21  -8.31    23.18

SNOWFALL (IN)
  YESTERDAY        0.0           0.0  2002   0.0    0.0      0.0
                                      2001
                                      2000
  MONTH TO DATE    0.0                       0.0    0.0      0.0
  SINCE JUN 1      0.0                       0.0    0.0      0.0
  SINCE JUL 1      0.0                       0.0    0.0      0.0
  SNOW DEPTH       0

DEGREE DAYS
 HEATING
  YESTERDAY        0                         0      0        0
  MONTH TO DATE    9                         9      0        1
  SINCE JUN 1     60                        92    -32       95
  SINCE JUL 1      9                         9      0        1

 COOLING
  YESTERDAY       13                         6      7       11
  MONTH TO DATE  223                       159     64      188
  SINCE JUN 1    295                       243     52      272
  SINCE JAN 1    337                       265     72      338
..................................................................


WIND (MPH)
  RESULTANT WIND SPEED   5   RESULTANT WIND DIRECTION   W (260)
  HIGHEST WIND SPEED    20   HIGHEST WIND DIRECTION    SW (220)
  HIGHEST GUST SPEED    24   HIGHEST GUST DIRECTION    SW (210)
  AVERAGE WIND SPEED     6.8


SKY COVER
  POSSIBLE SUNSHINE  MM
  AVERAGE SKY COVER 0.2


WEATHER CONDITIONS
 THE FOLLOWING WEATHER WAS RECORDED YESTERDAY.
  LIGHT RAIN


RELATIVE HUMIDITY (PERCENT)
 HIGHEST    79           800 PM
 LOWEST     37           400 PM
 AVERAGE    58

..........................................................


THE WORCESTER MA CLIMATE NORMALS FOR TODAY
                         NORMAL    RECORD    YEAR
 MAXIMUM TEMPERATURE (F)   79        94      1892
 MINIMUM TEMPERATURE (F)   62        51      1937


SUNRISE AND SUNSET
JULY 29 2016..........SUNRISE   538 AM EDT   SUNSET   810 PM EDT
JULY 30 2016..........SUNRISE   539 AM EDT   SUNSET   808 PM EDT


-  INDICATES NEGATIVE NUMBERS.
R  INDICATES RECORD WAS SET OR TIED.
MM INDICATES DATA IS MISSING.
T  INDICATES TRACE AMOUNT.




$$
