000
CDUS41 KBOX 210548
CLIORH


CLIMATE REPORT
NATIONAL WEATHER SERVICE TAUNTON MA
147 AM EDT TUE OCT 21 2014


...................................

...THE WORCESTER MA CLIMATE SUMMARY FOR OCTOBER 20 2014...

CLIMATE NORMAL PERIOD 1981 TO 2010
CLIMATE RECORD PERIOD 1892 TO 2014


WEATHER ITEM   OBSERVED TIME   RECORD YEAR NORMAL DEPARTURE LAST
                VALUE   (LST)  VALUE       VALUE  FROM      YEAR
                                                  NORMAL
..................................................................
TEMPERATURE (F)
 YESTERDAY
  MAXIMUM         53    147 PM  76    1965  57     -4       57
                                      1963
                                      1929
  MINIMUM         29    622 AM  21    1972  40    -11       41
  AVERAGE         41                        49     -8       49

PRECIPITATION (IN)
  YESTERDAY        0.00          3.39 1996   0.14  -0.14     0.02
  MONTH TO DATE    4.19                      3.10   1.09     1.28
  SINCE SEP 1      6.91                      7.03  -0.12     4.51
  SINCE JAN 1     41.94                     38.39   3.55    37.53

SNOWFALL (IN)
  YESTERDAY        0.0           0.8  1926   0.0    0.0      0.0
  MONTH TO DATE    0.0                       0.1   -0.1      0.0
  SINCE SEP 1      0.0                       0.1   -0.1      0.0
  SINCE JUL 1      0.0                       0.1   -0.1      0.0
  SNOW DEPTH      MM

DEGREE DAYS
 HEATING
  YESTERDAY       24                        16      8       16
  MONTH TO DATE  223                       267    -44      179
  SINCE SEP 1    376                       421    -45      349
  SINCE JUL 1    396                       460    -64      368

 COOLING
  YESTERDAY        0                         0      0        0
  MONTH TO DATE    3                         0      3        1
  SINCE SEP 1     64                        42     22       41
  SINCE JAN 1    426                       468    -42      572
..................................................................


WIND (MPH)
  RESULTANT WIND SPEED   8   RESULTANT WIND DIRECTION  SW (240)
  HIGHEST WIND SPEED    18   HIGHEST WIND DIRECTION    SW (230)
  HIGHEST GUST SPEED    25   HIGHEST GUST DIRECTION     W (260)
  AVERAGE WIND SPEED     8.9


SKY COVER
  POSSIBLE SUNSHINE  MM
  AVERAGE SKY COVER 0.2


WEATHER CONDITIONS
 THE FOLLOWING WEATHER WAS RECORDED YESTERDAY.
  NO SIGNIFICANT WEATHER WAS OBSERVED.


RELATIVE HUMIDITY (PERCENT)
 HIGHEST    85           400 AM
 LOWEST     44           200 PM
 AVERAGE    65

..........................................................


THE WORCESTER MA CLIMATE NORMALS FOR TODAY
                         NORMAL    RECORD    YEAR
 MAXIMUM TEMPERATURE (F)   57        80      1920
 MINIMUM TEMPERATURE (F)   40        22      1952


SUNRISE AND SUNSET
OCTOBER 21 2014.......SUNRISE   707 AM EDT   SUNSET   556 PM EDT
OCTOBER 22 2014.......SUNRISE   708 AM EDT   SUNSET   555 PM EDT


-  INDICATES NEGATIVE NUMBERS.
R  INDICATES RECORD WAS SET OR TIED.
MM INDICATES DATA IS MISSING.
T  INDICATES TRACE AMOUNT.




$$
