000
CDUS41 KBOX 300533
CLIORH


CLIMATE REPORT
NATIONAL WEATHER SERVICE TAUNTON MA
133 AM EDT SUN APR 30 2017


...................................

...THE WORCESTER MA CLIMATE SUMMARY FOR APRIL 29 2017...

CLIMATE NORMAL PERIOD 1981 TO 2010
CLIMATE RECORD PERIOD 1892 TO 2017


WEATHER ITEM   OBSERVED TIME   RECORD YEAR NORMAL DEPARTURE LAST
                VALUE   (LST)  VALUE       VALUE  FROM      YEAR
                                                  NORMAL
..................................................................
TEMPERATURE (F)
 YESTERDAY
  MAXIMUM         79    234 PM  84    1901  61     18       56
  MINIMUM         55   1158 PM  28    1939  42     13       37
  AVERAGE         67                        51     16       47

PRECIPITATION (IN)
  YESTERDAY        0.00          1.85 1923   0.13  -0.13     0.00
  MONTH TO DATE    4.71                      3.98   0.73     2.63
  SINCE MAR 1      8.72                      8.19   0.53     6.12
  SINCE JAN 1     15.07                     14.91   0.16    13.51

SNOWFALL (IN)
  YESTERDAY        0.0           2.0  1987   0.1   -0.1      0.0
  MONTH TO DATE    2.9                       2.8    0.1     10.0
  SINCE MAR 1     20.5                      14.2    6.3     15.5
  SINCE JUL 1     78.3                      64.1   14.2     47.2
  SNOW DEPTH      MM

DEGREE DAYS
 HEATING
  YESTERDAY        0                        14    -14       18
  MONTH TO DATE  448                       557   -109      587
  SINCE MAR 1   1528                      1496     32     1356
  SINCE JUL 1   5805                      6333   -528     5415

 COOLING
  YESTERDAY        2                         0      2        0
  MONTH TO DATE   10                         0     10        4
  SINCE MAR 1     10                         0     10        4
  SINCE JAN 1     10                         0     10        4
..................................................................


WIND (MPH)
  RESULTANT WIND SPEED  13   RESULTANT WIND DIRECTION   W (260)
  HIGHEST WIND SPEED    31   HIGHEST WIND DIRECTION     W (290)
  HIGHEST GUST SPEED    42   HIGHEST GUST DIRECTION     W (280)
  AVERAGE WIND SPEED    13.3


SKY COVER
  POSSIBLE SUNSHINE  MM
  AVERAGE SKY COVER 0.5


WEATHER CONDITIONS
 THE FOLLOWING WEATHER WAS RECORDED YESTERDAY.
  NO SIGNIFICANT WEATHER WAS OBSERVED.


RELATIVE HUMIDITY (PERCENT)
 HIGHEST    78           300 AM
 LOWEST     39           300 PM
 AVERAGE    59

..........................................................


THE WORCESTER MA CLIMATE NORMALS FOR TODAY
                         NORMAL    RECORD    YEAR
 MAXIMUM TEMPERATURE (F)   61        84      1942
 MINIMUM TEMPERATURE (F)   42        28      1931


SUNRISE AND SUNSET
APRIL 30 2017.........SUNRISE   544 AM EDT   SUNSET   746 PM EDT
MAY  1 2017...........SUNRISE   543 AM EDT   SUNSET   747 PM EDT


-  INDICATES NEGATIVE NUMBERS.
R  INDICATES RECORD WAS SET OR TIED.
MM INDICATES DATA IS MISSING.
T  INDICATES TRACE AMOUNT.




$$
