000
CDUS46 KMFR 200836
CLIOTH


CLIMATE REPORT
NATIONAL WEATHER SERVICE MEDFORD, OR
136 AM PDT WED AUG 20 2014


...................................

...THE NORTH BEND OR CLIMATE SUMMARY FOR AUGUST 19 2014...

CLIMATE NORMAL PERIOD 1981 TO 2010
CLIMATE RECORD PERIOD 1902 TO 2014


WEATHER ITEM   OBSERVED TIME   RECORD YEAR NORMAL DEPARTURE LAST
                VALUE   (LST)  VALUE       VALUE  FROM      YEAR
                                                  NORMAL
..................................................................
TEMPERATURE (F)
 YESTERDAY
  MAXIMUM         70        MM  83    1939  66      4       72
  MINIMUM         57        MM  40    1916  53      4       55
  AVERAGE         64                        59      5       64

PRECIPITATION (IN)
  YESTERDAY        0.00          1.60 2007   0.02  -0.02     0.00
  MONTH TO DATE    0.01                      0.30  -0.29     0.05
  SINCE SEP 1     34.01                     64.59 -30.58    43.64
  SINCE JAN 1     22.44                     36.92 -14.48    17.54

SNOWFALL (IN)
  YESTERDAY       MM
  SNOW DEPTH      MM

DEGREE DAYS
 HEATING
  YESTERDAY        1                         6     -5        1
  MONTH TO DATE   80                       114    -34       34
  SINCE JUN 1    423                       578   -155      299
  SINCE JUL 1    226                       311    -85      129

 COOLING
  YESTERDAY        0                         0      0        0
  MONTH TO DATE    0                         0      0        1
  SINCE JUN 1      0                         0      0        1
  SINCE JAN 1     12                         0     12        5
..................................................................


WIND (MPH)
  HIGHEST WIND SPEED    17   HIGHEST WIND DIRECTION     N (350)
  HIGHEST GUST SPEED    25   HIGHEST GUST DIRECTION     N (350)
  AVERAGE WIND SPEED     9.8


SKY COVER
  POSSIBLE SUNSHINE  MM
  AVERAGE SKY COVER 0.9


WEATHER CONDITIONS
 THE FOLLOWING WEATHER WAS RECORDED YESTERDAY.
  NO SIGNIFICANT WEATHER WAS OBSERVED.


RELATIVE HUMIDITY (PERCENT)
 HIGHEST   100          1200 AM
 LOWEST     78           300 PM

..........................................................


THE NORTH BEND OR CLIMATE NORMALS FOR TODAY
                         NORMAL    RECORD    YEAR
 MAXIMUM TEMPERATURE (F)   66        89      1913
 MINIMUM TEMPERATURE (F)   53        36      1913


SUNRISE AND SUNSET
AUGUST 20 2014........SUNRISE   628 AM PDT   SUNSET   812 PM PDT
AUGUST 21 2014........SUNRISE   629 AM PDT   SUNSET   811 PM PDT


-  INDICATES NEGATIVE NUMBERS.
R  INDICATES RECORD WAS SET OR TIED.
MM INDICATES DATA IS MISSING.
T  INDICATES TRACE AMOUNT.




$$
