000
CDUS46 KMFR 240037
CLIOTH


CLIMATE REPORT
NATIONAL WEATHER SERVICE MEDFORD, OR
437 PM PST THU FEB 23 2017


...................................

...THE NORTH BEND OR CLIMATE SUMMARY FOR FEBRUARY 23 2017...
VALID TODAY AS OF 0400 PM LOCAL TIME.

CLIMATE NORMAL PERIOD 1981 TO 2010
CLIMATE RECORD PERIOD 1902 TO 2017


WEATHER ITEM   OBSERVED TIME   RECORD YEAR NORMAL DEPARTURE LAST
                VALUE   (LST)  VALUE       VALUE  FROM      YEAR
                                                  NORMAL
..................................................................
TEMPERATURE (F)
 TODAY
  MAXIMUM         46        MM  72    1921  53     -7       64
  MINIMUM         34        MM  24    1920  40     -6       39
  AVERAGE         40                        47     -7       52

PRECIPITATION (IN)
  TODAY            0.01          1.16 2010   0.27  -0.26     0.00
  MONTH TO DATE   13.17                      6.21   6.96     3.57
  SINCE OCT 1     56.20                     42.49  13.71    41.40
  SINCE JAN 1     22.05                     16.40   5.65    15.77

SNOWFALL (IN)
  TODAY           MM                         0.0   MM       MM
  MONTH TO DATE   MM                         0.3   MM       MM
  SINCE JUL 1      0.0                       0.4   -0.4      0.0
  SNOW DEPTH      MM

DEGREE DAYS
 HEATING
  TODAY           25                        18      7       13
  MONTH TO DATE  366                       431    -65      299
  SINCE DEC 1   1668                      1634     34     1239
  SINCE JUL 1   2664                      3086   -422     2246

 COOLING
  TODAY            0                         0      0        0
  MONTH TO DATE    0                         0      0        2
  SINCE DEC 1      0                         0      0        2
  SINCE JAN 1      0                         0      0        2
..................................................................


WIND (MPH)
  HIGHEST WIND SPEED    16   HIGHEST WIND DIRECTION     N (350)
  HIGHEST GUST SPEED    21   HIGHEST GUST DIRECTION     N (350)
  AVERAGE WIND SPEED     6.1


SKY COVER
  POSSIBLE SUNSHINE  MM
  AVERAGE SKY COVER 0.5


WEATHER CONDITIONS
 THE FOLLOWING WEATHER WAS RECORDED TODAY.
  NO SIGNIFICANT WEATHER WAS OBSERVED.


RELATIVE HUMIDITY (PERCENT)
 HIGHEST   100          1200 AM
 LOWEST     65           200 PM

..........................................................


THE NORTH BEND OR CLIMATE NORMALS FOR TOMORROW
                         NORMAL    RECORD    YEAR
 MAXIMUM TEMPERATURE (F)   53        71      1991
 MINIMUM TEMPERATURE (F)   41        23      1920


SUNRISE AND SUNSET
FEBRUARY 23 2017......SUNRISE   702 AM PST   SUNSET   559 PM PST
FEBRUARY 24 2017......SUNRISE   701 AM PST   SUNSET   600 PM PST


-  INDICATES NEGATIVE NUMBERS.
R  INDICATES RECORD WAS SET OR TIED.
MM INDICATES DATA IS MISSING.
T  INDICATES TRACE AMOUNT.




$$
