000
CDUS46 KMFR 010036
CLIOTH


CLIMATE REPORT
NATIONAL WEATHER SERVICE MEDFORD, OR
535 PM PDT SAT APR 30 2016


...................................

...THE NORTH BEND OR CLIMATE SUMMARY FOR APRIL 30 2016...
VALID TODAY AS OF 0500 PM LOCAL TIME.

CLIMATE NORMAL PERIOD 1981 TO 2010
CLIMATE RECORD PERIOD 1902 TO 2016


WEATHER ITEM   OBSERVED TIME   RECORD YEAR NORMAL DEPARTURE LAST
                VALUE   (LST)  VALUE       VALUE  FROM      YEAR
                                                  NORMAL
..................................................................
TEMPERATURE (F)
 TODAY
  MAXIMUM         59        MM  91    2014  57      2       61
  MINIMUM         48        MM  33    1937  45      3       43
  AVERAGE         54                        51      3       52

PRECIPITATION (IN)
  TODAY            0.00          1.02 1942   0.12  -0.12     0.00
  MONTH TO DATE    3.41                      5.17  -1.76     3.08
  SINCE OCT 1     55.56                     56.87  -1.31    41.94
  SINCE JAN 1     29.93                     30.78  -0.85    18.64

SNOWFALL (IN)
  TODAY           MM                         0.0   MM       MM
  MONTH TO DATE   MM                         0.0   MM       MM
  SINCE JUL 1      0.0                       0.4   -0.4     MM
  SNOW DEPTH      MM

DEGREE DAYS
 HEATING
  TODAY           11                        14     -3       13
  MONTH TO DATE  310                       475   -165      450
  SINCE MAR 1    733                      1012   -279      853
  SINCE JUL 1   3058                      4186  -1128     2957

 COOLING
  TODAY            0                         0      0        0
  MONTH TO DATE    6                         0      6        0
  SINCE MAR 1      6                         0      6        0
  SINCE JAN 1      8                         0      8        0
..................................................................


WIND (MPH)
  HIGHEST WIND SPEED    27   HIGHEST WIND DIRECTION     N (360)
  HIGHEST GUST SPEED    35   HIGHEST GUST DIRECTION     N (360)
  AVERAGE WIND SPEED    13.5


SKY COVER
  POSSIBLE SUNSHINE  MM
  AVERAGE SKY COVER 0.2


WEATHER CONDITIONS
 THE FOLLOWING WEATHER WAS RECORDED TODAY.
  NO SIGNIFICANT WEATHER WAS OBSERVED.


RELATIVE HUMIDITY (PERCENT)
 HIGHEST    86           500 AM
 LOWEST     62           100 PM

..........................................................


THE NORTH BEND OR CLIMATE NORMALS FOR TOMORROW
                         NORMAL    RECORD    YEAR
 MAXIMUM TEMPERATURE (F)   57        79      2014
 MINIMUM TEMPERATURE (F)   45        33      1954


SUNRISE AND SUNSET
APRIL 30 2016.........SUNRISE   610 AM PDT   SUNSET   819 PM PDT
MAY  1 2016...........SUNRISE   609 AM PDT   SUNSET   820 PM PDT


-  INDICATES NEGATIVE NUMBERS.
R  INDICATES RECORD WAS SET OR TIED.
MM INDICATES DATA IS MISSING.
T  INDICATES TRACE AMOUNT.




$$
