000
CDUS46 KMFR 160846
CLIOTH


CLIMATE REPORT
NATIONAL WEATHER SERVICE MEDFORD, OR
1246 AM PST SAT DEC 16 2017


...................................

...THE NORTH BEND OR CLIMATE SUMMARY FOR DECEMBER 15 2017...

CLIMATE NORMAL PERIOD 1981 TO 2010
CLIMATE RECORD PERIOD 1902 TO 2017


WEATHER ITEM   OBSERVED TIME   RECORD YEAR NORMAL DEPARTURE LAST
                VALUE   (LST)  VALUE       VALUE  FROM      YEAR
                                                  NORMAL
..................................................................
TEMPERATURE (F)
 YESTERDAY
  MAXIMUM         48        MM  70    1980  51     -3       48
  MINIMUM         37        MM  20    1921  39     -2       36
  AVERAGE         43                        45     -2       42

PRECIPITATION (IN)
  YESTERDAY        0.05          4.74 2002   0.35  -0.30     0.01
  MONTH TO DATE    1.25                      5.48  -4.23     5.32
  SINCE OCT 1     17.08                     20.44  -3.36    32.57
  SINCE JAN 1     65.43                     59.26   6.17    65.15

SNOWFALL (IN)
  YESTERDAY       MM
  SNOW DEPTH      MM

DEGREE DAYS
 HEATING
  YESTERDAY       22                        20      2       23
  MONTH TO DATE  268                       293    -25      301
  SINCE DEC 1    268                       293    -25      301
  SINCE JUL 1   1423                      1745   -322     1297

 COOLING
  YESTERDAY        0                         0      0        0
  MONTH TO DATE    0                         0      0        0
  SINCE DEC 1      0                         0      0        0
  SINCE JAN 1     10                         2      8       15
..................................................................


WIND (MPH)
  HIGHEST WIND SPEED     9   HIGHEST WIND DIRECTION    SE (130)
  HIGHEST GUST SPEED    MM   HIGHEST GUST DIRECTION    MM
  AVERAGE WIND SPEED     4.3


SKY COVER
  POSSIBLE SUNSHINE  MM
  AVERAGE SKY COVER 0.6


WEATHER CONDITIONS
 THE FOLLOWING WEATHER WAS RECORDED YESTERDAY.
  LIGHT RAIN
  FOG


RELATIVE HUMIDITY (PERCENT)
 HIGHEST   100           400 PM
 LOWEST     85           200 AM

..........................................................


THE NORTH BEND OR CLIMATE NORMALS FOR TODAY
                         NORMAL    RECORD    YEAR
 MAXIMUM TEMPERATURE (F)   51        65      1980
 MINIMUM TEMPERATURE (F)   39        24      1922


SUNRISE AND SUNSET
DECEMBER 16 2017......SUNRISE   744 AM PST   SUNSET   442 PM PST
DECEMBER 17 2017......SUNRISE   744 AM PST   SUNSET   442 PM PST


-  INDICATES NEGATIVE NUMBERS.
R  INDICATES RECORD WAS SET OR TIED.
MM INDICATES DATA IS MISSING.
T  INDICATES TRACE AMOUNT.




$$
