000
CDUS46 KMFR 250837
CLIOTH


CLIMATE REPORT
NATIONAL WEATHER SERVICE MEDFORD, OR
137 AM PDT FRI JUL 25 2014


...................................

...THE NORTH BEND OR CLIMATE SUMMARY FOR JULY 24 2014...

CLIMATE NORMAL PERIOD 1981 TO 2010
CLIMATE RECORD PERIOD 1902 TO 2014


WEATHER ITEM   OBSERVED TIME   RECORD YEAR NORMAL DEPARTURE LAST
                VALUE   (LST)  VALUE       VALUE  FROM      YEAR
                                                  NORMAL
..................................................................
TEMPERATURE (F)
 YESTERDAY
  MAXIMUM         68        MM  76    1926  65      3       57
  MINIMUM         55        MM  41    2010  53      2       50
  AVERAGE         62                        59      3       54

PRECIPITATION (IN)
  YESTERDAY        0.00          0.06 1991   0.01  -0.01     0.00
  MONTH TO DATE    0.00                      0.42  -0.42     0.00
  SINCE SEP 1     34.00                     64.21 -30.21    43.59
  SINCE JAN 1     22.43                     36.54 -14.11    17.49

SNOWFALL (IN)
  YESTERDAY       MM
  SNOW DEPTH      MM

DEGREE DAYS
 HEATING
  YESTERDAY        3                         6     -3       11
  MONTH TO DATE  103                       155    -52       48
  SINCE JUN 1    300                       422   -122      218
  SINCE JUL 1    103                       155    -52       48

 COOLING
  YESTERDAY        0                         0      0        0
  MONTH TO DATE    0                         0      0        0
  SINCE JUN 1      0                         0      0        0
  SINCE JAN 1     12                         0     12        4
..................................................................


WIND (MPH)
  HIGHEST WIND SPEED    22   HIGHEST WIND DIRECTION     N (360)
  HIGHEST GUST SPEED    27   HIGHEST GUST DIRECTION     N (360)
  AVERAGE WIND SPEED    10.0


SKY COVER
  POSSIBLE SUNSHINE  MM
  AVERAGE SKY COVER 0.5


WEATHER CONDITIONS
 THE FOLLOWING WEATHER WAS RECORDED YESTERDAY.
  NO SIGNIFICANT WEATHER WAS OBSERVED.


RELATIVE HUMIDITY (PERCENT)
 HIGHEST   100           200 AM
 LOWEST     73          1000 AM

..........................................................


THE NORTH BEND OR CLIMATE NORMALS FOR TODAY
                         NORMAL    RECORD    YEAR
 MAXIMUM TEMPERATURE (F)   65        77      1917
 MINIMUM TEMPERATURE (F)   53        42      1917


SUNRISE AND SUNSET
JULY 25 2014..........SUNRISE   600 AM PDT   SUNSET   847 PM PDT
JULY 26 2014..........SUNRISE   601 AM PDT   SUNSET   846 PM PDT


-  INDICATES NEGATIVE NUMBERS.
R  INDICATES RECORD WAS SET OR TIED.
MM INDICATES DATA IS MISSING.
T  INDICATES TRACE AMOUNT.




$$
