000
CDUS46 KMFR 250835
CLIOTH


CLIMATE REPORT
NATIONAL WEATHER SERVICE MEDFORD, OR
135 AM PDT MON SEP 25 2017


...................................

...THE NORTH BEND OR CLIMATE SUMMARY FOR SEPTEMBER 24 2017...

CLIMATE NORMAL PERIOD 1981 TO 2010
CLIMATE RECORD PERIOD 1902 TO 2017


WEATHER ITEM   OBSERVED TIME   RECORD YEAR NORMAL DEPARTURE LAST
                VALUE   (LST)  VALUE       VALUE  FROM      YEAR
                                                  NORMAL
..................................................................
TEMPERATURE (F)
 YESTERDAY
  MAXIMUM         66        MM  84    1913  64      2       72
  MINIMUM         50        MM  31    1908  49      1       54
  AVERAGE         58                        56      2       63

PRECIPITATION (IN)
  YESTERDAY        0.01          1.05 1950   0.06  -0.05     0.00
  MONTH TO DATE    1.04                      1.12  -0.08     0.34
  SINCE OCT 1     82.38                     64.45  17.93    58.21
  SINCE JAN 1     48.23                     38.36   9.87    32.58

SNOWFALL (IN)
  YESTERDAY       MM
  SNOW DEPTH      MM

DEGREE DAYS
 HEATING
  YESTERDAY        7                         9     -2        2
  MONTH TO DATE  120                       173    -53      131
  SINCE SEP 1    120                       173    -53      131
  SINCE JUL 1    427                       552   -125      419

 COOLING
  YESTERDAY        0                         0      0        0
  MONTH TO DATE    2                         0      2        0
  SINCE SEP 1      2                         0      2        0
  SINCE JAN 1      5                         1      4       15
..................................................................


WIND (MPH)
  HIGHEST WIND SPEED    20   HIGHEST WIND DIRECTION     N (350)
  HIGHEST GUST SPEED    23   HIGHEST GUST DIRECTION     N (350)
  AVERAGE WIND SPEED     7.3


SKY COVER
  POSSIBLE SUNSHINE  MM
  AVERAGE SKY COVER 0.4


WEATHER CONDITIONS
 THE FOLLOWING WEATHER WAS RECORDED YESTERDAY.
  LIGHT RAIN
  FOG
  FOG W/VISIBILITY <= 1/4 MILE


RELATIVE HUMIDITY (PERCENT)
 HIGHEST   100          1200 AM
 LOWEST     67          1200 PM

..........................................................


THE NORTH BEND OR CLIMATE NORMALS FOR TODAY
                         NORMAL    RECORD    YEAR
 MAXIMUM TEMPERATURE (F)   64        89      1985
 MINIMUM TEMPERATURE (F)   49        30      1908


SUNRISE AND SUNSET
SEPTEMBER 25 2017.....SUNRISE   708 AM PDT   SUNSET   708 PM PDT
SEPTEMBER 26 2017.....SUNRISE   709 AM PDT   SUNSET   706 PM PDT


-  INDICATES NEGATIVE NUMBERS.
R  INDICATES RECORD WAS SET OR TIED.
MM INDICATES DATA IS MISSING.
T  INDICATES TRACE AMOUNT.




$$
