135
CDUS43 KDMX 280645 RRA
CLIOTM

CLIMATE REPORT
NATIONAL WEATHER SERVICE DES MOINES IA
140 AM CDT FRI APR 28 2017


...................................

...THE OTTUMWA IA CLIMATE SUMMARY FOR APRIL 27 2017...

CLIMATE NORMAL PERIOD 1981 TO 2010
CLIMATE RECORD PERIOD 1920 TO 2017


WEATHER ITEM   OBSERVED TIME   RECORD YEAR NORMAL DEPARTURE LAST
                VALUE   (LST)  VALUE       VALUE  FROM      YEAR
                                                  NORMAL
..................................................................
TEMPERATURE (F)
 YESTERDAY
  MAXIMUM         57    506 PM  86    1981  66     -9       56
  MINIMUM         37    704 AM  25    1933  44     -7       45
  AVERAGE         47                        55     -8       51

PRECIPITATION (IN)
  YESTERDAY        0.01          1.84 2002   0.14  -0.13     0.47
  MONTH TO DATE    3.34                      3.00   0.34     2.12
  SINCE MAR 1      6.54                      5.24   1.30     3.34
  SINCE JAN 1      8.13                      7.42   0.71     4.64

DEGREE DAYS
 HEATING
  YESTERDAY       18                        10      8       14
  MONTH TO DATE  248                       406   -158      362
  SINCE MAR 1    975                      1217   -242      977
  SINCE JUL 1   4782                      6102  -1320     5031

 COOLING
  YESTERDAY        0                         1     -1        0
  MONTH TO DATE   15                         7      8        9
  SINCE MAR 1     15                         8      7        9
  SINCE JAN 1     15                         8      7        9
..................................................................


WIND (MPH)
  HIGHEST WIND SPEED    20   HIGHEST WIND DIRECTION    NW (320)
  HIGHEST GUST SPEED    24   HIGHEST GUST DIRECTION    NW (320)
  AVERAGE WIND SPEED    10.7


SKY COVER
  POSSIBLE SUNSHINE  MM
  AVERAGE SKY COVER 0.8


WEATHER CONDITIONS
 THE FOLLOWING WEATHER WAS RECORDED YESTERDAY.
  LIGHT RAIN
  FOG


RELATIVE HUMIDITY (PERCENT)
 HIGHEST    92           500 AM
 LOWEST     51           500 PM
 AVERAGE    72

..........................................................


THE OTTUMWA IA CLIMATE NORMALS FOR TODAY
                         NORMAL    RECORD    YEAR
 MAXIMUM TEMPERATURE (F)   67        90      1970
 MINIMUM TEMPERATURE (F)   44        28      1928


SUNRISE AND SUNSET
APRIL 28 2017.........SUNRISE   611 AM CDT   SUNSET   804 PM CDT
APRIL 29 2017.........SUNRISE   610 AM CDT   SUNSET   805 PM CDT


-  INDICATES NEGATIVE NUMBERS.
R  INDICATES RECORD WAS SET OR TIED.
MM INDICATES DATA IS MISSING.
T  INDICATES TRACE AMOUNT.




$$
