000
CDUS43 KDMX 160639 RRA
CLIOTM

CLIMATE REPORT
NATIONAL WEATHER SERVICE DES MOINES IA
137 AM CDT TUE SEP 16 2014


...................................

...THE OTTUMWA IA CLIMATE SUMMARY FOR SEPTEMBER 15 2014...

CLIMATE NORMAL PERIOD 1981 TO 2010
CLIMATE RECORD PERIOD 1920 TO 2014


WEATHER ITEM   OBSERVED TIME   RECORD YEAR NORMAL DEPARTURE LAST
                VALUE   (LST)  VALUE       VALUE  FROM      YEAR
                                                  NORMAL
..................................................................
TEMPERATURE (F)
 YESTERDAY
  MAXIMUM         64   1227 PM  99    1939  77    -13       70
  MINIMUM         45   1159 PM  32    2007  53     -8       53
  AVERAGE         55                        65    -10       62

PRECIPITATION (IN)
  YESTERDAY        0.29          2.80 1926   0.12   0.17     0.13
  MONTH TO DATE    4.16                      2.01   2.15     0.18
  SINCE SEP 1      4.16                      2.01   2.15     0.18
  SINCE JAN 1     35.13                     28.71   6.42    29.29

DEGREE DAYS
 HEATING
  YESTERDAY       10                         3      7        3
  MONTH TO DATE   76                        27     49       14
  SINCE SEP 1     76                        27     49       14
  SINCE JUL 1     89                        38     51       30

 COOLING
  YESTERDAY        0                         3     -3        0
  MONTH TO DATE   41                        66    -25      126
  SINCE SEP 1     41                        66    -25      126
  SINCE JAN 1    773                       900   -127      941
..................................................................


WIND (MPH)
  HIGHEST WIND SPEED    23   HIGHEST WIND DIRECTION     N (340)
  HIGHEST GUST SPEED    27   HIGHEST GUST DIRECTION    NW (330)
  AVERAGE WIND SPEED     6.9


SKY COVER
  POSSIBLE SUNSHINE  MM
  AVERAGE SKY COVER 0.8


WEATHER CONDITIONS
 THE FOLLOWING WEATHER WAS RECORDED YESTERDAY.
  THUNDERSTORM
  RAIN
  LIGHT RAIN
  FOG


RELATIVE HUMIDITY (PERCENT)
 HIGHEST    93           800 AM
 LOWEST     69           400 PM
 AVERAGE    81

..........................................................


THE OTTUMWA IA CLIMATE NORMALS FOR TODAY
                         NORMAL    RECORD    YEAR
 MAXIMUM TEMPERATURE (F)   76        94      1931
 MINIMUM TEMPERATURE (F)   53        32      1937


SUNRISE AND SUNSET
SEPTEMBER 16 2014.....SUNRISE   651 AM CDT   SUNSET   717 PM CDT
SEPTEMBER 17 2014.....SUNRISE   652 AM CDT   SUNSET   715 PM CDT


-  INDICATES NEGATIVE NUMBERS.
R  INDICATES RECORD WAS SET OR TIED.
MM INDICATES DATA IS MISSING.
T  INDICATES TRACE AMOUNT.




$$
