000
CDUS46 KOTX 160853
CLIOTX


CLIMATE REPORT
NATIONAL WEATHER SERVICE SPOKANE, WA
1253 AM PST MON JAN 16 2017


...................................

...THE SPOKANE  WA WFO CLIMATE SUMMARY FOR JANUARY 15 2017...

CLIMATE NORMAL PERIOD 1981 TO 2010
CLIMATE RECORD PERIOD 1881 TO 2017


WEATHER ITEM   OBSERVED TIME   RECORD YEAR NORMAL DEPARTURE LAST
                VALUE   (LST)  VALUE       VALUE  FROM      YEAR
                                                  NORMAL
..................................................................
TEMPERATURE (F)
 YESTERDAY
  MAXIMUM         11        MM  MM      MM  33    -22       29
  MINIMUM         -4        MM  MM      MM  22    -26       11
  AVERAGE          4                        28    -24       20

PRECIPITATION (IN)
  YESTERDAY        0.00         MM      MM   0.06  -0.06     0.01
  MONTH TO DATE    0.74                      1.03  -0.29     0.61
  SINCE OCT 1     11.11                      7.06   4.05     7.36
  SINCE JAN 1      0.74                      1.03  -0.29     0.61

SNOWFALL (IN)
  YESTERDAY        0.0          MM      MM   0.5   -0.5      0.2
  MONTH TO DATE   10.3                       8.7    1.6      2.0
  SINCE DEC 1     29.2                      25.7    3.5     26.2
  SINCE JUL 1     31.4                      33.6   -2.2     27.7
  SNOW DEPTH      11

DEGREE DAYS
 HEATING
  YESTERDAY       61                        37     24       45
  MONTH TO DATE  807                       578    229      603
  SINCE DEC 1   2151                      1794    357     1694
  SINCE JUL 1   3707                      3676     31     3354

 COOLING
  YESTERDAY        0                         0      0        0
  MONTH TO DATE    0                         0      0        0
  SINCE DEC 1      0                         0      0        0
  SINCE JAN 1      0                         0      0        0
..................................................................


WIND (MPH)
  HIGHEST WIND SPEED     8   HIGHEST WIND DIRECTION    MM
  HIGHEST GUST SPEED     0   HIGHEST GUST DIRECTION    MM
  AVERAGE WIND SPEED     4.0


SKY COVER
  POSSIBLE SUNSHINE  MM
  AVERAGE SKY COVER  MM


WEATHER CONDITIONS
 THE FOLLOWING WEATHER WAS RECORDED YESTERDAY.
  NO SIGNIFICANT WEATHER WAS OBSERVED.


RELATIVE HUMIDITY (PERCENT)
 HIGHEST    93
 LOWEST     83
 AVERAGE    88

..........................................................


THE SPOKANE  WA WFO CLIMATE NORMALS FOR TODAY
                         NORMAL    RECORD    YEAR
 MAXIMUM TEMPERATURE (F)   33        MM        MM
 MINIMUM TEMPERATURE (F)   23        MM        MM


SUNRISE AND SUNSET
JANUARY 16 2017.......SUNRISE   733 AM PST   SUNSET   428 PM PST
JANUARY 17 2017.......SUNRISE   733 AM PST   SUNSET   429 PM PST


-  INDICATES NEGATIVE NUMBERS.
R  INDICATES RECORD WAS SET OR TIED.
MM INDICATES DATA IS MISSING.
T  INDICATES TRACE AMOUNT.




$$
