000
CDUS46 KOTX 120828
CLIOTX


CLIMATE REPORT
NATIONAL WEATHER SERVICE SPOKANE, WA
1228 AM PST FRI FEB 12 2016


...................................

...THE SPOKANE  WA WFO CLIMATE SUMMARY FOR FEBRUARY 11 2016...

CLIMATE NORMAL PERIOD 1981 TO 2010
CLIMATE RECORD PERIOD 1881 TO 2016


WEATHER ITEM   OBSERVED TIME   RECORD YEAR NORMAL DEPARTURE LAST
                VALUE   (LST)  VALUE       VALUE  FROM      YEAR
                                                  NORMAL
..................................................................
TEMPERATURE (F)
 YESTERDAY
  MAXIMUM         43        MM  MM      MM  38      5       46
  MINIMUM         33        MM  MM      MM  23     10       38
  AVERAGE         38                        31      7       42

PRECIPITATION (IN)
  YESTERDAY        0.06         MM      MM   0.05   0.01      T
  MONTH TO DATE    0.19                      0.58  -0.39     1.27
  SINCE OCT 1      9.56                      8.48   1.08     7.88
  SINCE JAN 1      2.81                      2.45   0.36     3.17

SNOWFALL (IN)
  YESTERDAY        0.0          MM      MM   0.2   -0.2      0.0
  MONTH TO DATE    1.1                       3.0   -1.9      1.7
  SINCE DEC 1     31.1                      35.5   -4.4     14.6
  SINCE JUL 1     32.6                      43.4  -10.8     15.1
  SNOW DEPTH       0

DEGREE DAYS
 HEATING
  YESTERDAY       27                        34     -7       23
  MONTH TO DATE  358                       384    -26      264
  SINCE DEC 1   2559                      2759   -200     2362
  SINCE JUL 1   4219                      4641   -422     3941

 COOLING
  YESTERDAY        0                         0      0        0
  MONTH TO DATE    0                         0      0        0
  SINCE DEC 1      0                         0      0        0
  SINCE JAN 1      0                         0      0        0
..................................................................


WIND (MPH)
  HIGHEST WIND SPEED    MM   HIGHEST WIND DIRECTION    MM
  HIGHEST GUST SPEED     0   HIGHEST GUST DIRECTION     N (0)
  AVERAGE WIND SPEED    MM


SKY COVER
  POSSIBLE SUNSHINE  MM
  AVERAGE SKY COVER 0.0


WEATHER CONDITIONS
 THE FOLLOWING WEATHER WAS RECORDED YESTERDAY.
  LIGHT RAIN
  FOG
  FOG W/VISIBILITY <= 1/4 MILE


RELATIVE HUMIDITY (PERCENT)
 HIGHEST     0          1200 AM
 LOWEST      0          1200 AM
 AVERAGE     0

..........................................................


THE SPOKANE  WA WFO CLIMATE NORMALS FOR TODAY
                         NORMAL    RECORD    YEAR
 MAXIMUM TEMPERATURE (F)   38        MM        MM
 MINIMUM TEMPERATURE (F)   23        MM        MM


SUNRISE AND SUNSET
FEBRUARY 12 2016......SUNRISE   702 AM PST   SUNSET   508 PM PST
FEBRUARY 13 2016......SUNRISE   700 AM PST   SUNSET   510 PM PST


-  INDICATES NEGATIVE NUMBERS.
R  INDICATES RECORD WAS SET OR TIED.
MM INDICATES DATA IS MISSING.
T  INDICATES TRACE AMOUNT.




$$
