000
CDAK49 PAOT 061206
CLIOTZ

CLIMATE REPORT
NATIONAL WEATHER SERVICE KOTZEBUE, AK
306 AM AKST FRI MAR 6 2015

...................................
...THE KOTZEBUE WSO AP CLIMATE SUMMARY FOR MARCH 5 2015...

CLIMATE NORMAL PERIOD  1981 TO  2010
CLIMATE RECORD PERIOD  1897 TO  2015

WEATHER ITEM   OBSERVED TIME    RECORD YEAR NORMAL DEPARTURE LAST
               VALUE    (LST)   VALUE       VALUE  FROM      YEAR
                                                   NORMAL
...................................................................
TEMPERATURE
YESTERDAY
 MAXIMUM             9  1224 AM    30  2000      8       1     11
 MINIMUM           -10  0256 PM   -46  1929     -7      -3     -5
 AVERAGE            -1                           0      -1      3

PRECIPITATION
(INCHES)
 YESTERDAY        0.05           0.64  2009   0.01    0.04   0.00
 MONTH TO DATE    0.13                        0.09    0.04      T
 SINCE MAR 1      0.13                        0.09    0.04   0.00
 SINCE JAN 1      0.98                        1.37   -0.39   0.72

SNOWFALL
(INCHES)
 YESTERDAY         0.5            6.4  2009    0.2     0.3    0.0
 MONTH TO DATE     1.3                         1.3     0.0      T
 SINCE MAR 1       1.3                         1.3     0.0    0.0
 SINCE JUL 1      15.7                        48.9   -33.2   25.0
 SNOW DEPTH (IN)     6                                          7

DEGREE DAYS
 HEATING
  YESTERDAY         66                          65       1     62
  MONTH TO DATE    299                         325     -26    274
  SINCE MAR 1      298                         325     -27    274
  SINCE JUL 1     9149                       10567   -1418   9222

 COOLING
  YESTERDAY          0                           0       0      0
  MONTH TO DATE      0                           0       0      0
  SINCE MAR 1        0                           0       0      0
  SINCE JAN 1        0                           0       0      0
...................................................................

WIND (MPH)
 HIGHEST WIND SPEED    14     HIGHEST WIND DIRECTION    260
 HIGHEST GUST SPEED    15     HIGHEST GUST DIRECTION    260
 AVERAGE WIND SPEED   8.5

SKY COVER
  POSSIBLE SUNSHINE    MM          AVERAGE SKY COVER     MM

WEATHER CONDITIONS
 THE FOLLOWING WEATHER WAS RECORDED YESTERDAY.
 FOG
 SNOW


RELATIVE HUMIDITY
 HIGHEST RH     MM PERCENT       MM
 LOWEST  RH     MM PERCENT       MM
 AVERAGE RH     MM PERCENT       MM
...................................................................

THE KOTZEBUE CLIMATE NORMALS FOR TODAY
                           NORMAL    RECORD   YEAR
 MAXIMUM TEMPERATURE (F)      8        37     1931
 MINIMUM TEMPERATURE (F)     -7       -44     1929

SUNRISE AND SUNSET
 MAR 6 2015..........SUNRISE  8:46 AM      SUNSET  7:19 PM
 MAR 7 2015..........SUNRISE  8:42 AM      SUNSET  7:23 PM

-  INDICATES NEGATIVE NUMBERS.
R  INDICATES RECORD HAS BEEN SET OR TIED.
MM INDICATES DATA IS MISSING.
T  INDICATES TRACE OF PRECIPITATION.

&&
-------------------------------------------------------------------

AMOUNT OF DAYLIGHT TODAY  (HOUR:MIN)........10 HOURS 33 MINUTES
GAIN/LOSS SINCE YESTERDAY (HOUR:MIN:SEC)....+0:07:27

$$


MAR 15
