000
CDAK49 PAOT 271205
CLIOTZ

CLIMATE REPORT
NATIONAL WEATHER SERVICE KOTZEBUE, AK
405 AM AKDT WED AUG 27 2014

...................................
...THE KOTZEBUE WSO AP CLIMATE SUMMARY FOR AUGUST 26 2014...

CLIMATE NORMAL PERIOD  1981 TO  2010
CLIMATE RECORD PERIOD  1897 TO  2014

WEATHER ITEM   OBSERVED TIME    RECORD YEAR NORMAL DEPARTURE LAST
               VALUE    (LST)   VALUE       VALUE  FROM      YEAR
                                                   NORMAL
...................................................................
TEMPERATURE
YESTERDAY
 MAXIMUM            53  0731 PM    70  1941     54      -1     58
 MINIMUM            50  1148 AM    35  1986     45       5     48
 AVERAGE            52                          50       2     53

PRECIPITATION
(INCHES)
 YESTERDAY        0.00           0.75  1958   0.07   -0.07   0.03
 MONTH TO DATE    0.85                        1.87   -1.02   0.54
 SINCE JUN 1      3.82                        3.90   -0.08   2.73
 SINCE JAN 1      6.08                        6.57   -0.49   6.33

SNOWFALL
(INCHES)
 YESTERDAY         0.0            0.0  2014    0.0     0.0    0.0
 MONTH TO DATE     0.0                         0.0     0.0    0.0
 SINCE JUN 1       0.0                         0.0     0.0    0.0
 SINCE JUL 1       0.0                         0.0     0.0    0.0
 SNOW DEPTH (IN)     0                                          0

DEGREE DAYS
 HEATING
  YESTERDAY         13                          15      -2     12
  MONTH TO DATE    114                         333    -219    228
  SINCE JUN 1     1085                        1240    -155    915
  SINCE JUL 1      468                         659    -191    490

 COOLING
  YESTERDAY          0                           0       0      0
  MONTH TO DATE     11                           0      11      0
  SINCE JUN 1       19                           0      19     13
  SINCE JAN 1       19                           0      19     13
...................................................................

WIND (MPH)
 HIGHEST WIND SPEED    20     HIGHEST WIND DIRECTION    280
 HIGHEST GUST SPEED    24     HIGHEST GUST DIRECTION    280
 AVERAGE WIND SPEED   9.6

SKY COVER
  POSSIBLE SUNSHINE    MM          AVERAGE SKY COVER     MM

WEATHER CONDITIONS
 THE FOLLOWING WEATHER WAS RECORDED YESTERDAY.
 FOG


RELATIVE HUMIDITY
 HIGHEST RH     MM PERCENT       MM
 LOWEST  RH     MM PERCENT       MM
 AVERAGE RH     MM PERCENT       MM
...................................................................

THE KOTZEBUE CLIMATE NORMALS FOR TODAY
                           NORMAL    RECORD   YEAR
 MAXIMUM TEMPERATURE (F)     54        70     1981
 MINIMUM TEMPERATURE (F)     45        33     1994

SUNRISE AND SUNSET
 AUG 27 2014..........SUNRISE  7:06 AM      SUNSET 10:36 PM
 AUG 28 2014..........SUNRISE  7:09 AM      SUNSET 10:32 PM

-  INDICATES NEGATIVE NUMBERS.
R  INDICATES RECORD HAS BEEN SET OR TIED.
MM INDICATES DATA IS MISSING.
T  INDICATES TRACE OF PRECIPITATION.

&&
-------------------------------------------------------------------

AMOUNT OF DAYLIGHT TODAY  (HOUR:MIN)........15 HOURS 30 MINUTES
LOSS SINCE YESTERDAY (HOUR:MIN:SEC).........-0:07:36

$$
TGH AUG 14
