000
CDAK49 PAOT 231208
CLIOTZ

CLIMATE REPORT
NATIONAL WEATHER SERVICE KOTZEBUE, AK
408 AM AKDT WED JUL 23 2014

...................................
...THE KOTZEBUE WSO AP CLIMATE SUMMARY FOR JULY 22 2014...

CLIMATE NORMAL PERIOD  1981 TO  2010
CLIMATE RECORD PERIOD  1897 TO  2014

WEATHER ITEM   OBSERVED TIME    RECORD YEAR NORMAL DEPARTURE LAST
               VALUE    (LST)   VALUE       VALUE  FROM      YEAR
                                                   NORMAL
...................................................................
TEMPERATURE
YESTERDAY
 MAXIMUM            51  0207 PM    78  1998     60      -9     65
 MINIMUM            42  1159 PM    36  1931     51      -9     53
 AVERAGE            47                          55      -8     59

PRECIPITATION
(INCHES)
 YESTERDAY        0.04           0.50  1994   0.05   -0.01   0.00
 MONTH TO DATE    2.23                        0.91    1.32   1.25
 SINCE JUN 1      2.61                        1.49    1.12   2.16
 SINCE JAN 1      4.87                        4.16    0.71   5.76

SNOWFALL
(INCHES)
 YESTERDAY         0.0            0.0  2014    0.0     0.0    0.0
 MONTH TO DATE     0.0                         0.0     0.0    0.0
 SINCE JUN 1       0.0                         0.0     0.0    0.0
 SINCE JUL 1       0.0                         0.0     0.0    0.0
 SNOW DEPTH (IN)     0                                          0

DEGREE DAYS
 HEATING
  YESTERDAY         18                          10       8      6
  MONTH TO DATE    234                         235      -1    186
  SINCE JUN 1      851                         816      35    611
  SINCE JUL 1      234                         235      -1    186

 COOLING
  YESTERDAY          0                           0       0      0
  MONTH TO DATE      8                           0       8      5
  SINCE JUN 1        8                           0       8     13
  SINCE JAN 1        8                           0       8     13
...................................................................

WIND (MPH)
 HIGHEST WIND SPEED    26     HIGHEST WIND DIRECTION    290
 HIGHEST GUST SPEED    31     HIGHEST GUST DIRECTION    290
 AVERAGE WIND SPEED  15.7

SKY COVER
  POSSIBLE SUNSHINE    MM          AVERAGE SKY COVER     MM

WEATHER CONDITIONS
 THE FOLLOWING WEATHER WAS RECORDED YESTERDAY.
  RAIN


RELATIVE HUMIDITY
 HIGHEST RH     MM PERCENT       MM
 LOWEST  RH     MM PERCENT       MM
 AVERAGE RH     MM PERCENT       MM
...................................................................

THE KOTZEBUE CLIMATE NORMALS FOR TODAY
                           NORMAL    RECORD   YEAR
 MAXIMUM TEMPERATURE (F)     60        79     1950
 MINIMUM TEMPERATURE (F)     51        34     1931

SUNRISE AND SUNSET
 JUL 23 2014..........SUNRISE  4:44 AM      SUNSET  1:06 AM
 JUL 24 2014..........SUNRISE  4:49 AM      SUNSET  1:02 AM

-  INDICATES NEGATIVE NUMBERS.
R  INDICATES RECORD HAS BEEN SET OR TIED.
MM INDICATES DATA IS MISSING.
T  INDICATES TRACE OF PRECIPITATION.

&&
-------------------------------------------------------------------

AMOUNT OF DAYLIGHT TODAY  (HOUR:MIN)........20 HOURS 22 MINUTES
GAIN/LOSS SINCE YESTERDAY (HOUR:MIN:SEC)....-0:09:51

$$
EWH JUL 14
