000
CDAK49 PAFG 240939
CLIOTZ

CLIMATE REPORT
NATIONAL WEATHER SERVICE FAIRBANKS AK
1239 AM AKST SAT FEB 24 2018


...................................

...THE KOTZEBUE AK CLIMATE SUMMARY FOR FEBRUARY 23 2018...

CLIMATE NORMAL PERIOD 1981 TO 2010
CLIMATE RECORD PERIOD 1920 TO 2018


WEATHER ITEM   OBSERVED TIME   RECORD YEAR NORMAL DEPARTURE LAST
                VALUE   (LST)  VALUE       VALUE  FROM      YEAR
                                                  NORMAL
..................................................................
TEMPERATURE (F)
 YESTERDAY
  MAXIMUM         10   1209 AM  36    2015   7      3       MM
  MINIMUM          5   1159 PM -50    1968  -7     12       MM
  AVERAGE          8                         0      8       MM

PRECIPITATION (IN)
  YESTERDAY        T             0.70 2011   0.03  -0.03     0.59
  MONTH TO DATE    0.73                      0.54   0.19     0.63
  SINCE DEC 1      2.57                      1.92   0.65     1.92
  SINCE JAN 1      0.99                      1.16  -0.17     1.18

SNOWFALL (IN)
  YESTERDAY       MM            10.9  2017   0.3   MM       10.9
  MONTH TO DATE    3.9                       7.8   -3.9     12.3
  SINCE DEC 1     28.0                      28.4   -0.4     37.7
  SINCE JUL 1     69.0                      45.8   23.2     43.3
  SNOW DEPTH      MM

DEGREE DAYS
 HEATING
  YESTERDAY       57                        65     -8       MM
  MONTH TO DATE 1166                      1518   -352     1490
  SINCE DEC 1   4584                      5564   -980     5246
  SINCE JUL 1   8401                      9922  -1521     8859

 COOLING
  YESTERDAY        0                         0      0       MM
  MONTH TO DATE    0                         0      0        0
  SINCE DEC 1      0                         0      0        0
  SINCE JAN 1      0                         0      0        0
..................................................................


WIND (MPH)
  HIGHEST GUST SPEED    32   HIGHEST GUST DIRECTION    NW (310)


SKY COVER
  AVERAGE SKY COVER 1.0


WEATHER CONDITIONS
 THE FOLLOWING WEATHER WAS RECORDED YESTERDAY.
  LIGHT SNOW
  FOG
  HAZE
  BLOWING SNOW


RELATIVE HUMIDITY (PERCENT)
 HIGHEST    88
 LOWEST     80
 AVERAGE    84

..........................................................


THE KOTZEBUE AK CLIMATE NORMALS FOR TODAY
                         NORMAL    RECORD    YEAR
 MAXIMUM TEMPERATURE (F)    8        37      1989
 MINIMUM TEMPERATURE (F)   -7       -52      1968


SUNRISE AND SUNSET
FEBRUARY 24 2018......SUNRISE   925 AM AKST  SUNSET   645 PM AKST
FEBRUARY 25 2018......SUNRISE   921 AM AKST  SUNSET   648 PM AKST

-  INDICATES NEGATIVE NUMBERS.
R  INDICATES RECORD WAS SET OR TIED.
MM INDICATES DATA IS MISSING.
T  INDICATES TRACE AMOUNT.

&&

SNOW DEPTH IS MEASURED AT 3AM AKST/4AM AKDT.

----------------------------
AVAILABLE DAYLIGHT

AMOUNT OF DAYLIGHT TODAY  (HOUR:MIN)........9:20
GAIN/LOSS SINCE YESTERDAY (HOUR:MIN:SEC)....+0:07:34

$$
SDB FEB 18
