415
CDAK49 PAFG 290952
CLIOTZ

CLIMATE REPORT
NATIONAL WEATHER SERVICE FAIRBANKS AK
152 AM AKDT SAT APR 29 2017


...................................

...THE KOTZEBUE AK CLIMATE SUMMARY FOR APRIL 28 2017...

CLIMATE NORMAL PERIOD 1981 TO 2010
CLIMATE RECORD PERIOD 1920 TO 2017


WEATHER ITEM   OBSERVED TIME   RECORD YEAR NORMAL DEPARTURE LAST
                VALUE   (LST)  VALUE       VALUE  FROM      YEAR
                                                  NORMAL
..................................................................
TEMPERATURE (F)
 YESTERDAY
  MAXIMUM         39    604 PM  45    2014  29     10       35
  MINIMUM         34    358 AM -17    1964  15     19       25
  AVERAGE         37                        22     15       30

PRECIPITATION (IN)
  YESTERDAY        T             0.24 1998   0.02  -0.02     0.00
  MONTH TO DATE    0.05                      0.50  -0.45     0.60
  SINCE MAR 1      0.08                      0.94  -0.86     0.77
  SINCE JAN 1      1.67                      2.22  -0.55     1.48

SNOWFALL (IN)
  YESTERDAY        T             3.7  1984   0.1   -0.1      0.0
  MONTH TO DATE    1.5                       4.8   -3.3      4.6
  SINCE MAR 1      2.2                      10.7   -8.5      6.0
  SINCE JUL 1     52.4                      58.3   -5.9     26.0
  SNOW DEPTH       7

DEGREE DAYS
 HEATING
  YESTERDAY       28                        43    -15       35
  MONTH TO DATE 1162                      1467   -305     1105
  SINCE MAR 1   3331                      3449   -118     3009
  SINCE JUL 1  12190                     13694  -1504    11787

 COOLING
  YESTERDAY        0                         0      0        0
  MONTH TO DATE    0                         0      0        0
  SINCE MAR 1      0                         0      0        0
  SINCE JAN 1      0                         0      0        0
..................................................................


WIND (MPH)
  HIGHEST GUST SPEED    25   HIGHEST GUST DIRECTION    SE (120)


SKY COVER
  AVERAGE SKY COVER 0.8


WEATHER CONDITIONS
 THE FOLLOWING WEATHER WAS RECORDED YESTERDAY.
  LIGHT RAIN
  FOG


RELATIVE HUMIDITY (PERCENT)
 HIGHEST    92
 LOWEST     70
 AVERAGE    81

..........................................................


THE KOTZEBUE AK CLIMATE NORMALS FOR TODAY
                         NORMAL    RECORD    YEAR
 MAXIMUM TEMPERATURE (F)   30        46      1969
 MINIMUM TEMPERATURE (F)   16       -14      1973


SUNRISE AND SUNSET
APRIL 29 2017.........SUNRISE   606 AM AKDT  SUNSET  1133 PM AKDT
APRIL 30 2017.........SUNRISE   602 AM AKDT  SUNSET  1137 PM AKDT

-  INDICATES NEGATIVE NUMBERS.
R  INDICATES RECORD WAS SET OR TIED.
MM INDICATES DATA IS MISSING.
T  INDICATES TRACE AMOUNT.

&&

SNOW DEPTH IS MEASURED AT 3AM AKST/4AM AKDT.

----------------------------
AVAILABLE DAYLIGHT

AMOUNT OF DAYLIGHT TODAY  (HOUR:MIN)........17:27
GAIN/LOSS SINCE YESTERDAY (HOUR:MIN:SEC)....+0:08:09

$$
APR 17
