000
CDAK49 PAOT 140046
CLIOTZ

CLIMATE REPORT
NATIONAL WEATHER SERVICE KOTZEBUE, AK
446 PM AKDT SUN JUL 13 2014

...................................
...THE KOTZEBUE WSO AP CLIMATE SUMMARY FOR JULY 13 2014...
VALID TODAY AS OF 2:00 PM LOCAL TIME

CLIMATE NORMAL PERIOD  1981 TO  2010
CLIMATE RECORD PERIOD  1897 TO  2014

WEATHER ITEM   OBSERVED TIME    RECORD YEAR NORMAL DEPARTURE LAST
               VALUE    (LST)   VALUE       VALUE  FROM      YEAR
                                                   NORMAL
...................................................................
TEMPERATURE
TODAY
 MAXIMUM            55  0346 PM    78  2013     60      -5     78
 MINIMUM            48  0433 AM    34  1899     50      -2     61
 AVERAGE            52                          55      -3     70

PRECIPITATION
(INCHES)
 TODAY            0.18           0.69  1981   0.05    0.13   0.00
 MONTH TO DATE    0.32                        0.48   -0.16   0.86
 SINCE JUN 1      0.70                        1.06   -0.36   1.77
 SINCE JAN 1      2.96                        3.73   -0.77   5.37

SNOWFALL
(INCHES)
 TODAY             0.0              T  1959    0.0     0.0    0.0
 MONTH TO DATE     0.0                         0.0     0.0    0.0
 SINCE JUN 1       0.0                         0.0     0.0    0.0
 SINCE JUL 1       0.0                         0.0     0.0    0.0
 SNOW DEPTH (IN)     0                                          0

DEGREE DAYS
 HEATING
  TODAY             13                          10       3      0
  MONTH TO DATE     94                         145     -51    122
  SINCE JUN 1      711                         726     -15    547
  SINCE JUL 1       94                         145     -51    122

 COOLING
  TODAY              0                           0       0      5
  MONTH TO DATE      8                           0       8      5
  SINCE JUN 1        8                           0       8     13
  SINCE JAN 1        8                           0       8     13
...................................................................

WIND (MPH)
 HIGHEST WIND SPEED    23     HIGHEST WIND DIRECTION    290
 HIGHEST GUST SPEED    28     HIGHEST GUST DIRECTION    290
 AVERAGE WIND SPEED    MM

SKY COVER
  POSSIBLE SUNSHINE  MM            AVERAGE SKY COVER MM

WEATHER CONDITIONS
 THE FOLLOWING WEATHER WAS RECORDED TODAY.
FOG
RAIN


RELATIVE HUMIDITY
 HIGHEST RH     MM PERCENT       MM
 LOWEST  RH     MM PERCENT       MM
 AVERAGE RH     MM PERCENT       MM
...................................................................

THE KOTZEBUE CLIMATE NORMALS FOR TOMORROW
                        NORMAL    RECORD   YEAR
 MAXIMUM TEMPERATURE      60        77     1949
 MINIMUM TEMPERATURE      50        35     1959

SUNRISE AND SUNSET
 JUL 13 2014..........SUNRISE  3:46 AM      SUNSET  2:00 AM
 JUL 14 2014..........SUNRISE  3:54 AM      SUNSET  1:54 AM

-  INDICATES NEGATIVE NUMBERS.
R  INDICATES RECORD HAS BEEN SET OR TIED.
MM INDICATES DATA IS MISSING.
T  INDICATES TRACE OF PRECIPITATION.

&&
-------------------------------------------------------------------

AMOUNT OF DAYLIGHT TODAY  (HOUR:MIN)........22 HOURS 14 MINUTES
GAIN/LOSS SINCE YESTERDAY (HOUR:MIN:SEC)....-0:15:52

$$
EWH JUL 14
