000
CDUS43 KDDC 250706
CLIP28


CLIMATE REPORT
NATIONAL WEATHER SERVICE DODGE CITY KS
206 AM CDT THU AUG 25 2016


...................................

...THE MEDICINE LODGE KS CLIMATE SUMMARY FOR AUGUST 24 2016...

CLIMATE NORMAL PERIOD 1981 TO 2010
CLIMATE RECORD PERIOD 1893 TO 2016


WEATHER ITEM   OBSERVED TIME   RECORD YEAR NORMAL DEPARTURE LAST
                VALUE   (LST)  VALUE       VALUE  FROM      YEAR
                                                  NORMAL
..................................................................
TEMPERATURE (F)
 YESTERDAY
  MAXIMUM         87    150 PM 109    1939  91     -4       83
  MINIMUM         68    656 AM  45    1896  67      1       56
  AVERAGE         78                        79     -1       70

PRECIPITATION (IN)
  YESTERDAY        1.18          1.76 2010   0.11   1.07     0.00
  MONTH TO DATE    5.81                      2.37   3.44     1.03
  SINCE JUN 1     10.30                      9.86   0.44    13.94
  SINCE JAN 1     19.08                     19.60  -0.52    25.90

SNOWFALL (IN)
  YESTERDAY        0.0          MM      MM   0.0             0.0
  MONTH TO DATE    0.0                       0.0             0.0
  SINCE JUN 1      0.0                       0.0             0.0
  SINCE JUL 1      0.0                       0.0             0.0
  SNOW DEPTH       0

DEGREE DAYS
 HEATING
  YESTERDAY        0                         0      0        0
  MONTH TO DATE    0                         0      0        0
  SINCE JUN 1      0                         3     -3        0
  SINCE JUL 1      0                         0      0        0

 COOLING
  YESTERDAY       13                        14     -1        5
  MONTH TO DATE  350                       383    -33      317
  SINCE JUN 1   1385                      1264    121     1278
  SINCE JAN 1   1522                      1420    102     1385
..................................................................


WIND (MPH)
  HIGHEST WIND SPEED    45   HIGHEST WIND DIRECTION    SW (220)
  HIGHEST GUST SPEED    58   HIGHEST GUST DIRECTION    SW (220)
  AVERAGE WIND SPEED     7.2




RELATIVE HUMIDITY (PERCENT)
 HIGHEST    87           700 AM
 LOWEST     48           200 PM
 AVERAGE    68

..........................................................


THE MEDICINE LODGE KS CLIMATE NORMALS FOR TODAY
                         NORMAL    RECORD    YEAR
 MAXIMUM TEMPERATURE (F)   91       110      1936
 MINIMUM TEMPERATURE (F)   66        49      1985


SUNRISE AND SUNSET
AUGUST 25 2016........SUNRISE   659 AM CDT   SUNSET   812 PM CDT
AUGUST 26 2016........SUNRISE   700 AM CDT   SUNSET   811 PM CDT


-  INDICATES NEGATIVE NUMBERS.
R  INDICATES RECORD WAS SET OR TIED.
MM INDICATES DATA IS MISSING.
T  INDICATES TRACE AMOUNT.




$$
