000
CDUS43 KDDC 070706
CLIP28


CLIMATE REPORT
NATIONAL WEATHER SERVICE DODGE CITY KS
105 AM CST WED DEC 7 2016


...................................

...THE MEDICINE LODGE KS CLIMATE SUMMARY FOR DECEMBER 6 2016...

CLIMATE NORMAL PERIOD 1981 TO 2010
CLIMATE RECORD PERIOD 1893 TO 2016


WEATHER ITEM   OBSERVED TIME   RECORD YEAR NORMAL DEPARTURE LAST
                VALUE   (LST)  VALUE       VALUE  FROM      YEAR
                                                  NORMAL
..................................................................
TEMPERATURE (F)
 YESTERDAY
  MAXIMUM         40    120 PM  78    1939  49     -9       61
  MINIMUM         26    753 AM   0    1972  25      1       31
  AVERAGE         33                        37     -4       46

PRECIPITATION (IN)
  YESTERDAY        0.00          0.64 1920   0.03  -0.03     0.00
  MONTH TO DATE    0.27                      0.17   0.10     0.00
  SINCE DEC 1      0.27                      0.17   0.10     0.00
  SINCE JAN 1     29.91                     26.39   3.52    31.83

SNOWFALL (IN)
  YESTERDAY        0.0          MM      MM   0.1             0.0
  MONTH TO DATE    0.0                       0.5             0.0
  SINCE DEC 1      0.0                       0.5             0.0
  SINCE JUL 1      0.0                       0.7              T
  SNOW DEPTH       0

DEGREE DAYS
 HEATING
  YESTERDAY       32                        28      4       19
  MONTH TO DATE  159                       165     -6      142
  SINCE DEC 1    159                       165     -6      142
  SINCE JUL 1    695                      1023   -328      737

 COOLING
  YESTERDAY        0                         0      0        0
  MONTH TO DATE    0                         0      0        0
  SINCE DEC 1      0                         0      0        0
  SINCE JAN 1   1937                      1770    167     1867
..................................................................


WIND (MPH)
  HIGHEST WIND SPEED    29   HIGHEST WIND DIRECTION     N (10)
  HIGHEST GUST SPEED    37   HIGHEST GUST DIRECTION     N (10)
  AVERAGE WIND SPEED     9.7




RELATIVE HUMIDITY (PERCENT)
 HIGHEST    92          1200 AM
 LOWEST     34           100 PM
 AVERAGE    63

..........................................................


THE MEDICINE LODGE KS CLIMATE NORMALS FOR TODAY
                         NORMAL    RECORD    YEAR
 MAXIMUM TEMPERATURE (F)   48        80      1966
 MINIMUM TEMPERATURE (F)   25         0      1950


SUNRISE AND SUNSET
DECEMBER  7 2016......SUNRISE   735 AM CST   SUNSET   517 PM CST
DECEMBER  8 2016......SUNRISE   736 AM CST   SUNSET   517 PM CST


-  INDICATES NEGATIVE NUMBERS.
R  INDICATES RECORD WAS SET OR TIED.
MM INDICATES DATA IS MISSING.
T  INDICATES TRACE AMOUNT.




$$
