000
CDUS43 KDDC 011015
CLIP28


CLIMATE REPORT
NATIONAL WEATHER SERVICE DODGE CITY KS
514 AM CDT SAT NOV 1 2014


...................................

...THE MEDICINE LODGE KS CLIMATE SUMMARY FOR OCTOBER 31 2014...

CLIMATE NORMAL PERIOD 1981 TO 2010
CLIMATE RECORD PERIOD 1893 TO 2014


WEATHER ITEM   OBSERVED TIME   RECORD YEAR NORMAL DEPARTURE LAST
                VALUE   (LST)  VALUE       VALUE  FROM      YEAR
                                                  NORMAL
..................................................................
TEMPERATURE (F)
 YESTERDAY
  MAXIMUM         53    233 PM  89    1938  65    -12       65
  MINIMUM         34    909 PM  13    1993  40     -6       43
  AVERAGE         44                        52     -8       54

PRECIPITATION (IN)
  YESTERDAY        0.00          2.11 1998   0.08  -0.08     0.31
  MONTH TO DATE    0.70                      2.84  -2.14     1.83
  SINCE SEP 1      1.55                      4.94  -3.39     2.92
  SINCE JAN 1     19.06                     25.29  -6.23    24.56

SNOWFALL (IN)
  YESTERDAY        0.0          MM      MM   0.0             0.0
  MONTH TO DATE    0.0                       0.0             0.0
  SINCE SEP 1      0.0                       0.0             0.0
  SINCE JUL 1      0.0                       0.0             0.0
  SNOW DEPTH       0

DEGREE DAYS
 HEATING
  YESTERDAY       21                        13      8
  MONTH TO DATE  155                       237    -82
  SINCE SEP 1    174                       269    -95
  SINCE JUL 1    179                       269    -90

 COOLING
  YESTERDAY        0                         0      0        0
  MONTH TO DATE   65                        38     27       45
  SINCE SEP 1    318                       258     60      337
  SINCE JAN 1   1802                      1769     33     1786
..................................................................


WIND (MPH)
  HIGHEST WIND SPEED    24   HIGHEST WIND DIRECTION     N (20)
  HIGHEST GUST SPEED    32   HIGHEST GUST DIRECTION     N (20)
  AVERAGE WIND SPEED    10.2




RELATIVE HUMIDITY (PERCENT)
 HIGHEST    92           500 AM
 LOWEST     28           300 PM
 AVERAGE    60

..........................................................


THE MEDICINE LODGE KS CLIMATE NORMALS FOR TODAY
                         NORMAL    RECORD    YEAR
 MAXIMUM TEMPERATURE (F)   65        86      1990
 MINIMUM TEMPERATURE (F)   39        22      1899


SUNRISE AND SUNSET
NOVEMBER  1 2014......SUNRISE   759 AM CDT   SUNSET   636 PM CDT
NOVEMBER  2 2014......SUNRISE   700 AM CST   SUNSET   535 PM CST


-  INDICATES NEGATIVE NUMBERS.
R  INDICATES RECORD WAS SET OR TIED.
MM INDICATES DATA IS MISSING.
T  INDICATES TRACE AMOUNT.




$$
