000
CDUS43 KDDC 251008
CLIP28


CLIMATE REPORT
NATIONAL WEATHER SERVICE DODGE CITY KS
507 AM CDT FRI JUL 25 2014


...................................

...THE MEDICINE LODGE KS CLIMATE SUMMARY FOR JULY 24 2014...

CLIMATE NORMAL PERIOD 1981 TO 2010
CLIMATE RECORD PERIOD 1893 TO 2014


WEATHER ITEM   OBSERVED TIME   RECORD YEAR NORMAL DEPARTURE LAST
                VALUE   (LST)  VALUE       VALUE  FROM      YEAR
                                                  NORMAL
..................................................................
TEMPERATURE (F)
 YESTERDAY
  MAXIMUM         95    550 PM 110    1936  95      0       93
  MINIMUM         68    422 AM  54    1978  70     -2       71
  AVERAGE         82                        83     -1       82

PRECIPITATION (IN)
  YESTERDAY        0.00          0.81 1973   0.09  -0.09     0.00
  MONTH TO DATE    2.48                      2.73  -0.25     1.72
  SINCE JUN 1     10.37                      6.84   3.53     3.94
  SINCE JAN 1     13.26                     16.58  -3.32    14.29

SNOWFALL (IN)
  YESTERDAY        0.0          MM      MM   0.0             0.0
  MONTH TO DATE    0.0                       0.0             0.0
  SINCE JUN 1      0.0                       0.0             0.0
  SINCE JUL 1      0.0                       0.0             0.0
  SNOW DEPTH       0

DEGREE DAYS
 HEATING
  YESTERDAY        0                         0      0
  MONTH TO DATE    5                         0      5
  SINCE JUN 1      5                         3      2
  SINCE JUL 1      5                         0      5

 COOLING
  YESTERDAY       17                        18     -1       17
  MONTH TO DATE  280                       406   -126      395
  SINCE JUN 1    622                       759   -137      799
  SINCE JAN 1    891                       915    -24      942
..................................................................


WIND (MPH)
  HIGHEST WIND SPEED    15   HIGHEST WIND DIRECTION    SE (150)
  HIGHEST GUST SPEED    23   HIGHEST GUST DIRECTION     S (170)
  AVERAGE WIND SPEED     8.6




RELATIVE HUMIDITY (PERCENT)
 HIGHEST    90           300 AM
 LOWEST     46           600 PM
 AVERAGE    68

..........................................................


THE MEDICINE LODGE KS CLIMATE NORMALS FOR TODAY
                         NORMAL    RECORD    YEAR
 MAXIMUM TEMPERATURE (F)   95       108      1964
 MINIMUM TEMPERATURE (F)   70        50      1911


SUNRISE AND SUNSET
JULY 25 2014..........SUNRISE   633 AM CDT   SUNSET   848 PM CDT
JULY 26 2014..........SUNRISE   634 AM CDT   SUNSET   847 PM CDT


-  INDICATES NEGATIVE NUMBERS.
R  INDICATES RECORD WAS SET OR TIED.
MM INDICATES DATA IS MISSING.
T  INDICATES TRACE AMOUNT.




$$
