000
CDUS43 KDDC 292327
CLIP28


CLIMATE REPORT
NATIONAL WEATHER SERVICE DODGE CITY KS
626 PM CDT MON JUN 29 2015


...................................

...THE MEDICINE LODGE KS CLIMATE SUMMARY FOR JUNE 29 2015...
VALID TODAY AS OF 0500 PM LOCAL TIME.

CLIMATE NORMAL PERIOD 1981 TO 2010
CLIMATE RECORD PERIOD 1893 TO 2015


WEATHER ITEM   OBSERVED TIME   RECORD YEAR NORMAL DEPARTURE LAST
                VALUE   (LST)  VALUE       VALUE  FROM      YEAR
                                                  NORMAL
..................................................................
TEMPERATURE (F)
 TODAY
  MAXIMUM         97    340 PM 107    1933  92      5       90
  MINIMUM         67    607 AM  48    1923  68     -1       70
  AVERAGE         82                        80      2       80

PRECIPITATION (IN)
  TODAY            0.00          1.84 1942   0.10  -0.10     0.00
  MONTH TO DATE    2.26                      4.02  -1.76     7.62
  SINCE JUN 1      2.26                      4.02  -1.76     7.62
  SINCE JAN 1     14.22                     13.76   0.46    10.51

DEGREE DAYS
 HEATING
  TODAY            0                         0      0        0
  MONTH TO DATE    0                         0      0        0
  SINCE JUN 1      0                         0      0        0
  SINCE JUL 1   4323                      4455   -132     5023

 COOLING
  TODAY           17                        15      2       15
  MONTH TO DATE  414                       337     77      328
  SINCE JUN 1    414                       337     77      328
  SINCE JAN 1    521                       493     28      597
..................................................................


WIND (MPH)
  HIGHEST WIND SPEED    16   HIGHEST WIND DIRECTION     N (360)
  HIGHEST GUST SPEED    19   HIGHEST GUST DIRECTION     N (10)
  AVERAGE WIND SPEED     4.7




RELATIVE HUMIDITY (PERCENT)
 HIGHEST    87          1200 AM
 LOWEST     24           400 PM
 AVERAGE    56

..........................................................


THE MEDICINE LODGE KS CLIMATE NORMALS FOR TOMORROW
                         NORMAL    RECORD    YEAR
 MAXIMUM TEMPERATURE (F)   93       108      1956
 MINIMUM TEMPERATURE (F)   68        50      1904


SUNRISE AND SUNSET
JUNE 29 2015..........SUNRISE   617 AM CDT   SUNSET   859 PM CDT
JUNE 30 2015..........SUNRISE   617 AM CDT   SUNSET   859 PM CDT


-  INDICATES NEGATIVE NUMBERS.
R  INDICATES RECORD WAS SET OR TIED.
MM INDICATES DATA IS MISSING.
T  INDICATES TRACE AMOUNT.




$$
