000
CDUS43 KDDC 282327
CLIP28


CLIMATE REPORT
NATIONAL WEATHER SERVICE DODGE CITY KS
627 PM CDT THU AUG 28 2014


...................................

...THE MEDICINE LODGE KS CLIMATE SUMMARY FOR AUGUST 28 2014...
VALID TODAY AS OF 0500 PM LOCAL TIME.

CLIMATE NORMAL PERIOD 1981 TO 2010
CLIMATE RECORD PERIOD 1893 TO 2014


WEATHER ITEM   OBSERVED TIME   RECORD YEAR NORMAL DEPARTURE LAST
                VALUE   (LST)  VALUE       VALUE  FROM      YEAR
                                                  NORMAL
..................................................................
TEMPERATURE (F)
 TODAY
  MAXIMUM         87    312 PM 109    1984  90     -3       94
  MINIMUM         72    901 AM  47    1916  66      6       66
  AVERAGE         80                        78      2       80

PRECIPITATION (IN)
  TODAY            0.20          2.07 1977   0.10   0.10     0.00
  MONTH TO DATE    1.38                      2.79  -1.41     6.29
  SINCE JUN 1     13.99                     10.28   3.71    11.29
  SINCE JAN 1     16.88                     20.02  -3.14    21.64

DEGREE DAYS
 HEATING
  TODAY            0                         0      0        0
  MONTH TO DATE    0                         0      0        0
  SINCE JUN 1      5                         3      2        4
  SINCE JUL 1      5                         0      5        0

 COOLING
  TODAY           15                        13      2       15
  MONTH TO DATE  465                       436     29      366
  SINCE JUN 1   1176                      1317   -141     1245
  SINCE JAN 1   1445                      1473    -28     1388
..................................................................


WIND (MPH)
  HIGHEST WIND SPEED    16   HIGHEST WIND DIRECTION     S (170)
  HIGHEST GUST SPEED    23   HIGHEST GUST DIRECTION     S (170)
  AVERAGE WIND SPEED     9.7




RELATIVE HUMIDITY (PERCENT)
 HIGHEST    87           400 AM
 LOWEST     55          1200 AM
 AVERAGE    71

..........................................................


THE MEDICINE LODGE KS CLIMATE NORMALS FOR TOMORROW
                         NORMAL    RECORD    YEAR
 MAXIMUM TEMPERATURE (F)   90       113      1984
 MINIMUM TEMPERATURE (F)   65        47      1976


SUNRISE AND SUNSET
AUGUST 28 2014........SUNRISE   702 AM CDT   SUNSET   809 PM CDT
AUGUST 29 2014........SUNRISE   702 AM CDT   SUNSET   807 PM CDT


-  INDICATES NEGATIVE NUMBERS.
R  INDICATES RECORD WAS SET OR TIED.
MM INDICATES DATA IS MISSING.
T  INDICATES TRACE AMOUNT.




$$
