000
CDUS43 KDDC 282327
CLIP28


CLIMATE REPORT
NATIONAL WEATHER SERVICE DODGE CITY KS
626 PM CDT SAT MAR 28 2015


...................................

...THE MEDICINE LODGE KS CLIMATE SUMMARY FOR MARCH 28 2015...
VALID TODAY AS OF 0500 PM LOCAL TIME.

CLIMATE NORMAL PERIOD 1981 TO 2010
CLIMATE RECORD PERIOD 1893 TO 2015


WEATHER ITEM   OBSERVED TIME   RECORD YEAR NORMAL DEPARTURE LAST
                VALUE   (LST)  VALUE       VALUE  FROM      YEAR
                                                  NORMAL
..................................................................
TEMPERATURE (F)
 TODAY
  MAXIMUM         77    359 PM  89    1963  63     14       62
  MINIMUM         36    509 AM  13    1931  38     -2       33
  AVERAGE         57                        50      7       48

PRECIPITATION (IN)
  TODAY            0.00          1.37 1989   0.07  -0.07     0.00
  MONTH TO DATE    0.38                      2.03  -1.65     0.49
  SINCE MAR 1      0.38                      2.03  -1.65     0.49
  SINCE JAN 1      1.69                      3.78  -2.09     1.44

DEGREE DAYS
 HEATING
  TODAY            8                        15     -7       17
  MONTH TO DATE  444                       526    -82      697
  SINCE MAR 1    444                       526    -82      697
  SINCE JUL 1   4018                      4055    -37     4648

 COOLING
  TODAY            0                         0      0        0
  MONTH TO DATE    0                         0      0        0
  SINCE MAR 1      0                         0      0        0
  SINCE JAN 1      0                         0      0        0
..................................................................


WIND (MPH)
  HIGHEST WIND SPEED    14   HIGHEST WIND DIRECTION     E (90)
  HIGHEST GUST SPEED    20   HIGHEST GUST DIRECTION    SE (120)
  AVERAGE WIND SPEED     6.3




RELATIVE HUMIDITY (PERCENT)
 HIGHEST    92           500 AM
 LOWEST     27           200 PM
 AVERAGE    60

..........................................................


THE MEDICINE LODGE KS CLIMATE NORMALS FOR TOMORROW
                         NORMAL    RECORD    YEAR
 MAXIMUM TEMPERATURE (F)   63        89      1967
 MINIMUM TEMPERATURE (F)   38        16      1944


SUNRISE AND SUNSET
MARCH 28 2015.........SUNRISE   726 AM CDT   SUNSET   753 PM CDT
MARCH 29 2015.........SUNRISE   725 AM CDT   SUNSET   754 PM CDT


-  INDICATES NEGATIVE NUMBERS.
R  INDICATES RECORD WAS SET OR TIED.
MM INDICATES DATA IS MISSING.
T  INDICATES TRACE AMOUNT.




$$
