000
CDUS43 KDDC 070712
CLIP28


CLIMATE REPORT
NATIONAL WEATHER SERVICE DODGE CITY KS
111 AM CST SUN FEB 7 2016


...................................

...THE MEDICINE LODGE KS CLIMATE SUMMARY FOR FEBRUARY 6 2016...

CLIMATE NORMAL PERIOD 1981 TO 2010
CLIMATE RECORD PERIOD 1893 TO 2016


WEATHER ITEM   OBSERVED TIME   RECORD YEAR NORMAL DEPARTURE LAST
                VALUE   (LST)  VALUE       VALUE  FROM      YEAR
                                                  NORMAL
..................................................................
TEMPERATURE (F)
 YESTERDAY
  MAXIMUM         55    410 PM  76    2009  48      7       68
  MINIMUM         22    805 AM -20    1982  24     -2       25
  AVERAGE         39                        36      3       47

PRECIPITATION (IN)
  YESTERDAY        0.00          0.98 1928   0.03  -0.03     0.00
  MONTH TO DATE    0.38                      0.16   0.22     0.01
  SINCE DEC 1      3.26                      1.79   1.47     2.09
  SINCE JAN 1      0.89                      0.87   0.02     0.77

SNOWFALL (IN)
  YESTERDAY        0.0          MM      MM   0.1             0.0
  MONTH TO DATE    0.0                       0.6             0.0
  SINCE DEC 1      1.0                       6.6             2.3
  SINCE JUL 1      1.0                       6.8             4.8
  SNOW DEPTH       0

DEGREE DAYS
 HEATING
  YESTERDAY       26                        29     -3       18
  MONTH TO DATE  172                       177     -5      201
  SINCE DEC 1   1860                      2096   -236     1981
  SINCE JUL 1   2455                      2954   -499     2886

 COOLING
  YESTERDAY        0                         0      0        0
  MONTH TO DATE    0                         0      0        0
  SINCE DEC 1      0                         0      0        0
  SINCE JAN 1      0                         0      0        0
..................................................................


WIND (MPH)
  HIGHEST WIND SPEED    13   HIGHEST WIND DIRECTION     S (170)
  HIGHEST GUST SPEED    19   HIGHEST GUST DIRECTION    SW (240)
  AVERAGE WIND SPEED     6.5




RELATIVE HUMIDITY (PERCENT)
 HIGHEST    96           600 AM
 LOWEST     20           400 PM
 AVERAGE    58

..........................................................


THE MEDICINE LODGE KS CLIMATE NORMALS FOR TODAY
                         NORMAL    RECORD    YEAR
 MAXIMUM TEMPERATURE (F)   49        76      1926
 MINIMUM TEMPERATURE (F)   24       -14      1982


SUNRISE AND SUNSET
FEBRUARY  7 2016......SUNRISE   732 AM CST   SUNSET   605 PM CST
FEBRUARY  8 2016......SUNRISE   731 AM CST   SUNSET   606 PM CST


-  INDICATES NEGATIVE NUMBERS.
R  INDICATES RECORD WAS SET OR TIED.
MM INDICATES DATA IS MISSING.
T  INDICATES TRACE AMOUNT.




$$
