000
CDUS45 KRIW 090734
CLIP60


CLIMATE REPORT
NATIONAL WEATHER SERVICE RIVERTON WY
1228 AM MST TUE FEB 9 2016


...................................

...THE LAKE YELLOWSTONE WY CLIMATE SUMMARY FOR FEBRUARY 8 2016...

CLIMATE NORMAL PERIOD 1981 TO 2010
CLIMATE RECORD PERIOD 1998 TO 2016


WEATHER ITEM   OBSERVED TIME   RECORD YEAR NORMAL DEPARTURE LAST
                VALUE   (LST)  VALUE       VALUE  FROM      YEAR
                                                  NORMAL
..................................................................
TEMPERATURE (F)
 YESTERDAY
  MAXIMUM         37        MM  40    2015  26     11       40
  MINIMUM          6        MM -30    2001   1      5       22
  AVERAGE         22                        13      9       31

PRECIPITATION (IN)
  YESTERDAY        0.00          0.43 2014   0.06  -0.06     0.00
  MONTH TO DATE    0.02                      0.40  -0.38     0.40
  SINCE DEC 1      4.27                      4.01   0.26     4.93
  SINCE JAN 1      1.23                      2.51  -1.28     2.43

DEGREE DAYS
 HEATING
  YESTERDAY       43                        52     -9       34
  MONTH TO DATE  437                       416     21      298
  SINCE DEC 1   3578                      3627    -49     3288
  SINCE JUL 1   6906                      6947    -41     6615

 COOLING
  YESTERDAY        0                         0      0        0
  MONTH TO DATE    0                         0      0        0
  SINCE DEC 1      0                         0      0        0
  SINCE JAN 1      0                         0      0        0
..................................................................


WIND (MPH)
  HIGHEST WIND SPEED     8   HIGHEST WIND DIRECTION     W (280)
  HIGHEST GUST SPEED    MM   HIGHEST GUST DIRECTION    MM
  AVERAGE WIND SPEED     1.6


SKY COVER
  POSSIBLE SUNSHINE  MM
  AVERAGE SKY COVER 0.0


WEATHER CONDITIONS
 THE FOLLOWING WEATHER WAS RECORDED YESTERDAY.
  NO SIGNIFICANT WEATHER WAS OBSERVED.


RELATIVE HUMIDITY (PERCENT)
 HIGHEST    88           700 AM
 LOWEST     52           400 PM
 AVERAGE    70

..........................................................


THE LAKE YELLOWSTONE WY CLIMATE NORMALS FOR TODAY
                         NORMAL    RECORD    YEAR
 MAXIMUM TEMPERATURE (F)   26        37      2015
 MINIMUM TEMPERATURE (F)    1       -32      2011


SUNRISE AND SUNSET
FEBRUARY  9 2016......SUNRISE   731 AM MST   SUNSET   541 PM MST
FEBRUARY 10 2016......SUNRISE   729 AM MST   SUNSET   543 PM MST


-  INDICATES NEGATIVE NUMBERS.
R  INDICATES RECORD WAS SET OR TIED.
MM INDICATES DATA IS MISSING.
T  INDICATES TRACE AMOUNT.




$$
