854
CDUS45 KRIW 250733
CLIP60


CLIMATE REPORT
NATIONAL WEATHER SERVICE RIVERTON WY
1233 AM MST SAT NOV 25 2017


...................................

...THE LAKE YELLOWSTONE WY CLIMATE SUMMARY FOR NOVEMBER 24 2017...

CLIMATE NORMAL PERIOD 1981 TO 2010
CLIMATE RECORD PERIOD 1998 TO 2017


WEATHER ITEM   OBSERVED TIME   RECORD YEAR NORMAL DEPARTURE LAST
                VALUE   (LST)  VALUE       VALUE  FROM      YEAR
                                                  NORMAL
..................................................................
TEMPERATURE (F)
 YESTERDAY
  MAXIMUM         41R  1255 AM  41    2011  29     12       22
  MINIMUM         28   1159 PM -18    2010   9     19        2
  AVERAGE         35                        19     16       12

PRECIPITATION (IN)
  YESTERDAY        0.05          0.15 2004   0.07  -0.02     0.01
  MONTH TO DATE    4.55                      1.67   2.88     1.02
  SINCE SEP 1      8.57                      4.32   4.25     9.45
  SINCE JAN 1     30.87                     18.39  12.48    20.68

DEGREE DAYS
 HEATING
  YESTERDAY       30                        46    -16       53
  MONTH TO DATE  993                       985      8      815
  SINCE SEP 1   2566                      2446    120     2268
  SINCE JUL 1   3119                      3033     86     2851

 COOLING
  YESTERDAY        0                         0      0        0
  MONTH TO DATE    0                         0      0        0
  SINCE SEP 1      0                         0      0        0
  SINCE JAN 1      0                         0      0        0
..................................................................


WIND (MPH)
  HIGHEST WIND SPEED    18   HIGHEST WIND DIRECTION     W (290)
  HIGHEST GUST SPEED    32   HIGHEST GUST DIRECTION    SW (240)
  AVERAGE WIND SPEED     6.2


SKY COVER
  POSSIBLE SUNSHINE  MM
  AVERAGE SKY COVER 0.0


WEATHER CONDITIONS
 THE FOLLOWING WEATHER WAS RECORDED YESTERDAY.
  NO SIGNIFICANT WEATHER WAS OBSERVED.


RELATIVE HUMIDITY (PERCENT)
 HIGHEST    92           400 AM
 LOWEST     44           100 PM
 AVERAGE    68

..........................................................


THE LAKE YELLOWSTONE WY CLIMATE NORMALS FOR TODAY
                         NORMAL    RECORD    YEAR
 MAXIMUM TEMPERATURE (F)   28        38      2013
 MINIMUM TEMPERATURE (F)    8       -23      2010


SUNRISE AND SUNSET
NOVEMBER 25 2017......SUNRISE   731 AM MST   SUNSET   446 PM MST
NOVEMBER 26 2017......SUNRISE   733 AM MST   SUNSET   445 PM MST


-  INDICATES NEGATIVE NUMBERS.
R  INDICATES RECORD WAS SET OR TIED.
MM INDICATES DATA IS MISSING.
T  INDICATES TRACE AMOUNT.




$$
