000
CDUS45 KRIW 290734
CLIP60


CLIMATE REPORT
NATIONAL WEATHER SERVICE RIVERTON WY
133 AM MDT FRI AUG 29 2014


...................................

...THE LAKE YELLOWSTONE WY CLIMATE SUMMARY FOR AUGUST 28 2014...

CLIMATE NORMAL PERIOD 1981 TO 2010
CLIMATE RECORD PERIOD 1998 TO 2014


WEATHER ITEM   OBSERVED TIME   RECORD YEAR NORMAL DEPARTURE LAST
                VALUE   (LST)  VALUE       VALUE  FROM      YEAR
                                                  NORMAL
..................................................................
TEMPERATURE (F)
 YESTERDAY
  MAXIMUM         71    350 PM  82    2012  70      1       72
  MINIMUM         35    556 AM  28    2008  36     -1       42
  AVERAGE         53                        53      0       57

PRECIPITATION (IN)
  YESTERDAY        0.45          0.56 2010   0.05   0.40     0.02
  MONTH TO DATE    3.17                      1.34   1.83     0.75
  SINCE JUN 1      6.86                      4.81   2.05     3.11
  SINCE JAN 1     22.00                     13.89   8.11    12.10

DEGREE DAYS
 HEATING
  YESTERDAY       12                        12      0        8
  MONTH TO DATE  348                       266     82      200
  SINCE JUN 1   1199                      1042    157      831
  SINCE JUL 1    613                       549     64      398

 COOLING
  YESTERDAY        0                         0      0        0
  MONTH TO DATE    0                         0      0        0
  SINCE JUN 1      0                         0      0        0
  SINCE JAN 1      0                         0      0        0
..................................................................


WIND (MPH)
  HIGHEST WIND SPEED    17   HIGHEST WIND DIRECTION     W (280)
  HIGHEST GUST SPEED    28   HIGHEST GUST DIRECTION     W (290)
  AVERAGE WIND SPEED     3.3


SKY COVER
  POSSIBLE SUNSHINE  MM
  AVERAGE SKY COVER 0.0


WEATHER CONDITIONS
 THE FOLLOWING WEATHER WAS RECORDED YESTERDAY.
  NO SIGNIFICANT WEATHER WAS OBSERVED.


RELATIVE HUMIDITY (PERCENT)
 HIGHEST   100           500 AM
 LOWEST     28           200 PM
 AVERAGE    64

..........................................................


THE LAKE YELLOWSTONE WY CLIMATE NORMALS FOR TODAY
                         NORMAL    RECORD    YEAR
 MAXIMUM TEMPERATURE (F)   69        78      2005
 MINIMUM TEMPERATURE (F)   36        32      2002
                                             2000


SUNRISE AND SUNSET
AUGUST 29 2014........SUNRISE   641 AM MDT   SUNSET   803 PM MDT
AUGUST 30 2014........SUNRISE   642 AM MDT   SUNSET   802 PM MDT


-  INDICATES NEGATIVE NUMBERS.
R  INDICATES RECORD WAS SET OR TIED.
MM INDICATES DATA IS MISSING.
T  INDICATES TRACE AMOUNT.




$$
