000
CDUS45 KRIW 260734
CLIP60


CLIMATE REPORT
NATIONAL WEATHER SERVICE RIVERTON WY
133 AM MDT FRI AUG 26 2016


...................................

...THE LAKE YELLOWSTONE WY CLIMATE SUMMARY FOR AUGUST 25 2016...

CLIMATE NORMAL PERIOD 1981 TO 2010
CLIMATE RECORD PERIOD 1998 TO 2016


WEATHER ITEM   OBSERVED TIME   RECORD YEAR NORMAL DEPARTURE LAST
                VALUE   (LST)  VALUE       VALUE  FROM      YEAR
                                                  NORMAL
..................................................................
TEMPERATURE (F)
 YESTERDAY
  MAXIMUM         61    537 PM  80    2015  71    -10       80
                                      2008
  MINIMUM         28R   606 AM  28    2005  37     -9       37
  AVERAGE         45                        54     -9       59

PRECIPITATION (IN)
  YESTERDAY        0.00          0.80 2004   0.06  -0.06     0.00
  MONTH TO DATE    0.28                      1.18  -0.90     1.50
  SINCE JUN 1      2.14                      4.65  -2.51     3.54
  SINCE JAN 1     11.20                     13.73  -2.53    11.28

DEGREE DAYS
 HEATING
  YESTERDAY       20                        11      9        6
  MONTH TO DATE  213                       230    -17      282
  SINCE JUN 1    889                      1006   -117      940
  SINCE JUL 1    521                       513      8      614

 COOLING
  YESTERDAY        0                         0      0        0
  MONTH TO DATE    0                         0      0        0
  SINCE JUN 1      0                         0      0        1
  SINCE JAN 1      0                         0      0        1
..................................................................


WIND (MPH)
  HIGHEST WIND SPEED     9   HIGHEST WIND DIRECTION    NW (330)
  HIGHEST GUST SPEED    20   HIGHEST GUST DIRECTION     N (350)
  AVERAGE WIND SPEED     2.1


SKY COVER
  POSSIBLE SUNSHINE  MM
  AVERAGE SKY COVER 0.0


WEATHER CONDITIONS
 THE FOLLOWING WEATHER WAS RECORDED YESTERDAY.
  NO SIGNIFICANT WEATHER WAS OBSERVED.


RELATIVE HUMIDITY (PERCENT)
 HIGHEST   100          1200 AM
 LOWEST     30           400 PM
 AVERAGE    65

..........................................................


THE LAKE YELLOWSTONE WY CLIMATE NORMALS FOR TODAY
                         NORMAL    RECORD    YEAR
 MAXIMUM TEMPERATURE (F)   70        80      2011
                                             2010
 MINIMUM TEMPERATURE (F)   37        29      2005


SUNRISE AND SUNSET
AUGUST 26 2016........SUNRISE   638 AM MDT   SUNSET   808 PM MDT
AUGUST 27 2016........SUNRISE   639 AM MDT   SUNSET   806 PM MDT


-  INDICATES NEGATIVE NUMBERS.
R  INDICATES RECORD WAS SET OR TIED.
MM INDICATES DATA IS MISSING.
T  INDICATES TRACE AMOUNT.




$$
