000
CDUS45 KLKN 260934
CLIP68


CLIMATE REPORT
NATIONAL WEATHER SERVICE ELKO NV
230 AM PDT FRI AUG 26 2016


...................................

...THE EUREKA AIRPORT NV CLIMATE SUMMARY FOR AUGUST 25 2016...

CLIMATE NORMAL PERIOD 1981 TO 2010
CLIMATE RECORD PERIOD 1963 TO 2016


WEATHER ITEM   OBSERVED TIME   RECORD YEAR NORMAL DEPARTURE LAST
                VALUE   (LST)  VALUE       VALUE  FROM      YEAR
                                                  NORMAL
..................................................................
TEMPERATURE (F)
 YESTERDAY
  MAXIMUM         83    312 PM  96    2011  85     -2       93
                                      2007
  MINIMUM         37    531 AM  30    1989  46     -9       52
                                      1963
  AVERAGE         60                        65     -5       73

PRECIPITATION (IN)
  YESTERDAY        0.00          0.10 1971   0.02  -0.02     0.00
  MONTH TO DATE    0.00                      0.46  -0.46     0.72
  SINCE OCT 1     12.11                      8.30   3.81     6.74
  SINCE JAN 1      7.84                      6.17   1.67     5.62

DEGREE DAYS
 HEATING
  YESTERDAY        5                         2      3        0
  MONTH TO DATE    8                        20    -12        7
  SINCE JUN 1     75                       193   -118       67
  SINCE JUL 1     21                        33    -12       28

 COOLING
  YESTERDAY        0                         2     -2        8
  MONTH TO DATE  110                        91     19      155
  SINCE JUN 1    400                       263    137      433
  SINCE JAN 1    400                       266    134      441
..................................................................


WIND (MPH)
  HIGHEST WIND SPEED    17   HIGHEST WIND DIRECTION     N (20)
  HIGHEST GUST SPEED    22   HIGHEST GUST DIRECTION    NE (30)
  AVERAGE WIND SPEED     4.8




RELATIVE HUMIDITY (PERCENT)
 HIGHEST    45           500 AM
 LOWEST     10           400 PM
 AVERAGE    28

..........................................................


THE EUREKA AIRPORT NV CLIMATE NORMALS FOR TODAY
                         NORMAL    RECORD    YEAR
 MAXIMUM TEMPERATURE (F)   85        96      2011
                                             2010
 MINIMUM TEMPERATURE (F)   45        27      1992


SUNRISE AND SUNSET
AUGUST 26 2016........SUNRISE   607 AM PDT   SUNSET   723 PM PDT
AUGUST 27 2016........SUNRISE   608 AM PDT   SUNSET   722 PM PDT


-  INDICATES NEGATIVE NUMBERS.
R  INDICATES RECORD WAS SET OR TIED.
MM INDICATES DATA IS MISSING.
T  INDICATES TRACE AMOUNT.




$$
