000
CDUS45 KLKN 210934
CLIP68


CLIMATE REPORT
NATIONAL WEATHER SERVICE ELKO NV
133 AM PST TUE NOV 21 2017


...................................

...THE EUREKA AIRPORT NV CLIMATE SUMMARY FOR NOVEMBER 20 2017...

CLIMATE NORMAL PERIOD 1981 TO 2010
CLIMATE RECORD PERIOD 1963 TO 2017


WEATHER ITEM   OBSERVED TIME   RECORD YEAR NORMAL DEPARTURE LAST
                VALUE   (LST)  VALUE       VALUE  FROM      YEAR
                                                  NORMAL
..................................................................
TEMPERATURE (F)
 YESTERDAY
  MAXIMUM         60    157 PM  69    1989  47     13       62
  MINIMUM         32    337 AM   2    1994  18     14       36
  AVERAGE         46                        33     13       49

PRECIPITATION (IN)
  YESTERDAY        0.00          0.36 1991   0.02  -0.02     0.07
  MONTH TO DATE    0.24                      0.55  -0.31     0.11
  SINCE OCT 1      0.52                      1.29  -0.77     0.63
  SINCE JAN 1      9.56                      8.16   1.40     9.54

DEGREE DAYS
 HEATING
  YESTERDAY       19                        32    -13       16
  MONTH TO DATE  497                       568    -71      413
  SINCE SEP 1   1360                      1368     -8     1048
  SINCE JUL 1   1364                      1415    -51     1072

 COOLING
  YESTERDAY        0                         0      0        0
  MONTH TO DATE    0                         0      0        0
  SINCE SEP 1     61                        11     50        9
  SINCE JAN 1    570                       288    282      424
..................................................................


WIND (MPH)
  HIGHEST WIND SPEED    12   HIGHEST WIND DIRECTION     S (190)
  HIGHEST GUST SPEED    15   HIGHEST GUST DIRECTION    NW (300)
  AVERAGE WIND SPEED     4.4




RELATIVE HUMIDITY (PERCENT)
 HIGHEST    71           800 PM
 LOWEST     28          1200 PM
 AVERAGE    50

..........................................................


THE EUREKA AIRPORT NV CLIMATE NORMALS FOR TODAY
                         NORMAL    RECORD    YEAR
 MAXIMUM TEMPERATURE (F)   47        66      2002
 MINIMUM TEMPERATURE (F)   18        -2      1979


SUNRISE AND SUNSET
NOVEMBER 21 2017......SUNRISE   635 AM PST   SUNSET   424 PM PST
NOVEMBER 22 2017......SUNRISE   636 AM PST   SUNSET   424 PM PST


-  INDICATES NEGATIVE NUMBERS.
R  INDICATES RECORD WAS SET OR TIED.
MM INDICATES DATA IS MISSING.
T  INDICATES TRACE AMOUNT.




$$
