000
CDUS45 KLKN 040936
CLIP68


CLIMATE REPORT
NATIONAL WEATHER SERVICE ELKO NV
230 AM PDT SAT JUL 4 2015


...................................

...THE EUREKA AIRPORT NV CLIMATE SUMMARY FOR JULY 3 2015...

CLIMATE NORMAL PERIOD 1981 TO 2010
CLIMATE RECORD PERIOD 1963 TO 2015


WEATHER ITEM   OBSERVED TIME   RECORD YEAR NORMAL DEPARTURE LAST
                VALUE   (LST)  VALUE       VALUE  FROM      YEAR
                                                  NORMAL
..................................................................
TEMPERATURE (F)
 YESTERDAY
  MAXIMUM         94    206 PM  99    2011  87      7       93
                                      1985
  MINIMUM         61    413 AM  31    1997  47     14       56
                                      1983
                                      1966
  AVERAGE         78                        67     11       75

PRECIPITATION (IN)
  YESTERDAY        0.00          0.28 2009   0.01  -0.01     0.00
  MONTH TO DATE    0.07                      0.03   0.04     0.00
  SINCE OCT 1      5.21                      7.24  -2.03     7.07
  SINCE JAN 1      4.09                      5.11  -1.02     4.67

DEGREE DAYS
 HEATING
  YESTERDAY        0                         1     -1        0
  MONTH TO DATE    0                         3     -3        0
  SINCE JUN 1     39                       163   -124      103
  SINCE JUL 1      0                         3     -3        0

 COOLING
  YESTERDAY       13                         3     10       10
  MONTH TO DATE   37                         8     29       27
  SINCE JUN 1    194                        37    157       68
  SINCE JAN 1    202                        40    162       70
..................................................................


WIND (MPH)
  HIGHEST WIND SPEED    25   HIGHEST WIND DIRECTION     W (270)
  HIGHEST GUST SPEED    35   HIGHEST GUST DIRECTION     W (280)
  AVERAGE WIND SPEED     5.6




RELATIVE HUMIDITY (PERCENT)
 HIGHEST    67           100 AM
 LOWEST     15           500 PM
 AVERAGE    41

..........................................................


THE EUREKA AIRPORT NV CLIMATE NORMALS FOR TODAY
                         NORMAL    RECORD    YEAR
 MAXIMUM TEMPERATURE (F)   87        99      2007
 MINIMUM TEMPERATURE (F)   47        34      1969
                                             1966


SUNRISE AND SUNSET
JULY  4 2015..........SUNRISE   522 AM PDT   SUNSET   815 PM PDT
JULY  5 2015..........SUNRISE   522 AM PDT   SUNSET   814 PM PDT


-  INDICATES NEGATIVE NUMBERS.
R  INDICATES RECORD WAS SET OR TIED.
MM INDICATES DATA IS MISSING.
T  INDICATES TRACE AMOUNT.




$$
