000
CDUS45 KLKN 240945
CLIP68


CLIMATE REPORT
NATIONAL WEATHER SERVICE ELKO NV
245 AM PDT SUN SEP 4  2017


...................................

...THE EUREKA AIRPORT NV CLIMATE SUMMARY FOR SEPTEMBER 23 2017...

CLIMATE NORMAL PERIOD 1981 TO 2010
CLIMATE RECORD PERIOD 1963 TO 2017


WEATHER ITEM   OBSERVED TIME   RECORD YEAR NORMAL DEPARTURE LAST
                VALUE   (LST)  VALUE       VALUE  FROM      YEAR
                                                  NORMAL
..................................................................
TEMPERATURE (F)
 YESTERDAY
  MAXIMUM         50        MM  88    2011  75    -25       59
  MINIMUM         29        MM  18    1968  36     -7       40
  AVERAGE         40                        55    -15       50

PRECIPITATION (IN)
  YESTERDAY        0.00          0.29 1992   0.02  -0.02     0.00
  MONTH TO DATE    0.86                      0.45   0.41     1.07
  SINCE OCT 1     11.13                      8.87   2.26    13.18
  SINCE JAN 1      9.04                      6.74   2.30     8.91

DEGREE DAYS
 HEATING
  YESTERDAY       25                        10     15       15
  MONTH TO DATE  144                       137      7      146
  SINCE SEP 1    144                       137      7      146
  SINCE JUL 1    148                       184    -36      170

 COOLING
  YESTERDAY        0                         0      0        0
  MONTH TO DATE   61                         9     52        9
  SINCE SEP 1     61                         9     52        9
  SINCE JAN 1    570                       286    284      424
..................................................................


WIND (MPH)
  HIGHEST WIND SPEED    17   HIGHEST WIND DIRECTION     N (20)
  HIGHEST GUST SPEED    25   HIGHEST GUST DIRECTION     N (20)
  AVERAGE WIND SPEED     4.8




RELATIVE HUMIDITY (PERCENT)
 HIGHEST    92          1200 AM
 LOWEST     42           300 PM
 AVERAGE    67

..........................................................


THE EUREKA AIRPORT NV CLIMATE NORMALS FOR TODAY
                         NORMAL    RECORD    YEAR
 MAXIMUM TEMPERATURE (F)   74        87      2015
 MINIMUM TEMPERATURE (F)   36        13      1984


SUNRISE AND SUNSET
SEPTEMBER 24 2017.....SUNRISE   634 AM PDT   SUNSET   637 PM PDT
SEPTEMBER 25 2017.....SUNRISE   635 AM PDT   SUNSET   635 PM PDT


-  INDICATES NEGATIVE NUMBERS.
R  INDICATES RECORD WAS SET OR TIED.
MM INDICATES DATA IS MISSING.
T  INDICATES TRACE AMOUNT.




$$
