000
CDUS45 KLKN 290033
CLIP68


CLIMATE REPORT
NATIONAL WEATHER SERVICE ELKO NV
430 PM PST WED JAN 28 2015


...................................

...THE EUREKA AIRPORT NV CLIMATE SUMMARY FOR JANUARY 28 2015...
VALID TODAY AS OF 0400 PM LOCAL TIME.

CLIMATE NORMAL PERIOD 1981 TO 2010
CLIMATE RECORD PERIOD 1963 TO 2015


WEATHER ITEM   OBSERVED TIME   RECORD YEAR NORMAL DEPARTURE LAST
                VALUE   (LST)  VALUE       VALUE  FROM      YEAR
                                                  NORMAL
..................................................................
TEMPERATURE (F)
 TODAY
  MAXIMUM         48    251 PM  57    2011  39      9       49
  MINIMUM         34    609 AM -12    1993  12     22       26
                                      1989
  AVERAGE         41                        25     16       38

PRECIPITATION (IN)
  TODAY            0.00          0.38 1968   0.03  -0.03     0.00
  MONTH TO DATE    0.25                      0.66  -0.41     0.05
  SINCE OCT 1      1.37                      2.79  -1.42     2.45
  SINCE JAN 1      0.25                      0.66  -0.41     0.05

DEGREE DAYS
 HEATING
  TODAY           24                        40    -16       27
  MONTH TO DATE  868                      1159   -291      909
  SINCE DEC 1   1880                      2406   -526     2249
  SINCE JUL 1   3220                      4165   -945     3860

 COOLING
  TODAY            0                         0      0        0
  MONTH TO DATE    0                         0      0        0
  SINCE DEC 1      0                         0      0        0
  SINCE JAN 1      0                         0      0        0
..................................................................


WIND (MPH)
  HIGHEST WIND SPEED    14   HIGHEST WIND DIRECTION     W (290)
  HIGHEST GUST SPEED    18   HIGHEST GUST DIRECTION     W (290)




RELATIVE HUMIDITY (PERCENT)
 HIGHEST    89           400 AM
 LOWEST     54           100 PM
 AVERAGE    72

..........................................................


THE EUREKA AIRPORT NV CLIMATE NORMALS FOR TOMORROW
                         NORMAL    RECORD    YEAR
 MAXIMUM TEMPERATURE (F)   39        57      2014
                                             2011
 MINIMUM TEMPERATURE (F)   12       -23      2002


SUNRISE AND SUNSET
JANUARY 28 2015.......SUNRISE   655 AM PST   SUNSET   459 PM PST
JANUARY 29 2015.......SUNRISE   654 AM PST   SUNSET   500 PM PST


-  INDICATES NEGATIVE NUMBERS.
R  INDICATES RECORD WAS SET OR TIED.
MM INDICATES DATA IS MISSING.
T  INDICATES TRACE AMOUNT.




$$
