000
CDUS45 KLKN 280939
CLIP68


CLIMATE REPORT
NATIONAL WEATHER SERVICE ELKO NV
237 AM PDT MON JUL 28 2014


...................................

...THE EUREKA AIRPORT NV CLIMATE SUMMARY FOR JULY 27 2014...

CLIMATE NORMAL PERIOD 1981 TO 2010
CLIMATE RECORD PERIOD 1963 TO 2014


WEATHER ITEM   OBSERVED TIME   RECORD YEAR NORMAL DEPARTURE LAST
                VALUE   (LST)  VALUE       VALUE  FROM      YEAR
                                                  NORMAL
..................................................................
TEMPERATURE (F)
 YESTERDAY
  MAXIMUM         92   1223 PM 100    2006  91      1       80
  MINIMUM         59    513 AM  35    1993  50      9       59
                                      1983
  AVERAGE         76                        70      6       70

PRECIPITATION (IN)
  YESTERDAY        0.00          0.29 1982   0.02  -0.02     0.02
  MONTH TO DATE    0.24                      0.53  -0.29     0.77
  SINCE OCT 1      7.31                      7.74  -0.43     5.34
  SINCE JAN 1      4.91                      5.61  -0.70     3.90

DEGREE DAYS
 HEATING
  YESTERDAY        0                         0      0        0
  MONTH TO DATE    0                         8     -8        1
  SINCE JUN 1    103                       168    -65       81
  SINCE JUL 1      0                         8     -8        1

 COOLING
  YESTERDAY       11                         5      6        5
  MONTH TO DATE  237                       122    115      252
  SINCE JUN 1    278                       151    127      344
  SINCE JAN 1    280                       154    126      345
..................................................................


WIND (MPH)
  HIGHEST WIND SPEED    29   HIGHEST WIND DIRECTION    SE (140)
  HIGHEST GUST SPEED    37   HIGHEST GUST DIRECTION    SE (130)
  AVERAGE WIND SPEED     8.6




RELATIVE HUMIDITY (PERCENT)
 HIGHEST    49           500 AM
 LOWEST     14          1200 PM
 AVERAGE    32

..........................................................


THE EUREKA AIRPORT NV CLIMATE NORMALS FOR TODAY
                         NORMAL    RECORD    YEAR
 MAXIMUM TEMPERATURE (F)   91       100      1994
 MINIMUM TEMPERATURE (F)   50        37      1983


SUNRISE AND SUNSET
JULY 28 2014..........SUNRISE   540 AM PDT   SUNSET   800 PM PDT
JULY 29 2014..........SUNRISE   541 AM PDT   SUNSET   759 PM PDT


-  INDICATES NEGATIVE NUMBERS.
R  INDICATES RECORD WAS SET OR TIED.
MM INDICATES DATA IS MISSING.
T  INDICATES TRACE AMOUNT.




$$
