000
CDUS45 KLKN 300032
CLIP68


CLIMATE REPORT
NATIONAL WEATHER SERVICE ELKO NV
526 PM PDT WED JUL 29 2015


...................................

...THE EUREKA AIRPORT NV CLIMATE SUMMARY FOR JULY 29 2015...
VALID TODAY AS OF 500 PM LOCAL TIME.

CLIMATE NORMAL PERIOD 1981 TO 2010
CLIMATE RECORD PERIOD 1963 TO 2015


WEATHER ITEM   OBSERVED TIME   RECORD YEAR NORMAL DEPARTURE LAST
                VALUE   (LST)  VALUE       VALUE  FROM      YEAR
                                                  NORMAL
..................................................................
TEMPERATURE (F)
 TODAY
  MAXIMUM         92    315 PM  97    2000  90      2       84
  MINIMUM         41    422 AM  35    1965  50     -9       54
  AVERAGE         67                        70     -3       69

PRECIPITATION (IN)
  TODAY            0.00          1.00 1968   0.02  -0.02     0.03
  MONTH TO DATE    0.88                      0.58   0.30     0.30
  SINCE OCT 1      6.02                      7.79  -1.77     7.37
  SINCE JAN 1      4.90                      5.66  -0.76     4.97

DEGREE DAYS
 HEATING
  TODAY            0                         0      0        0
  MONTH TO DATE   21                         8     13        0
  SINCE JUN 1     60                       168   -108      103
  SINCE JUL 1     21                         8     13        0

 COOLING
  TODAY            2                         5     -3        4
  MONTH TO DATE  110                       132    -22      250
  SINCE JUN 1    267                       161    106      291
  SINCE JAN 1    275                       164    111      293
..................................................................


WIND (MPH)
  HIGHEST WIND SPEED    17   HIGHEST WIND DIRECTION    NW (320)
  HIGHEST GUST SPEED    22   HIGHEST GUST DIRECTION    NW (320)




RELATIVE HUMIDITY (PERCENT)
 HIGHEST    36           500 AM
 LOWEST      6           300 PM
 AVERAGE    21

..........................................................


THE EUREKA AIRPORT NV CLIMATE NORMALS FOR TOMORROW
                         NORMAL    RECORD    YEAR
 MAXIMUM TEMPERATURE (F)   90       101      2000
 MINIMUM TEMPERATURE (F)   50        36      1995


SUNRISE AND SUNSET
JULY 29 2015..........SUNRISE   541 AM PDT   SUNSET   800 PM PDT
JULY 30 2015..........SUNRISE   541 AM PDT   SUNSET   759 PM PDT


-  INDICATES NEGATIVE NUMBERS.
R  INDICATES RECORD WAS SET OR TIED.
MM INDICATES DATA IS MISSING.
T  INDICATES TRACE AMOUNT.




$$
