000
CDUS43 KPAH 042138
CLIPAH


CLIMATE REPORT
NATIONAL WEATHER SERVICE PADUCAH KY
437 PM CDT TUE AUG 4 2015


...................................

...THE PADUCAH KY CLIMATE SUMMARY FOR AUGUST 4 2015...
VALID TODAY AS OF 0400 PM LOCAL TIME.

CLIMATE NORMAL PERIOD 1981 TO 2010
CLIMATE RECORD PERIOD 1937 TO 2015


WEATHER ITEM   OBSERVED TIME   RECORD YEAR NORMAL DEPARTURE LAST
                VALUE   (LST)  VALUE       VALUE  FROM      YEAR
                                                  NORMAL
..................................................................
TEMPERATURE (F)
 TODAY
  MAXIMUM         95    120 PM 106    1947  89      6       93
  MINIMUM         72    539 AM  54    1986  67      5       62
  AVERAGE         84                        78      6       78

PRECIPITATION (IN)
  TODAY            0.00          2.12 2009   0.10  -0.10     0.00
  MONTH TO DATE    0.00                      0.42  -0.42     0.00
  SINCE JUN 1     12.86                      8.92   3.94     8.73
  SINCE JAN 1     38.48                     30.14   8.34    28.92

SNOWFALL (IN)
  TODAY            0.0                                       0.0
  MONTH TO DATE    0.0                                       0.0
  SINCE JUL 1      0.0                                       0.0
  SNOW DEPTH       0

..................................................................


WIND (MPH)
  HIGHEST WIND SPEED    13   HIGHEST WIND DIRECTION    SW (230)
  HIGHEST GUST SPEED    18   HIGHEST GUST DIRECTION    SW (240)




RELATIVE HUMIDITY (PERCENT)
 HIGHEST    93
 LOWEST     49

..........................................................


THE PADUCAH KY CLIMATE NORMALS FOR TOMORROW
                         NORMAL    RECORD    YEAR
 MAXIMUM TEMPERATURE (F)   89       104      1947
 MINIMUM TEMPERATURE (F)   67        55      1986


SUNRISE AND SUNSET
AUGUST  4 2015........SUNRISE   602 AM CDT   SUNSET   759 PM CDT
AUGUST  5 2015........SUNRISE   603 AM CDT   SUNSET   758 PM CDT


-  INDICATES NEGATIVE NUMBERS.
R  INDICATES RECORD WAS SET OR TIED.
MM INDICATES DATA IS MISSING.
T  INDICATES TRACE AMOUNT.




$$
