000
CDUS43 KPAH 222127
CLIPAH


CLIMATE REPORT
NATIONAL WEATHER SERVICE PADUCAH KY
426 PM CDT SUN OCT 22 2017

...................................

...THE PADUCAH KY CLIMATE SUMMARY FOR OCTOBER 22 2017...
VALID TODAY AS OF 0400 PM LOCAL TIME.

CLIMATE NORMAL PERIOD 1981 TO 2010
CLIMATE RECORD PERIOD 1937 TO 2017

WEATHER ITEM   OBSERVED TIME   RECORD YEAR NORMAL DEPARTURE LAST
                VALUE   (LST)  VALUE       VALUE  FROM      YEAR
                                                  NORMAL
..................................................................
TEMPERATURE (F)
 TODAY
  MAXIMUM         77    204 PM  88    1953  69      8       68
  MINIMUM         65    721 AM  23    1952  45     20       35
  AVERAGE         71                        57     14       52

PRECIPITATION (IN)
  TODAY            0.05          1.45 1950   0.12  -0.07     0.00
  MONTH TO DATE    2.43                      2.86  -0.43     0.31
  SINCE SEP 1      4.98                      6.61  -1.63     1.14
  SINCE JAN 1     38.11                     39.09  -0.98    43.81

SNOWFALL (IN)
  TODAY            0.0                                       0.0
  MONTH TO DATE    0.0                                       0.0
  SINCE JUL 1      0.0                                       0.0
  SNOW DEPTH       0
..................................................................

WIND (MPH)
  HIGHEST WIND SPEED    20   HIGHEST WIND DIRECTION     S (170)
  HIGHEST GUST SPEED    31   HIGHEST GUST DIRECTION     S (160)

RELATIVE HUMIDITY (PERCENT)
 HIGHEST    78
 LOWEST     56
..........................................................

THE PADUCAH KY CLIMATE NORMALS FOR TOMORROW
                         NORMAL    RECORD    YEAR
 MAXIMUM TEMPERATURE (F)   69        84      2000
                                             1940
 MINIMUM TEMPERATURE (F)   45        27      1969

SUNRISE AND SUNSET
OCTOBER 22 2017.......SUNRISE   710 AM CDT   SUNSET   609 PM CDT
OCTOBER 23 2017.......SUNRISE   711 AM CDT   SUNSET   608 PM CDT

-  INDICATES NEGATIVE NUMBERS.
R  INDICATES RECORD WAS SET OR TIED.
MM INDICATES DATA IS MISSING.
T  INDICATES TRACE AMOUNT.

$$
