000
CDUS43 KPAH 040627
CLIPAH


CLIMATE REPORT
NATIONAL WEATHER SERVICE PADUCAH KY
1226 AM CST SUN DEC 4 2016


...................................

...THE PADUCAH KY CLIMATE SUMMARY FOR DECEMBER 3 2016...

CLIMATE NORMAL PERIOD 1981 TO 2010
CLIMATE RECORD PERIOD 1937 TO 2016


WEATHER ITEM   OBSERVED TIME   RECORD YEAR NORMAL DEPARTURE LAST
                VALUE   (LST)  VALUE       VALUE  FROM      YEAR
                                                  NORMAL
..................................................................
TEMPERATURE (F)
 YESTERDAY
  MAXIMUM         44    351 PM  73    1982  50     -6       48
                                      1956
  MINIMUM         33    638 AM  15    1944  32      1       27
  AVERAGE         39                        41     -2       38

PRECIPITATION (IN)
  YESTERDAY        0.11          4.65 1982   0.15  -0.04     0.00
  MONTH TO DATE    0.11                      0.46  -0.35     0.02
  SINCE DEC 1      0.11                      0.46  -0.35     0.02
  SINCE JAN 1     46.60                     44.95   1.65    51.77

SNOWFALL (IN)
  YESTERDAY       MM             T    1990   0.0   MM        0.0
  MONTH TO DATE    0.0                       0.1   -0.1      0.0
  SINCE DEC 1      0.0                       0.1   -0.1      0.0
  SINCE JUL 1      0.0                       0.2   -0.2      0.0
  SNOW DEPTH       0

DEGREE DAYS
 HEATING
  YESTERDAY       26                        24      2       27
  MONTH TO DATE   77                        71      6       71
  SINCE DEC 1     77                        71      6       71
  SINCE JUL 1    578                       848   -270      615

 COOLING
  YESTERDAY        0                         0      0        0
  MONTH TO DATE    0                         0      0        0
  SINCE DEC 1      0                         0      0        0
  SINCE JAN 1   1953                      1542    411     1690
..................................................................


WIND (MPH)
  HIGHEST WIND SPEED    15   HIGHEST WIND DIRECTION     E (100)
  HIGHEST GUST SPEED    18   HIGHEST GUST DIRECTION     E (100)
  AVERAGE WIND SPEED     5.5


SKY COVER
  POSSIBLE SUNSHINE  MM
  AVERAGE SKY COVER 0.3


WEATHER CONDITIONS
 THE FOLLOWING WEATHER WAS RECORDED YESTERDAY.
  LIGHT RAIN
  FOG


RELATIVE HUMIDITY (PERCENT)
 HIGHEST    85          1100 PM
 LOWEST     53          1100 AM
 AVERAGE    69

..........................................................


THE PADUCAH KY CLIMATE NORMALS FOR TODAY
                         NORMAL    RECORD    YEAR
 MAXIMUM TEMPERATURE (F)   50        74      2013
                                             1998
 MINIMUM TEMPERATURE (F)   31        12      1942


SUNRISE AND SUNSET
DECEMBER  4 2016......SUNRISE   653 AM CST   SUNSET   438 PM CST
DECEMBER  5 2016......SUNRISE   654 AM CST   SUNSET   438 PM CST


-  INDICATES NEGATIVE NUMBERS.
R  INDICATES RECORD WAS SET OR TIED.
MM INDICATES DATA IS MISSING.
T  INDICATES TRACE AMOUNT.

&&

.........................................................
***** AGRICULTURAL DATA *****

SOIL TEMPERATURES AT A DEPTH OF FOUR INCHES

UNDER GRASS...  MAX: 52  MIN: 50

$$
