000
CDUS43 KPAH 252132
CLIPAH


CLIMATE REPORT
NATIONAL WEATHER SERVICE PADUCAH KY
431 PM CDT SAT OCT 25 2014


...................................

...THE PADUCAH KY CLIMATE SUMMARY FOR OCTOBER 25 2014...
VALID TODAY AS OF 0400 PM LOCAL TIME.

CLIMATE NORMAL PERIOD 1981 TO 2010
CLIMATE RECORD PERIOD 1937 TO 2014


WEATHER ITEM   OBSERVED TIME   RECORD YEAR NORMAL DEPARTURE LAST
                VALUE   (LST)  VALUE       VALUE  FROM      YEAR
                                                  NORMAL
..................................................................
TEMPERATURE (F)
 TODAY
  MAXIMUM         80    259 PM  84    1940  68     12       54
  MINIMUM         52   1236 AM  28    1999  44      8       29
  AVERAGE         66                        56     10       42

PRECIPITATION (IN)
  TODAY            0.00          1.96 1946   0.12  -0.12     0.00
  MONTH TO DATE    3.14                      3.23  -0.09     4.92
  SINCE SEP 1      4.11                      6.98  -2.87     8.02
  SINCE JAN 1     40.88                     39.46   1.42    48.79

SNOWFALL (IN)
  TODAY            0.0                                       0.0
  MONTH TO DATE    0.0                                       0.0
  SINCE JUL 1      0.0                                       0.0
  SNOW DEPTH       0

..................................................................


WIND (MPH)
  HIGHEST WIND SPEED    12   HIGHEST WIND DIRECTION     W (260)
  HIGHEST GUST SPEED    14   HIGHEST GUST DIRECTION     W (260)




RELATIVE HUMIDITY (PERCENT)
 HIGHEST    93
 LOWEST     51

..........................................................


THE PADUCAH KY CLIMATE NORMALS FOR TOMORROW
                         NORMAL    RECORD    YEAR
 MAXIMUM TEMPERATURE (F)   68        86      1944
                                             1940
 MINIMUM TEMPERATURE (F)   44        28      1982
                                             1968


SUNRISE AND SUNSET
OCTOBER 25 2014.......SUNRISE   712 AM CDT   SUNSET   605 PM CDT
OCTOBER 26 2014.......SUNRISE   713 AM CDT   SUNSET   604 PM CDT


-  INDICATES NEGATIVE NUMBERS.
R  INDICATES RECORD WAS SET OR TIED.
MM INDICATES DATA IS MISSING.
T  INDICATES TRACE AMOUNT.




$$
