000
CDUS44 KLZK 020910
CLIPBF


CLIMATE REPORT
NATIONAL WEATHER SERVICE LITTLE ROCK AR
409 AM CDT THU OCT 2 2014


...................................

...THE PINE BLUFF CLIMATE SUMMARY FOR OCTOBER 1 2014...

CLIMATE NORMAL PERIOD 1981 TO 2010
CLIMATE RECORD PERIOD 1883 TO 2014


WEATHER ITEM   OBSERVED TIME   RECORD YEAR NORMAL DEPARTURE LAST
                VALUE   (LST)  VALUE       VALUE  FROM      YEAR
                                                  NORMAL
..................................................................
TEMPERATURE (F)
 YESTERDAY
  MAXIMUM         90    205 PM  96    1928  80     10       84
  MINIMUM         63    209 AM  39    1984  57      6       70
                                      1920
  AVERAGE         77                        68      9       77

PRECIPITATION (IN)
  YESTERDAY        0.12          6.73 1945   0.14  -0.02     0.01
  MONTH TO DATE    0.12                      0.14  -0.02     0.01
  SINCE SEP 1      0.91                      2.83  -1.92     4.49
  SINCE JAN 1     30.82                     36.02  -5.20    38.12

SNOWFALL (IN)
  YESTERDAY        0.0          MM      MM   0.0    0.0      0.0
  MONTH TO DATE    0.0                       0.0    0.0      0.0
  SINCE SEP 1      0.0                       0.0    0.0      0.0
  SINCE JUL 1      0.0                       0.0    0.0      0.0
  SNOW DEPTH       0

DEGREE DAYS
 HEATING
  YESTERDAY        0                         1     -1        0
  MONTH TO DATE    0                         1     -1        0
  SINCE SEP 1      3                        12     -9        0
  SINCE JUL 1      4                        12     -8        0

 COOLING
  YESTERDAY       12                         5      7       12
  MONTH TO DATE   12                         5      7       12
  SINCE SEP 1    317                       291     26      400
  SINCE JAN 1   1818                      2049   -231     2064
..................................................................


WIND (MPH)
  HIGHEST WIND SPEED    15   HIGHEST WIND DIRECTION     S (190)
  HIGHEST GUST SPEED    21   HIGHEST GUST DIRECTION    NE (50)
  AVERAGE WIND SPEED     5.3


SKY COVER
  POSSIBLE SUNSHINE  MM
  AVERAGE SKY COVER 0.4


WEATHER CONDITIONS
 THE FOLLOWING WEATHER WAS RECORDED YESTERDAY.
  THUNDERSTORM
  HEAVY RAIN
  LIGHT RAIN
  HAZE


RELATIVE HUMIDITY (PERCENT)
 HIGHEST    93           200 AM
 LOWEST     50           200 PM
 AVERAGE    72

..........................................................


THE PINE BLUFF CLIMATE NORMALS FOR TODAY
                         NORMAL    RECORD    YEAR
 MAXIMUM TEMPERATURE (F)   80        98      1926
 MINIMUM TEMPERATURE (F)   56        38      2003


SUNRISE AND SUNSET
OCTOBER  2 2014.......SUNRISE   703 AM CDT   SUNSET   651 PM CDT
OCTOBER  3 2014.......SUNRISE   704 AM CDT   SUNSET   649 PM CDT


-  INDICATES NEGATIVE NUMBERS.
R  INDICATES RECORD WAS SET OR TIED.
MM INDICATES DATA IS MISSING.
T  INDICATES TRACE AMOUNT.




$$
