000
CDUS44 KLZK 062156
CLIPBF


CLIMATE REPORT
NATIONAL WEATHER SERVICE LITTLE ROCK AR
356 PM CST FRI MAR 6 2015


...................................

...THE PINE BLUFF CLIMATE SUMMARY FOR MARCH 6 2015...
VALID TODAY AS OF 0300 PM LOCAL TIME.

CLIMATE NORMAL PERIOD 1981 TO 2010
CLIMATE RECORD PERIOD 1883 TO 2015


WEATHER ITEM   OBSERVED TIME   RECORD YEAR NORMAL DEPARTURE LAST
                VALUE   (LST)  VALUE       VALUE  FROM      YEAR
                                                  NORMAL
..................................................................
TEMPERATURE (F)
 TODAY
  MAXIMUM         37    352 PM  88    1905  62    -25       46
  MINIMUM         17R   518 AM  19    1920  41    -24       31
  AVERAGE         27                        51    -24       39

PRECIPITATION (IN)
  TODAY            0.00          1.47 1923   0.19  -0.19     0.57
  MONTH TO DATE    2.47                      1.10   1.37     2.26
  SINCE MAR 1      2.47                      1.10   1.37     2.26
  SINCE JAN 1      9.40                      8.92   0.48     7.69

SNOWFALL (IN)
  TODAY            0.0           T    1989   0.0    0.0      0.0
                                      1982
  MONTH TO DATE    2.0                       0.0    2.0       T
  SINCE MAR 1      2.0                       0.0    2.0       T
  SINCE JUL 1      9.2                       3.1    6.1      3.7
  SNOW DEPTH       T

DEGREE DAYS
 HEATING
  TODAY           38                        14     24       26
  MONTH TO DATE  171                        88     83      164
  SINCE MAR 1    171                        88     83      164
  SINCE JUL 1   2905                      2476    429     2933

 COOLING
  TODAY            0                         0      0        0
  MONTH TO DATE    0                         0      0        0
  SINCE MAR 1      0                         0      0        0
  SINCE JAN 1      0                         3     -3        0
..................................................................


WIND (MPH)
  HIGHEST WIND SPEED     9   HIGHEST WIND DIRECTION     E (110)
  HIGHEST GUST SPEED    11   HIGHEST GUST DIRECTION     E (110)
  AVERAGE WIND SPEED     2.7


SKY COVER
  POSSIBLE SUNSHINE  MM
  AVERAGE SKY COVER 0.0


WEATHER CONDITIONS
 THE FOLLOWING WEATHER WAS RECORDED TODAY.
  NO SIGNIFICANT WEATHER WAS OBSERVED.


RELATIVE HUMIDITY (PERCENT)
 HIGHEST   100           800 AM
 LOWEST     43          1200 PM
 AVERAGE    72

..........................................................


THE PINE BLUFF CLIMATE NORMALS FOR TOMORROW
                         NORMAL    RECORD    YEAR
 MAXIMUM TEMPERATURE (F)   62        87      1911
 MINIMUM TEMPERATURE (F)   42        23      1990


SUNRISE AND SUNSET
MARCH  6 2015.........SUNRISE   630 AM CST   SUNSET   608 PM CST
MARCH  7 2015.........SUNRISE   629 AM CST   SUNSET   609 PM CST


-  INDICATES NEGATIVE NUMBERS.
R  INDICATES RECORD WAS SET OR TIED.
MM INDICATES DATA IS MISSING.
T  INDICATES TRACE AMOUNT.




$$
