000
CDUS44 KLZK 250636
CLIPBF


CLIMATE REPORT
NATIONAL WEATHER SERVICE LITTLE ROCK AR
135 AM CDT THU MAY 25 2017


...................................

...THE PINE BLUFF CLIMATE SUMMARY FOR MAY 24 2017...

CLIMATE NORMAL PERIOD 1981 TO 2010
CLIMATE RECORD PERIOD 1883 TO 2017


WEATHER ITEM   OBSERVED TIME   RECORD YEAR NORMAL DEPARTURE LAST
                VALUE   (LST)  VALUE       VALUE  FROM      YEAR
                                                  NORMAL
..................................................................
TEMPERATURE (F)
 YESTERDAY
  MAXIMUM         70    357 PM  98    1918  84    -14       88
  MINIMUM         55   1159 PM  47    1913  64     -9       63
  AVERAGE         63                        74    -11       76

PRECIPITATION (IN)
  YESTERDAY        0.20          2.43 1944   0.17   0.03     0.00
  MONTH TO DATE    6.42                      3.96   2.46     1.69
  SINCE MAR 1     16.86                     14.29   2.57    22.20
  SINCE JAN 1     23.16                     22.11   1.05    28.25

SNOWFALL (IN)
  YESTERDAY        0.0          MM      MM   0.0    0.0      0.0
  MONTH TO DATE    0.0                       0.0    0.0      0.0
  SINCE MAR 1      0.0                       0.0    0.0      0.0
  SINCE JUL 1      1.5                       3.1   -1.6      3.6
  SNOW DEPTH       0

DEGREE DAYS
 HEATING
  YESTERDAY        2                         0      2        0
  MONTH TO DATE   24                        15      9       28
  SINCE MAR 1    323                       491   -168      327
  SINCE JUL 1   2034                      2879   -845     2234

 COOLING
  YESTERDAY        0                         9     -9       11
  MONTH TO DATE  115                       151    -36       87
  SINCE MAR 1    253                       235     18      170
  SINCE JAN 1    274                       238     36      174
..................................................................


WIND (MPH)
  HIGHEST WIND SPEED    21   HIGHEST WIND DIRECTION     W (270)
  HIGHEST GUST SPEED    27   HIGHEST GUST DIRECTION    NW (300)
  AVERAGE WIND SPEED     9.2


SKY COVER
  POSSIBLE SUNSHINE  MM
  AVERAGE SKY COVER 0.6


WEATHER CONDITIONS
 THE FOLLOWING WEATHER WAS RECORDED YESTERDAY.
  THUNDERSTORM
  RAIN
  LIGHT RAIN
  FOG


RELATIVE HUMIDITY (PERCENT)
 HIGHEST   100           500 AM
 LOWEST     47           400 PM
 AVERAGE    74

..........................................................


THE PINE BLUFF CLIMATE NORMALS FOR TODAY
                         NORMAL    RECORD    YEAR
 MAXIMUM TEMPERATURE (F)   84        98      1902
 MINIMUM TEMPERATURE (F)   64        49      1979
                                             1925


SUNRISE AND SUNSET
MAY 25 2017...........SUNRISE   600 AM CDT   SUNSET   810 PM CDT
MAY 26 2017...........SUNRISE   559 AM CDT   SUNSET   811 PM CDT


-  INDICATES NEGATIVE NUMBERS.
R  INDICATES RECORD WAS SET OR TIED.
MM INDICATES DATA IS MISSING.
T  INDICATES TRACE AMOUNT.




$$
