000
CDUS44 KLZK 072111
CLIPBF


CLIMATE REPORT
NATIONAL WEATHER SERVICE LITTLE ROCK AR
411 PM CDT TUE JUL 7 2015


...................................

...THE PINE BLUFF CLIMATE SUMMARY FOR JULY 7 2015...
VALID TODAY AS OF 0400 PM LOCAL TIME.

CLIMATE NORMAL PERIOD 1981 TO 2010
CLIMATE RECORD PERIOD 1883 TO 2015


WEATHER ITEM   OBSERVED TIME   RECORD YEAR NORMAL DEPARTURE LAST
                VALUE   (LST)  VALUE       VALUE  FROM      YEAR
                                                  NORMAL
..................................................................
TEMPERATURE (F)
 TODAY
  MAXIMUM         91    240 PM 103    1998  92     -1       90
                                      1897
  MINIMUM         75    132 AM  56    1972  72      3       72
  AVERAGE         83                        82      1       81

PRECIPITATION (IN)
  TODAY            0.00          1.44 1931   0.13  -0.13     0.00
  MONTH TO DATE    2.35                      0.84   1.51     0.00
  SINCE JUN 1      4.44                      4.42   0.02     3.35
  SINCE JAN 1     32.09                     27.62   4.47    25.62

SNOWFALL (IN)
  TODAY            0.0          MM      MM   0.0    0.0      0.0
  MONTH TO DATE    0.0                       0.0    0.0      0.0
  SINCE JUN 1      0.0                       0.0    0.0      0.0
  SINCE JUL 1      0.0                       0.0    0.0      0.0
  SNOW DEPTH       0

DEGREE DAYS
 HEATING
  TODAY            0                         0      0        0
  MONTH TO DATE    0                         0      0        0
  SINCE JUN 1      0                         0      0        0
  SINCE JUL 1      0                         0      0        0

 COOLING
  TODAY           18                        17      1       16
  MONTH TO DATE   98                       118    -20       85
  SINCE JUN 1    554                       540     14      503
  SINCE JAN 1    883                       847     36      766
..................................................................


WIND (MPH)
  HIGHEST WIND SPEED    16   HIGHEST WIND DIRECTION     S (200)
  HIGHEST GUST SPEED    21   HIGHEST GUST DIRECTION     S (190)
  AVERAGE WIND SPEED    10.8


SKY COVER
  POSSIBLE SUNSHINE  MM
  AVERAGE SKY COVER 0.1


WEATHER CONDITIONS
 THE FOLLOWING WEATHER WAS RECORDED TODAY.
  NO SIGNIFICANT WEATHER WAS OBSERVED.


RELATIVE HUMIDITY (PERCENT)
 HIGHEST    94           100 AM
 LOWEST     59          1200 PM
 AVERAGE    77

..........................................................


THE PINE BLUFF CLIMATE NORMALS FOR TOMORROW
                         NORMAL    RECORD    YEAR
 MAXIMUM TEMPERATURE (F)   92       105      1964
 MINIMUM TEMPERATURE (F)   72        59      1950


SUNRISE AND SUNSET
JULY  7 2015..........SUNRISE   602 AM CDT   SUNSET   823 PM CDT
JULY  8 2015..........SUNRISE   603 AM CDT   SUNSET   822 PM CDT


-  INDICATES NEGATIVE NUMBERS.
R  INDICATES RECORD WAS SET OR TIED.
MM INDICATES DATA IS MISSING.
T  INDICATES TRACE AMOUNT.




$$
