000
CDUS44 KLZK 240635
CLIPBF


CLIMATE REPORT
NATIONAL WEATHER SERVICE LITTLE ROCK AR
134 AM CDT SUN SEP 24 2017


...................................

...THE PINE BLUFF CLIMATE SUMMARY FOR SEPTEMBER 23 2017...

CLIMATE NORMAL PERIOD 1981 TO 2010
CLIMATE RECORD PERIOD 1883 TO 2017


WEATHER ITEM   OBSERVED TIME   RECORD YEAR NORMAL DEPARTURE LAST
                VALUE   (LST)  VALUE       VALUE  FROM      YEAR
                                                  NORMAL
..................................................................
TEMPERATURE (F)
 YESTERDAY
  MAXIMUM         93    330 PM  99    1921  83     10       92
  MINIMUM         68    624 AM  39    1983  60      8       67
  AVERAGE         81                        72      9       80

PRECIPITATION (IN)
  YESTERDAY        0.00          2.40 1902   0.09  -0.09     0.00
  MONTH TO DATE    0.80                      1.86  -1.06     1.19
  SINCE SEP 1      0.80                      1.86  -1.06     1.19
  SINCE JAN 1     41.31                     35.05   6.26    45.14

SNOWFALL (IN)
  YESTERDAY        0.0          MM      MM   0.0    0.0      0.0
  MONTH TO DATE    0.0                       0.0    0.0      0.0
  SINCE SEP 1      0.0                       0.0    0.0      0.0
  SINCE JUL 1      0.0                       0.0    0.0      0.0
  SNOW DEPTH       0

DEGREE DAYS
 HEATING
  YESTERDAY        0                         1     -1        0
  MONTH TO DATE    2                         3     -1        0
  SINCE SEP 1      2                         3     -1        0
  SINCE JUL 1      2                         3     -1        0

 COOLING
  YESTERDAY       16                         7      9       15
  MONTH TO DATE  208                       244    -36      327
  SINCE SEP 1    208                       244    -36      327
  SINCE JAN 1   1854                      2002   -148     2135
..................................................................


WIND (MPH)
  HIGHEST WIND SPEED    12   HIGHEST WIND DIRECTION    NE (60)
  HIGHEST GUST SPEED    15   HIGHEST GUST DIRECTION     E (70)
  AVERAGE WIND SPEED     2.6


SKY COVER
  POSSIBLE SUNSHINE  MM
  AVERAGE SKY COVER 0.1


WEATHER CONDITIONS
 THE FOLLOWING WEATHER WAS RECORDED YESTERDAY.
  FOG


RELATIVE HUMIDITY (PERCENT)
 HIGHEST   100           200 AM
 LOWEST     39           300 PM
 AVERAGE    70

..........................................................


THE PINE BLUFF CLIMATE NORMALS FOR TODAY
                         NORMAL    RECORD    YEAR
 MAXIMUM TEMPERATURE (F)   83        99      1921
 MINIMUM TEMPERATURE (F)   59        43      1918


SUNRISE AND SUNSET
SEPTEMBER 24 2017.....SUNRISE   657 AM CDT   SUNSET   701 PM CDT
SEPTEMBER 25 2017.....SUNRISE   658 AM CDT   SUNSET   700 PM CDT


-  INDICATES NEGATIVE NUMBERS.
R  INDICATES RECORD WAS SET OR TIED.
MM INDICATES DATA IS MISSING.
T  INDICATES TRACE AMOUNT.




$$
