833
CDUS44 KLZK 180635
CLIPBF


CLIMATE REPORT
NATIONAL WEATHER SERVICE LITTLE ROCK AR
1234 AM CST WED JAN 18 2017


...................................

...THE PINE BLUFF CLIMATE SUMMARY FOR JANUARY 17 2017...

CLIMATE NORMAL PERIOD 1981 TO 2010
CLIMATE RECORD PERIOD 1883 TO 2017


WEATHER ITEM   OBSERVED TIME   RECORD YEAR NORMAL DEPARTURE LAST
                VALUE   (LST)  VALUE       VALUE  FROM      YEAR
                                                  NORMAL
..................................................................
TEMPERATURE (F)
 YESTERDAY
  MAXIMUM         57   1224 AM  77    1952  52      5       46
  MINIMUM         50   1159 PM   5    1982  33     17       28
  AVERAGE         54                        42     12       37

PRECIPITATION (IN)
  YESTERDAY        0.21          2.30 1897   0.13   0.08     0.00
  MONTH TO DATE    1.50                      2.02  -0.52     0.91
  SINCE DEC 1      6.08                      7.46  -1.38     6.25
  SINCE JAN 1      1.50                      2.02  -0.52     0.91

SNOWFALL (IN)
  YESTERDAY        0.0           6.2  1948   0.1   -0.1      0.0
  MONTH TO DATE    1.5                       0.7    0.8      0.0
  SINCE DEC 1      1.5                       0.9    0.6      0.0
  SINCE JUL 1      1.5                       0.9    0.6      0.0
  SNOW DEPTH       0

DEGREE DAYS
 HEATING
  YESTERDAY       11                        23    -12       28
  MONTH TO DATE  323                       391    -68      381
  SINCE DEC 1    934                      1040   -106      784
  SINCE JUL 1   1231                      1544   -313     1123

 COOLING
  YESTERDAY        0                         0      0        0
  MONTH TO DATE    5                         0      5        0
  SINCE DEC 1     10                         1      9       10
  SINCE JAN 1      5                         0      5        0
..................................................................


WIND (MPH)
  HIGHEST WIND SPEED    12   HIGHEST WIND DIRECTION     W (280)
  HIGHEST GUST SPEED    14   HIGHEST GUST DIRECTION     W (280)
  AVERAGE WIND SPEED     5.0


SKY COVER
  POSSIBLE SUNSHINE  MM
  AVERAGE SKY COVER 0.7


WEATHER CONDITIONS
 THE FOLLOWING WEATHER WAS RECORDED YESTERDAY.
  HEAVY RAIN
  RAIN
  LIGHT RAIN
  FOG


RELATIVE HUMIDITY (PERCENT)
 HIGHEST   100           100 AM
 LOWEST     72          1200 PM
 AVERAGE    86

..........................................................


THE PINE BLUFF CLIMATE NORMALS FOR TODAY
                         NORMAL    RECORD    YEAR
 MAXIMUM TEMPERATURE (F)   52        76      1907
 MINIMUM TEMPERATURE (F)   33        -2      1930


SUNRISE AND SUNSET
JANUARY 18 2017.......SUNRISE   712 AM CST   SUNSET   524 PM CST
JANUARY 19 2017.......SUNRISE   712 AM CST   SUNSET   525 PM CST


-  INDICATES NEGATIVE NUMBERS.
R  INDICATES RECORD WAS SET OR TIED.
MM INDICATES DATA IS MISSING.
T  INDICATES TRACE AMOUNT.




$$
