000
CDUS42 KMFL 280832
CLIPBI


CLIMATE REPORT
NATIONAL WEATHER SERVICE MIAMI, FL
432 AM EDT SAT MAR 28 2015


...................................

...THE WEST PALM BEACH CLIMATE SUMMARY FOR MARCH 27 2015...

CLIMATE NORMAL PERIOD 1981 TO 2010
CLIMATE RECORD PERIOD 1888 TO 2015


WEATHER ITEM   OBSERVED TIME   RECORD YEAR NORMAL DEPARTURE LAST
                VALUE   (LST)  VALUE       VALUE  FROM      YEAR
                                                  NORMAL
..................................................................
TEMPERATURE (F)
 YESTERDAY
  MAXIMUM         91   1154 AM  94    1928  80     11       76
  MINIMUM         67    905 PM  44    1971  63      4       57
  AVERAGE         79                        71      8       67

PRECIPITATION (IN)
  YESTERDAY        0.73          1.90 2003   0.15   0.58     0.00
  MONTH TO DATE    1.04                      4.00  -2.96     1.71
  SINCE NOV 1      7.84                     18.08 -10.24    20.31
  SINCE JAN 1      4.14                      9.95  -5.81    13.19

SNOWFALL (IN)
  YESTERDAY        0.0
  MONTH TO DATE    0.0
  SINCE MAR 1      0.0
  SINCE JUL 1      0.0
  SNOW DEPTH       0

DEGREE DAYS
 HEATING
  YESTERDAY        0                         0      0        0
  MONTH TO DATE    0                        22    -22        7
  SINCE MAR 1      0                        22    -22        7
  SINCE JUL 1    124                       227   -103      122

 COOLING
  YESTERDAY       14                         7      7        2
  MONTH TO DATE  348                       165    183      171
  SINCE MAR 1    348                       165    183      171
  SINCE JAN 1    626                       400    226      517
..................................................................


WIND (MPH)
  HIGHEST WIND SPEED    29   HIGHEST WIND DIRECTION     S (190)
  HIGHEST GUST SPEED    40   HIGHEST GUST DIRECTION     S (190)
  AVERAGE WIND SPEED    13.6


SKY COVER
  AVERAGE SKY COVER 0.6


WEATHER CONDITIONS
 THE FOLLOWING WEATHER WAS RECORDED YESTERDAY.
  THUNDERSTORM
  HEAVY RAIN
  RAIN
  LIGHT RAIN
  FOG
  HAZE


RELATIVE HUMIDITY (PERCENT)
 HIGHEST    93
 LOWEST     49
 AVERAGE    71

..........................................................


THE WEST PALM BEACH CLIMATE NORMALS FOR TODAY
                         NORMAL    RECORD    YEAR
 MAXIMUM TEMPERATURE (F)   80        91      1909
 MINIMUM TEMPERATURE (F)   63        47      2013


SUNRISE AND SUNSET
MARCH 28 2015.........SUNRISE   716 AM EDT   SUNSET   736 PM EDT
MARCH 29 2015.........SUNRISE   715 AM EDT   SUNSET   736 PM EDT


-  INDICATES NEGATIVE NUMBERS.
R  INDICATES RECORD WAS SET OR TIED.
MM INDICATES DATA IS MISSING.
T  INDICATES TRACE AMOUNT.




$$
