000
CDUS42 KMFL 230840
CLIPBI


CLIMATE REPORT
NATIONAL WEATHER SERVICE MIAMI, FL
440 AM EDT WED AUG 23 2017


...................................

...THE WEST PALM BEACH CLIMATE SUMMARY FOR AUGUST 22 2017...

CLIMATE NORMAL PERIOD 1981 TO 2010
CLIMATE RECORD PERIOD 1888 TO 2017


WEATHER ITEM   OBSERVED TIME   RECORD YEAR NORMAL DEPARTURE LAST
                VALUE   (LST)  VALUE       VALUE  FROM      YEAR
                                                  NORMAL
..................................................................
TEMPERATURE (F)
 YESTERDAY
  MAXIMUM         95R  1226 PM  94    2005  90      5       93
                                      1981
                                      1969
  MINIMUM         83   1159 PM  67    1921  76      7       79
  AVERAGE         89                        83      6       86

PRECIPITATION (IN)
  YESTERDAY        0.01          1.40 1966   0.28  -0.27     0.00
  MONTH TO DATE    3.68                      5.47  -1.79     2.88
  SINCE JUN 1     21.44                     19.53   1.91     8.99
  SINCE JAN 1     32.85                     38.24  -5.39    30.38

SNOWFALL (IN)
  YESTERDAY        0.0
  MONTH TO DATE    0.0
  SINCE JUN 1      0.0
  SINCE JUL 1      0.0
  SNOW DEPTH       0

DEGREE DAYS
 HEATING
  YESTERDAY        0                         0      0        0
  MONTH TO DATE    0                         0      0        0
  SINCE JUN 1      0                         0      0        0
  SINCE JUL 1      0                         0      0        0

 COOLING
  YESTERDAY       24                        18      6       21
  MONTH TO DATE  451                       396     55      454
  SINCE JUN 1   1570                      1435    135     1668
  SINCE JAN 1   2894                      2544    350     2949
..................................................................


WIND (MPH)
  HIGHEST WIND SPEED    17   HIGHEST WIND DIRECTION    NE (60)
  HIGHEST GUST SPEED    24   HIGHEST GUST DIRECTION    NE (40)
  AVERAGE WIND SPEED    11.1


SKY COVER
  AVERAGE SKY COVER 0.5


WEATHER CONDITIONS
 THE FOLLOWING WEATHER WAS RECORDED YESTERDAY.
  HEAVY RAIN
  LIGHT RAIN


RELATIVE HUMIDITY (PERCENT)
 HIGHEST    75
 LOWEST     56
 AVERAGE    66

..........................................................


THE WEST PALM BEACH CLIMATE NORMALS FOR TODAY
                         NORMAL    RECORD    YEAR
 MAXIMUM TEMPERATURE (F)   90        96      1924
 MINIMUM TEMPERATURE (F)   76        69      1920


SUNRISE AND SUNSET
AUGUST 23 2017........SUNRISE   656 AM EDT   SUNSET   749 PM EDT
AUGUST 24 2017........SUNRISE   657 AM EDT   SUNSET   748 PM EDT


-  INDICATES NEGATIVE NUMBERS.
R  INDICATES RECORD WAS SET OR TIED.
MM INDICATES DATA IS MISSING.
T  INDICATES TRACE AMOUNT.




$$
