000
CDUS42 KMFL 242126
CLIPBI


CLIMATE REPORT
NATIONAL WEATHER SERVICE MIAMI, FL
425 PM EST FRI NOV 24 2017


...................................

...THE WEST PALM BEACH CLIMATE SUMMARY FOR NOVEMBER 24 2017...
VALID TODAY AS OF 0400 PM LOCAL TIME.

CLIMATE NORMAL PERIOD 1981 TO 2010
CLIMATE RECORD PERIOD 1888 TO 2017


WEATHER ITEM   OBSERVED TIME   RECORD YEAR NORMAL DEPARTURE LAST
                VALUE   (LST)  VALUE       VALUE  FROM      YEAR
                                                  NORMAL
..................................................................
TEMPERATURE (F)
 TODAY
  MAXIMUM         78    359 PM  89    1948  79     -1       81
  MINIMUM         71    746 AM  39    1925  64      7       74
  AVERAGE         75                        71      4       78

PRECIPITATION (IN)
  TODAY           MM             1.85 1932   0.13  MM        0.00
  MONTH TO DATE    2.68                      3.96  -1.28     0.97
  SINCE NOV 1      2.68                      3.96  -1.28     0.97
  SINCE JAN 1     58.37                     58.16   0.21    47.58

SNOWFALL (IN)
  TODAY            0.0
  MONTH TO DATE    0.0
  SINCE SEP 1      0.0
  SINCE JUL 1      0.0
  SNOW DEPTH       0

DEGREE DAYS
 HEATING
  TODAY            0                         1     -1        0
  MONTH TO DATE    0                         3     -3        1
  SINCE SEP 1      4                         4      0        1
  SINCE JUL 1      4                         4      0        1

 COOLING
  TODAY           10                         7      3       13
  MONTH TO DATE  261                       204     57      199
  SINCE SEP 1   1258                      1119    139     1229
  SINCE JAN 1   4319                      3825    494     4350
..................................................................


WIND (MPH)
  HIGHEST WIND SPEED    14   HIGHEST WIND DIRECTION     W (290)
  HIGHEST GUST SPEED    14   HIGHEST GUST DIRECTION     W (290)
  AVERAGE WIND SPEED     7.8


SKY COVER
  AVERAGE SKY COVER 0.6


WEATHER CONDITIONS
 THE FOLLOWING WEATHER WAS RECORDED TODAY.
  NO SIGNIFICANT WEATHER WAS OBSERVED.


RELATIVE HUMIDITY (PERCENT)
 HIGHEST    84
 LOWEST     62
 AVERAGE    73

..........................................................


THE WEST PALM BEACH CLIMATE NORMALS FOR TOMORROW
                         NORMAL    RECORD    YEAR
 MAXIMUM TEMPERATURE (F)   79        88      1947
 MINIMUM TEMPERATURE (F)   64        36      1917


SUNRISE AND SUNSET
NOVEMBER 24 2017......SUNRISE   647 AM EST   SUNSET   528 PM EST
NOVEMBER 25 2017......SUNRISE   648 AM EST   SUNSET   527 PM EST


-  INDICATES NEGATIVE NUMBERS.
R  INDICATES RECORD WAS SET OR TIED.
MM INDICATES DATA IS MISSING.
T  INDICATES TRACE AMOUNT.




$$
