802
CDUS42 KMFL 142116
CLIPBI


CLIMATE REPORT
NATIONAL WEATHER SERVICE MIAMI, FL
416 PM EST SUN FEB 14 2016


...................................

...THE WEST PALM BEACH CLIMATE SUMMARY FOR FEBRUARY 14 2016...
VALID TODAY AS OF 0400 PM LOCAL TIME.

CLIMATE NORMAL PERIOD 1981 TO 2010
CLIMATE RECORD PERIOD 1888 TO 2016


WEATHER ITEM   OBSERVED TIME   RECORD YEAR NORMAL DEPARTURE LAST
                VALUE   (LST)  VALUE       VALUE  FROM      YEAR
                                                  NORMAL
..................................................................
TEMPERATURE (F)
 TODAY
  MAXIMUM         72    354 PM  89    1948  77     -5       67
  MINIMUM         52    641 AM  28    1899  59     -7       45
  AVERAGE         62                        68     -6       56

PRECIPITATION (IN)
  TODAY            0.00          2.31 1895   0.10  -0.10     0.00
  MONTH TO DATE    0.88                      1.34  -0.46     1.58
  SINCE NOV 1     21.18                     12.60   8.58     6.33
  SINCE JAN 1     10.78                      4.47   6.31     2.63

SNOWFALL (IN)
  TODAY            0.0
  MONTH TO DATE    0.0
  SINCE DEC 1      0.0
  SINCE JUL 1      0.0
  SNOW DEPTH       0

DEGREE DAYS
 HEATING
  TODAY            3                         2      1        9
  MONTH TO DATE   50                        28     22       17
  SINCE DEC 1    116                       173    -57       70
  SINCE JUL 1    116                       185    -69       87

 COOLING
  TODAY            0                         5     -5        0
  MONTH TO DATE   46                        58    -12       40
  SINCE DEC 1    493                       321    172      402
  SINCE JAN 1    137                       166    -29      204
..................................................................


WIND (MPH)
  HIGHEST WIND SPEED    18   HIGHEST WIND DIRECTION     E (100)
  HIGHEST GUST SPEED    25   HIGHEST GUST DIRECTION     E (80)
  AVERAGE WIND SPEED    10.0


SKY COVER
  AVERAGE SKY COVER 0.5


WEATHER CONDITIONS
 THE FOLLOWING WEATHER WAS RECORDED TODAY.
  NO SIGNIFICANT WEATHER WAS OBSERVED.


RELATIVE HUMIDITY (PERCENT)
 HIGHEST    83
 LOWEST     44
 AVERAGE    64

..........................................................


THE WEST PALM BEACH CLIMATE NORMALS FOR TOMORROW
                         NORMAL    RECORD    YEAR
 MAXIMUM TEMPERATURE (F)   77        87      1959
                                             1944
 MINIMUM TEMPERATURE (F)   59        36      1971
                                             1943


SUNRISE AND SUNSET
FEBRUARY 14 2016......SUNRISE   658 AM EST   SUNSET   612 PM EST
FEBRUARY 15 2016......SUNRISE   657 AM EST   SUNSET   613 PM EST


-  INDICATES NEGATIVE NUMBERS.
R  INDICATES RECORD WAS SET OR TIED.
MM INDICATES DATA IS MISSING.
T  INDICATES TRACE AMOUNT.




$$
