000
CDUS42 KMFL 292015
CLIPBI


CLIMATE REPORT
NATIONAL WEATHER SERVICE MIAMI, FL
415 PM EDT MON JUN 29 2015


...................................

...THE WEST PALM BEACH CLIMATE SUMMARY FOR JUNE 29 2015...
VALID TODAY AS OF 0400 PM LOCAL TIME.

CLIMATE NORMAL PERIOD 1981 TO 2010
CLIMATE RECORD PERIOD 1888 TO 2015


WEATHER ITEM   OBSERVED TIME   RECORD YEAR NORMAL DEPARTURE LAST
                VALUE   (LST)  VALUE       VALUE  FROM      YEAR
                                                  NORMAL
..................................................................
TEMPERATURE (F)
 TODAY
  MAXIMUM         94    149 PM  98    1924  89      5       93
  MINIMUM         75    629 AM  67    1919  75      0       75
                                      1913
  AVERAGE         85                        82      3       84

PRECIPITATION (IN)
  TODAY            0.00          3.95 2007   0.27  -0.27     0.77
  MONTH TO DATE    2.99                      8.02  -5.03     7.98
  SINCE JUN 1      2.99                      8.02  -5.03     7.98
  SINCE JAN 1     16.74                     26.73  -9.99    25.70

SNOWFALL (IN)
  TODAY            0.0
  MONTH TO DATE    0.0
  SINCE JUN 1      0.0
  SINCE JUL 1      0.0
  SNOW DEPTH       0

DEGREE DAYS
 HEATING
  TODAY            0                         0      0        0
  MONTH TO DATE    0                         0      0        0
  SINCE JUN 1      0                         0      0        0
  SINCE JUL 1    126                       233   -107      122

 COOLING
  TODAY           20                        17      3       19
  MONTH TO DATE  518                       475     43      471
  SINCE JUN 1    518                       475     43      471
  SINCE JAN 1   2052                      1584    468     1823
..................................................................


WIND (MPH)
  HIGHEST WIND SPEED    21   HIGHEST WIND DIRECTION    SE (140)
  HIGHEST GUST SPEED    25   HIGHEST GUST DIRECTION    SE (130)
  AVERAGE WIND SPEED     6.8


SKY COVER
  AVERAGE SKY COVER 0.6


WEATHER CONDITIONS
 THE FOLLOWING WEATHER WAS RECORDED TODAY.
  NO SIGNIFICANT WEATHER WAS OBSERVED.


RELATIVE HUMIDITY (PERCENT)
 HIGHEST    94
 LOWEST     46
 AVERAGE    70

..........................................................


THE WEST PALM BEACH CLIMATE NORMALS FOR TOMORROW
                         NORMAL    RECORD    YEAR
 MAXIMUM TEMPERATURE (F)   89        96      1959
 MINIMUM TEMPERATURE (F)   75        67      1911


SUNRISE AND SUNSET
JUNE 29 2015..........SUNRISE   630 AM EDT   SUNSET   818 PM EDT
JUNE 30 2015..........SUNRISE   630 AM EDT   SUNSET   818 PM EDT


-  INDICATES NEGATIVE NUMBERS.
R  INDICATES RECORD WAS SET OR TIED.
MM INDICATES DATA IS MISSING.
T  INDICATES TRACE AMOUNT.




$$
