000
CDUS42 KMFL 102118
CLIPBI


CLIMATE REPORT
NATIONAL WEATHER SERVICE MIAMI, FL
417 PM EST SAT DEC 10 2016


...................................

...THE WEST PALM BEACH CLIMATE SUMMARY FOR DECEMBER 10 2016...
VALID TODAY AS OF 0400 PM LOCAL TIME.

CLIMATE NORMAL PERIOD 1981 TO 2010
CLIMATE RECORD PERIOD 1888 TO 2016


WEATHER ITEM   OBSERVED TIME   RECORD YEAR NORMAL DEPARTURE LAST
                VALUE   (LST)  VALUE       VALUE  FROM      YEAR
                                                  NORMAL
..................................................................
TEMPERATURE (F)
 TODAY
  MAXIMUM         72   1226 PM  87    2009  77     -5       80
  MINIMUM         62   1220 AM  33    1917  61      1       65
  AVERAGE         67                        69     -2       73

PRECIPITATION (IN)
  TODAY            0.61          1.14 1942   0.10   0.51     0.04
  MONTH TO DATE    1.85                      1.07   0.78     5.32
  SINCE NOV 1      2.85                      5.82  -2.97     8.38
  SINCE JAN 1     49.46                     60.02 -10.56    48.60

SNOWFALL (IN)
  TODAY            0.0
  MONTH TO DATE    0.0
  SINCE DEC 1      0.0
  SINCE JUL 1      0.0
  SNOW DEPTH       0

DEGREE DAYS
 HEATING
  TODAY            0                         1     -1        0
  MONTH TO DATE    0                        10    -10        0
  SINCE DEC 1      0                        10    -10        0
  SINCE JUL 1      1                        22    -21        0

 COOLING
  TODAY            2                         5     -3        8
  MONTH TO DATE  103                        59     44       93
  SINCE DEC 1    103                        59     44       93
  SINCE JAN 1   4509                      3925    584     4682
..................................................................


WIND (MPH)
  HIGHEST WIND SPEED    21   HIGHEST WIND DIRECTION    NE (60)
  HIGHEST GUST SPEED    29   HIGHEST GUST DIRECTION     E (70)
  AVERAGE WIND SPEED    10.6


SKY COVER
  AVERAGE SKY COVER 1.0


WEATHER CONDITIONS
 THE FOLLOWING WEATHER WAS RECORDED TODAY.
  HEAVY RAIN
  RAIN
  LIGHT RAIN
  FOG


RELATIVE HUMIDITY (PERCENT)
 HIGHEST   100
 LOWEST     73
 AVERAGE    87

..........................................................


THE WEST PALM BEACH CLIMATE NORMALS FOR TOMORROW
                         NORMAL    RECORD    YEAR
 MAXIMUM TEMPERATURE (F)   77        86      2012
                                             1997
 MINIMUM TEMPERATURE (F)   61        34      1962


SUNRISE AND SUNSET
DECEMBER 10 2016......SUNRISE   658 AM EST   SUNSET   529 PM EST
DECEMBER 11 2016......SUNRISE   659 AM EST   SUNSET   529 PM EST


-  INDICATES NEGATIVE NUMBERS.
R  INDICATES RECORD WAS SET OR TIED.
MM INDICATES DATA IS MISSING.
T  INDICATES TRACE AMOUNT.




$$
