015
CDUS42 KMFL 280938
CLIPBI


CLIMATE REPORT
NATIONAL WEATHER SERVICE MIAMI, FL
436 AM EST TUE FEB 28 2017


...................................

...THE WEST PALM BEACH CLIMATE SUMMARY FOR FEBRUARY 27 2017...

CLIMATE NORMAL PERIOD 1981 TO 2010
CLIMATE RECORD PERIOD 1888 TO 2017


WEATHER ITEM   OBSERVED TIME   RECORD YEAR NORMAL DEPARTURE LAST
                VALUE   (LST)  VALUE       VALUE  FROM      YEAR
                                                  NORMAL
..................................................................
TEMPERATURE (F)
 YESTERDAY
  MAXIMUM         82    143 PM  89    1959  78      4       71
  MINIMUM         72   1153 PM  40    1965  61     11       46
  AVERAGE         77                        69      8       59

PRECIPITATION (IN)
  YESTERDAY        0.18          2.25 1983   0.11   0.07     0.00
  MONTH TO DATE    1.91                      2.70  -0.79     2.66
  SINCE NOV 1      7.38                     13.96  -6.58    22.96
  SINCE JAN 1      2.91                      5.83  -2.92    12.56

SNOWFALL (IN)
  YESTERDAY        0.0
  MONTH TO DATE    0.0
  SINCE DEC 1      0.0
  SINCE JUL 1      0.0
  SNOW DEPTH       0

DEGREE DAYS
 HEATING
  YESTERDAY        0                         1     -1        6
  MONTH TO DATE    2                        47    -45       66
  SINCE DEC 1     51                       192   -141      132
  SINCE JUL 1     52                       204   -152      132

 COOLING
  YESTERDAY       12                         5      7        0
  MONTH TO DATE  158                       123     35      108
  SINCE DEC 1    622                       386    236      555
  SINCE JAN 1    329                       231     98      199
..................................................................


WIND (MPH)
  HIGHEST WIND SPEED    24   HIGHEST WIND DIRECTION    SE (130)
  HIGHEST GUST SPEED    31   HIGHEST GUST DIRECTION     E (110)
  AVERAGE WIND SPEED    13.8


SKY COVER
  AVERAGE SKY COVER 0.6


WEATHER CONDITIONS
 THE FOLLOWING WEATHER WAS RECORDED YESTERDAY.
  HEAVY RAIN
  LIGHT RAIN
  FOG


RELATIVE HUMIDITY (PERCENT)
 HIGHEST    79
 LOWEST     54
 AVERAGE    67

..........................................................


THE WEST PALM BEACH CLIMATE NORMALS FOR TODAY
                         NORMAL    RECORD    YEAR
 MAXIMUM TEMPERATURE (F)   78        88      2003
                                             1958
                                             1956
 MINIMUM TEMPERATURE (F)   61        37      1935


SUNRISE AND SUNSET
FEBRUARY 28 2017......SUNRISE   645 AM EST   SUNSET   621 PM EST
MARCH  1 2017.........SUNRISE   644 AM EST   SUNSET   622 PM EST


-  INDICATES NEGATIVE NUMBERS.
R  INDICATES RECORD WAS SET OR TIED.
MM INDICATES DATA IS MISSING.
T  INDICATES TRACE AMOUNT.




$$
