000
CDUS42 KMFL 250821
CLIPBI


CLIMATE REPORT
NATIONAL WEATHER SERVICE MIAMI, FL
421 AM EDT SAT OCT 25 2014


...................................

...THE WEST PALM BEACH CLIMATE SUMMARY FOR OCTOBER 24 2014...

CLIMATE NORMAL PERIOD 1981 TO 2010
CLIMATE RECORD PERIOD 1894 TO 2014


WEATHER ITEM   OBSERVED TIME   RECORD YEAR NORMAL DEPARTURE LAST
                VALUE   (LST)  VALUE       VALUE  FROM      YEAR
                                                  NORMAL
..................................................................
TEMPERATURE (F)
 YESTERDAY
  MAXIMUM         81    213 PM  89    2001  84     -3       83
  MINIMUM         76   1159 PM  49    1923  70      6       72
  AVERAGE         79                        77      2       78

PRECIPITATION (IN)
  YESTERDAY        T             6.95 1902   0.16  -0.16      T
  MONTH TO DATE    5.05                      4.10   0.95     1.13
  SINCE JUN 1     39.61                     34.46   5.15    32.90
  SINCE JAN 1     57.33                     53.17   4.16    57.85

SNOWFALL (IN)
  YESTERDAY        0.0
  MONTH TO DATE    0.0
  SINCE SEP 1      0.0
  SINCE JUL 1      0.0
  SNOW DEPTH       0

DEGREE DAYS
 HEATING
  YESTERDAY        0                         0      0
  MONTH TO DATE    0                         0      0
  SINCE SEP 1      0                         0      0
  SINCE JUL 1      0                         0      0

 COOLING
  YESTERDAY       14                        12      2
  MONTH TO DATE  347                       335     12
  SINCE SEP 1    859                       837     22
  SINCE JAN 1   3867                      3543    324
..................................................................


WIND (MPH)
  HIGHEST WIND SPEED    22   HIGHEST WIND DIRECTION    NE (40)
  HIGHEST GUST SPEED    27   HIGHEST GUST DIRECTION    NE (30)
  AVERAGE WIND SPEED    14.3


SKY COVER
  AVERAGE SKY COVER 0.8


WEATHER CONDITIONS
 THE FOLLOWING WEATHER WAS RECORDED YESTERDAY.
  LIGHT RAIN


RELATIVE HUMIDITY (PERCENT)
 HIGHEST    71
 LOWEST     62
 AVERAGE    67

..........................................................


THE WEST PALM BEACH CLIMATE NORMALS FOR TODAY
                         NORMAL    RECORD    YEAR
 MAXIMUM TEMPERATURE (F)   84        90      1925
 MINIMUM TEMPERATURE (F)   70        52      2005


SUNRISE AND SUNSET
OCTOBER 25 2014.......SUNRISE   726 AM EDT   SUNSET   643 PM EDT
OCTOBER 26 2014.......SUNRISE   726 AM EDT   SUNSET   642 PM EDT


-  INDICATES NEGATIVE NUMBERS.
R  INDICATES RECORD WAS SET OR TIED.
MM INDICATES DATA IS MISSING.
T  INDICATES TRACE AMOUNT.




$$
