000
CDUS46 KPDT 181001
CLIPDT

CLIMATE REPORT
NATIONAL WEATHER SERVICE PENDLETON OR
159 AM PST WED JAN 18 2017


...................................

...THE PENDLETON OR CLIMATE SUMMARY FOR JANUARY 17 2017...

CLIMATE NORMAL PERIOD 1981 TO 2010
CLIMATE RECORD PERIOD 1890 TO 2017


WEATHER ITEM   OBSERVED TIME   RECORD YEAR NORMAL DEPARTURE LAST
                VALUE   (LST)  VALUE       VALUE  FROM      YEAR
                                                  NORMAL
..................................................................
TEMPERATURE (F)
 YESTERDAY
  MAXIMUM         24   1133 PM  64    1919  42    -18       47
  MINIMUM          0    458 AM -17    1930  29    -29       32
  AVERAGE         12                        36    -24       40

PRECIPITATION (IN)
  YESTERDAY        0.14          0.55 1945   0.04   0.10     0.45
  MONTH TO DATE    1.20                      0.83   0.37     0.94
  SINCE OCT 1      6.72                      4.83   1.89     5.21
  SINCE JAN 1      1.20                      0.83   0.37     0.94

SNOWFALL (IN)
  YESTERDAY        T             2.5  1970   0.1   -0.1      0.0
  MONTH TO DATE   13.3                       2.3   11.0       T
  SINCE JAN 1     13.3                       2.3   11.0       T
  SINCE JUL 1     31.8                       9.8   22.0      4.1
  SNOW DEPTH       6

DEGREE DAYS
 HEATING
  YESTERDAY       53                        29     24       25
  MONTH TO DATE  874                       521    353      584
  SINCE DEC 1   2011                      1505    506     1444
  SINCE JUL 1   3035                      2758    277     2644

 COOLING
  YESTERDAY        0                         0      0        0
  MONTH TO DATE    0                         0      0        0
  SINCE DEC 1      0                         0      0        0
  SINCE JAN 1      0                         0      0        0
..................................................................


WIND (MPH)
  HIGHEST WIND SPEED    21   HIGHEST WIND DIRECTION    NW (300)
  HIGHEST GUST SPEED    22   HIGHEST GUST DIRECTION    NW (300)
  AVERAGE WIND SPEED     7.1


SKY COVER
  POSSIBLE SUNSHINE  MM
  AVERAGE SKY COVER 0.8


WEATHER CONDITIONS
 THE FOLLOWING WEATHER WAS RECORDED YESTERDAY.
  MIXED PRECIP
  FREEZING RAIN
  LT FREEZING RAIN
  FOG
  FOG W/VISIBILITY <= 1/4 MILE
  HAZE


RELATIVE HUMIDITY (PERCENT)
 HIGHEST    95          1200 AM
 LOWEST     80           600 PM
 AVERAGE    88

..........................................................


THE PENDLETON OR CLIMATE NORMALS FOR TODAY
                         NORMAL    RECORD    YEAR
 MAXIMUM TEMPERATURE (F)   42        63      2005
                                             1986
 MINIMUM TEMPERATURE (F)   29       -20      1922


SUNRISE AND SUNSET
JANUARY 18 2017.......SUNRISE   730 AM PST   SUNSET   442 PM PST
JANUARY 19 2017.......SUNRISE   729 AM PST   SUNSET   444 PM PST


-  INDICATES NEGATIVE NUMBERS.
R  INDICATES RECORD WAS SET OR TIED.
MM INDICATES DATA IS MISSING.
T  INDICATES TRACE AMOUNT.




$$
