000
CDUS46 KPDT 010043
CLIPDT

CLIMATE REPORT
NATIONAL WEATHER SERVICE PENDLETON OR
542 PM PDT MON AUG 31 2015


...................................

...THE PENDLETON OR CLIMATE SUMMARY FOR AUGUST 31 2015...
VALID TODAY AS OF 0500 PM LOCAL TIME.

CLIMATE NORMAL PERIOD 1981 TO 2010
CLIMATE RECORD PERIOD 1890 TO 2015


WEATHER ITEM   OBSERVED TIME   RECORD YEAR NORMAL DEPARTURE LAST
                VALUE   (LST)  VALUE       VALUE  FROM      YEAR
                                                  NORMAL
..................................................................
TEMPERATURE (F)
 TODAY
  MAXIMUM         78    311 PM 101    1967  83     -5       76
                                      1911
                                      1893
  MINIMUM         50    530 AM  30    1907  54     -4       51
  AVERAGE         64                        68     -4       64

PRECIPITATION (IN)
  TODAY            0.00          1.04 1896   0.01  -0.01     0.00
  MONTH TO DATE    0.01                      0.38  -0.37     0.61
  SINCE OCT 1      9.71                     12.09  -2.38    10.11
  SINCE JAN 1      5.01                      8.09  -3.08     8.32

SNOWFALL (IN)
  TODAY            0.0           0.0  2002   0.0    0.0      0.0
                                      2001
                                      1999
  MONTH TO DATE    0.0                       0.0    0.0      0.0
  SINCE JAN 1      0.4                       7.7   -7.3     15.2
  SINCE JUL 1      0.0                       0.0    0.0      0.0
  SNOW DEPTH       0

DEGREE DAYS
 HEATING
  TODAY            1                         1      0        1
  MONTH TO DATE    8                         8      0        1
  SINCE JUN 1     18                       105    -87       46
  SINCE JUL 1      8                        22    -14        3

 COOLING
  TODAY            0                         4     -4        0
  MONTH TO DATE  242                       222     20      278
  SINCE JUN 1    849                       547    302      739
  SINCE JAN 1    876                       570    306      761
..................................................................


WIND (MPH)
  HIGHEST WIND SPEED    15   HIGHEST WIND DIRECTION    NW (300)
  HIGHEST GUST SPEED    21   HIGHEST GUST DIRECTION     W (270)
  AVERAGE WIND SPEED     7.4


SKY COVER
  POSSIBLE SUNSHINE  MM
  AVERAGE SKY COVER 0.1


WEATHER CONDITIONS
 THE FOLLOWING WEATHER WAS RECORDED TODAY.
  NO SIGNIFICANT WEATHER WAS OBSERVED.


RELATIVE HUMIDITY (PERCENT)
 HIGHEST    74           500 AM
 LOWEST     29           100 PM
 AVERAGE    52

..........................................................


THE PENDLETON OR CLIMATE NORMALS FOR TOMORROW
                         NORMAL    RECORD    YEAR
 MAXIMUM TEMPERATURE (F)   83       102      1893
 MINIMUM TEMPERATURE (F)   54        36      1905
                                             1898
                                             1892


SUNRISE AND SUNSET
AUGUST 31 2015........SUNRISE   615 AM PDT   SUNSET   735 PM PDT
SEPTEMBER  1 2015.....SUNRISE   616 AM PDT   SUNSET   734 PM PDT


-  INDICATES NEGATIVE NUMBERS.
R  INDICATES RECORD WAS SET OR TIED.
MM INDICATES DATA IS MISSING.
T  INDICATES TRACE AMOUNT.




$$
