000
CDUS46 KPDT 150056
CLIPDT

CLIMATE REPORT
NATIONAL WEATHER SERVICE PENDLETON OR
438 PM PST THU DEC 14 2017


...................................

...THE PENDLETON OR CLIMATE SUMMARY FOR DECEMBER 14 2017...
VALID TODAY AS OF 0400 PM LOCAL TIME.

CLIMATE NORMAL PERIOD 1981 TO 2010
CLIMATE RECORD PERIOD 1890 TO 2017


WEATHER ITEM   OBSERVED TIME   RECORD YEAR NORMAL DEPARTURE LAST
                VALUE   (LST)  VALUE       VALUE  FROM      YEAR
                                                  NORMAL
..................................................................
TEMPERATURE (F)
 TODAY
  MAXIMUM         29    359 PM  64    2002  39    -10       22
  MINIMUM         26    719 AM -22    1919  27     -1       15
  AVERAGE         28                        33     -5       19

PRECIPITATION (IN)
  TODAY            0.00          0.58 1948   0.04  -0.04     0.55
  MONTH TO DATE    0.08                      0.67  -0.59     1.22
  SINCE OCT 1      3.05                      3.20  -0.15     4.45
  SINCE JAN 1     15.34                     11.86   3.48    12.52

SNOWFALL (IN)
  TODAY            0.0           9.5  1948   0.2   -0.2      5.7
  MONTH TO DATE    T                         2.4   -2.4     12.5
  SINCE JAN 1     25.9                      11.6   14.3     12.5
  SINCE JUL 1      T                         3.9   -3.9     12.5
  SNOW DEPTH       0

DEGREE DAYS
 HEATING
  TODAY           37                        32      5       46
  MONTH TO DATE  467                       432     35      520
  SINCE DEC 1    467                       432     35      520
  SINCE JUL 1   1675                      1685    -10     1544

 COOLING
  TODAY            0                         0      0        0
  MONTH TO DATE    0                         0      0        0
  SINCE DEC 1      0                         0      0        0
  SINCE JAN 1    894                       636    258      605
..................................................................


WIND (MPH)
  HIGHEST WIND SPEED     9   HIGHEST WIND DIRECTION     S (190)
  HIGHEST GUST SPEED    11   HIGHEST GUST DIRECTION     S (200)
  AVERAGE WIND SPEED     2.5


SKY COVER
  POSSIBLE SUNSHINE  MM
  AVERAGE SKY COVER 1.0


WEATHER CONDITIONS
THE FOLLOWING WEATHER WAS RECORDED TODAY.
  NO SIGNIFICANT WEATHER WAS OBSERVED.


RELATIVE HUMIDITY (PERCENT)
 HIGHEST    92          1200 AM
 LOWEST     78          1100 AM
 AVERAGE    85

..........................................................


THE PENDLETON OR CLIMATE NORMALS FOR TOMORROW
                         NORMAL    RECORD    YEAR
 MAXIMUM TEMPERATURE (F)   39        67      1959
 MINIMUM TEMPERATURE (F)   27       -18      1919


SUNRISE AND SUNSET
DECEMBER 14 2017......SUNRISE   729 AM PST   SUNSET   412 PM PST
DECEMBER 15 2017......SUNRISE   730 AM PST   SUNSET   412 PM PST


-  INDICATES NEGATIVE NUMBERS.
R  INDICATES RECORD WAS SET OR TIED.
MM INDICATES DATA IS MISSING.
T  INDICATES TRACE AMOUNT.




$$
