000
CDUS46 KPDT 040916
CLIPDT

CLIMATE REPORT
NATIONAL WEATHER SERVICE PENDLETON OR
104 AM PST SUN DEC 4 2016


...................................

...THE PENDLETON OR CLIMATE SUMMARY FOR DECEMBER 3 2016...

CLIMATE NORMAL PERIOD 1981 TO 2010
CLIMATE RECORD PERIOD 1890 TO 2016


WEATHER ITEM   OBSERVED TIME   RECORD YEAR NORMAL DEPARTURE LAST
                VALUE   (LST)  VALUE       VALUE  FROM      YEAR
                                                  NORMAL
..................................................................
TEMPERATURE (F)
 YESTERDAY
  MAXIMUM         50    119 PM  64    1975  42      8       50
                                      1939
  MINIMUM         39    651 PM  10    2013  29     10       25
  AVERAGE         45                        35     10       38

PRECIPITATION (IN)
  YESTERDAY        T             0.58 1947   0.05  -0.05      T
  MONTH TO DATE    T                         0.16  -0.16     0.13
  SINCE OCT 1      3.23                      2.69   0.54     2.12
  SINCE JAN 1     11.30                     11.35  -0.05     7.94

SNOWFALL (IN)
  YESTERDAY       MM             2.4  2013   0.1   MM        0.0
  MONTH TO DATE    0.0                       0.4   -0.4      0.8
  SINCE JAN 1      T                         9.6   -9.6      2.8
  SINCE JUL 1      0.0                       1.9   -1.9      2.4
  SNOW DEPTH       0

DEGREE DAYS
 HEATING
  YESTERDAY       20                        30    -10       27
  MONTH TO DATE   73                        88    -15      109
  SINCE DEC 1     73                        88    -15      109
  SINCE JUL 1   1097                      1341   -244     1309

 COOLING
  YESTERDAY        0                         0      0        0
  MONTH TO DATE    0                         0      0        0
  SINCE DEC 1      0                         0      0        0
  SINCE JAN 1    605                       636    -31      912
..................................................................


WIND (MPH)
  HIGHEST WIND SPEED    29   HIGHEST WIND DIRECTION     W (250)
  HIGHEST GUST SPEED    37   HIGHEST GUST DIRECTION    SW (240)
  AVERAGE WIND SPEED    14.2


SKY COVER
  POSSIBLE SUNSHINE  MM
  AVERAGE SKY COVER 0.4


WEATHER CONDITIONS
 THE FOLLOWING WEATHER WAS RECORDED YESTERDAY.
  LIGHT RAIN


RELATIVE HUMIDITY (PERCENT)
 HIGHEST    76           200 AM
 LOWEST     53          1000 PM
 AVERAGE    65

..........................................................


THE PENDLETON OR CLIMATE NORMALS FOR TODAY
                         NORMAL    RECORD    YEAR
 MAXIMUM TEMPERATURE (F)   41        70      1923
 MINIMUM TEMPERATURE (F)   29        -1      1972


SUNRISE AND SUNSET
DECEMBER  4 2016......SUNRISE   720 AM PST   SUNSET   412 PM PST
DECEMBER  5 2016......SUNRISE   721 AM PST   SUNSET   412 PM PST


-  INDICATES NEGATIVE NUMBERS.
R  INDICATES RECORD WAS SET OR TIED.
MM INDICATES DATA IS MISSING.
T  INDICATES TRACE AMOUNT.




$$
