000
CDUS46 KPDT 250045
CLIPDT

CLIMATE REPORT
NATIONAL WEATHER SERVICE PENDLETON OR
533 PM PDT SUN MAY 24 2015


...................................

...THE PENDLETON OR CLIMATE SUMMARY FOR MAY 24 2015...
VALID TODAY AS OF 0500 PM LOCAL TIME.

CLIMATE NORMAL PERIOD 1981 TO 2010
CLIMATE RECORD PERIOD 1890 TO 2015


WEATHER ITEM   OBSERVED TIME   RECORD YEAR NORMAL DEPARTURE LAST
                VALUE   (LST)  VALUE       VALUE  FROM      YEAR
                                                  NORMAL
..................................................................
TEMPERATURE (F)
 TODAY
  MAXIMUM         80    317 PM  93    1928  72      8       77
  MINIMUM         49    459 AM  34    1920  48      1       52
  AVERAGE         65                        60      5       65

PRECIPITATION (IN)
  TODAY            0.00          0.57 1942   0.05  -0.05     0.00
  MONTH TO DATE    1.29                      1.01   0.28     0.83
  SINCE OCT 1      9.12                     10.07  -0.95     8.26
  SINCE JAN 1      4.42                      6.07  -1.65     6.47

SNOWFALL (IN)
  TODAY            0.0           0.0  2002   0.0    0.0      0.0
                                      2001
                                      2000
  MONTH TO DATE    0.0                       0.0    0.0      0.0
  SINCE JAN 1      0.4                       7.7   -7.3     15.2
  SINCE JUL 1      7.2                      15.2   -8.0     21.7
  SNOW DEPTH       0

DEGREE DAYS
 HEATING
  TODAY            0                         6     -6        0
  MONTH TO DATE  152                       208    -56      134
  SINCE MAR 1   1098                      1256   -158     1147
  SINCE JUL 1   4591                      5155   -564     5412

 COOLING
  TODAY            0                         1     -1        0
  MONTH TO DATE    3                        15    -12       18
  SINCE MAR 1      3                        16    -13       18
  SINCE JAN 1      3                        16    -13       18
..................................................................


WIND (MPH)
  HIGHEST WIND SPEED    15   HIGHEST WIND DIRECTION     W (280)
  HIGHEST GUST SPEED    18   HIGHEST GUST DIRECTION     W (280)
  AVERAGE WIND SPEED     6.7


SKY COVER
  POSSIBLE SUNSHINE  MM
  AVERAGE SKY COVER 0.1


WEATHER CONDITIONS
THE FOLLOWING WEATHER WAS RECORDED TODAY.
  NO SIGNIFICANT WEATHER WAS OBSERVED.


RELATIVE HUMIDITY (PERCENT)
 HIGHEST    93           500 AM
 LOWEST     30           400 PM
 AVERAGE    62

..........................................................


THE PENDLETON OR CLIMATE NORMALS FOR TOMORROW
                         NORMAL    RECORD    YEAR
 MAXIMUM TEMPERATURE (F)   72        98      1928
 MINIMUM TEMPERATURE (F)   48        30      1918


SUNRISE AND SUNSET
MAY 24 2015...........SUNRISE   515 AM PDT   SUNSET   830 PM PDT
MAY 25 2015...........SUNRISE   514 AM PDT   SUNSET   831 PM PDT


-  INDICATES NEGATIVE NUMBERS.
R  INDICATES RECORD WAS SET OR TIED.
MM INDICATES DATA IS MISSING.
T  INDICATES TRACE AMOUNT.




$$
