000
CDUS46 KPQR 251142
CLIPDX


CLIMATE REPORT
NATIONAL WEATHER SERVICE PORTLAND OREGON
441 AM PDT SUN JUN 25 2017


...................................

...THE PORTLAND OR CLIMATE SUMMARY FOR JUNE 24 2017...

CLIMATE NORMAL PERIOD 1981 TO 2010
CLIMATE RECORD PERIOD 1940 TO 2017


WEATHER ITEM   OBSERVED TIME   RECORD YEAR NORMAL DEPARTURE LAST
                VALUE   (LST)  VALUE       VALUE  FROM      YEAR
                                                  NORMAL
..................................................................
TEMPERATURE (F)
 YESTERDAY
  MAXIMUM         98R   405 PM  96    1992  75     23       68
  MINIMUM         60    432 AM  46    1971  55      5       54
  AVERAGE         79                        65     14       61

PRECIPITATION (IN)
  YESTERDAY        0.00          0.82 1971   0.04  -0.04     0.04
  MONTH TO DATE    1.08                      1.49  -0.41     1.42
  SINCE OCT 1     49.01                     33.03  15.98    44.58
  SINCE JAN 1     29.26                     18.91  10.35    21.16

SNOWFALL (IN)
  YESTERDAY        0.0          MM      MM
  MONTH TO DATE    0.0
  SINCE JUN 1      0.0
  SINCE JUL 1     11.2

DEGREE DAYS
 HEATING
  YESTERDAY        0                         2     -2        4
  MONTH TO DATE   69                        80    -11       67
  SINCE JUN 1     69                        80    -11       67
  SINCE JUL 1   4421                      4267    154     3455

 COOLING
  YESTERDAY       14                         2     12        0
  MONTH TO DATE   53                        32     21       78
  SINCE JUN 1     53                        32     21       78
  SINCE JAN 1     94                        49     45      127
..................................................................


WIND (MPH)
  HIGHEST WIND SPEED    22   HIGHEST WIND DIRECTION     E (80)
  HIGHEST GUST SPEED    26   HIGHEST GUST DIRECTION     E (80)
  AVERAGE WIND SPEED     8.8


SKY COVER
  POSSIBLE SUNSHINE  MM
  AVERAGE SKY COVER 0.0


WEATHER CONDITIONS
 THE FOLLOWING WEATHER WAS RECORDED YESTERDAY.
  NO SIGNIFICANT WEATHER WAS OBSERVED.


RELATIVE HUMIDITY (PERCENT)
 HIGHEST    69           400 AM
 LOWEST     13           200 PM
 AVERAGE    41

..........................................................


THE PORTLAND OR CLIMATE NORMALS FOR TODAY
                         NORMAL    RECORD    YEAR
 MAXIMUM TEMPERATURE (F)   76       101      2006
 MINIMUM TEMPERATURE (F)   55        44      1976


SUNRISE AND SUNSET
JUNE 25 2017..........SUNRISE   523 AM PDT   SUNSET   904 PM PDT
JUNE 26 2017..........SUNRISE   523 AM PDT   SUNSET   904 PM PDT


-  INDICATES NEGATIVE NUMBERS.
R  INDICATES RECORD WAS SET OR TIED.
MM INDICATES DATA IS MISSING.
T  INDICATES TRACE AMOUNT.




$$
