000
CDUS46 KPQR 191143
CLIPDX


CLIMATE REPORT
NATIONAL WEATHER SERVICE PORTLAND OREGON
442 AM PDT FRI SEP 19 2014


...................................

...THE PORTLAND OR CLIMATE SUMMARY FOR SEPTEMBER 18 2014...

CLIMATE NORMAL PERIOD 1981 TO 2010
CLIMATE RECORD PERIOD 1940 TO 2014


WEATHER ITEM   OBSERVED TIME   RECORD YEAR NORMAL DEPARTURE LAST
                VALUE   (LST)  VALUE       VALUE  FROM      YEAR
                                                  NORMAL
..................................................................
TEMPERATURE (F)
 YESTERDAY
  MAXIMUM         73    403 PM  93    1991  76     -3       73
  MINIMUM         61    913 AM  36    1965  53      8       54
  AVERAGE         67                        64      3       64

PRECIPITATION (IN)
  YESTERDAY        0.05          0.97 2010   0.05   0.00      T
  MONTH TO DATE    0.05                      0.76  -0.71     1.45
  SINCE OCT 1     30.02                     35.32  -5.30    38.66
  SINCE JAN 1     24.20                     21.20   3.00    16.73

DEGREE DAYS
 HEATING
  YESTERDAY        0                         3     -3        1
  MONTH TO DATE    1                        29    -28        4
  SINCE SEP 1      1                        29    -28        4
  SINCE JUL 1      2                        56    -54        9

 COOLING
  YESTERDAY        2                         2      0        0
  MONTH TO DATE   70                        46     24       86
  SINCE SEP 1     70                        46     24       86
  SINCE JAN 1    605                       409    196      539
..................................................................


WIND (MPH)
  HIGHEST WIND SPEED     9   HIGHEST WIND DIRECTION     E (70)
  HIGHEST GUST SPEED    11   HIGHEST GUST DIRECTION     E (100)
  AVERAGE WIND SPEED     2.6


SKY COVER
  POSSIBLE SUNSHINE  MM
  AVERAGE SKY COVER 0.9


WEATHER CONDITIONS
 THE FOLLOWING WEATHER WAS RECORDED YESTERDAY.
  LIGHT RAIN
  FOG


RELATIVE HUMIDITY (PERCENT)
 HIGHEST   100           900 AM
 LOWEST     57           400 PM
 AVERAGE    79

..........................................................


THE PORTLAND OR CLIMATE NORMALS FOR TODAY
                         NORMAL    RECORD    YEAR
 MAXIMUM TEMPERATURE (F)   75        93      1974
 MINIMUM TEMPERATURE (F)   52        39      1957


SUNRISE AND SUNSET
SEPTEMBER 19 2014.....SUNRISE   654 AM PDT   SUNSET   714 PM PDT
SEPTEMBER 20 2014.....SUNRISE   655 AM PDT   SUNSET   712 PM PDT


-  INDICATES NEGATIVE NUMBERS.
R  INDICATES RECORD WAS SET OR TIED.
MM INDICATES DATA IS MISSING.
T  INDICATES TRACE AMOUNT.




$$
