000
CDUS46 KPQR 271142
CLIPDX


CLIMATE REPORT
NATIONAL WEATHER SERVICE PORTLAND OREGON
341 AM PST SAT DEC 27 2014


...................................

...THE PORTLAND OR CLIMATE SUMMARY FOR DECEMBER 26 2014...

CLIMATE NORMAL PERIOD 1981 TO 2010
CLIMATE RECORD PERIOD 1940 TO 2014


WEATHER ITEM   OBSERVED TIME   RECORD YEAR NORMAL DEPARTURE LAST
                VALUE   (LST)  VALUE       VALUE  FROM      YEAR
                                                  NORMAL
..................................................................
TEMPERATURE (F)
 YESTERDAY
  MAXIMUM         48    444 PM  63    1980  45      3       43
  MINIMUM         40    730 AM  22    1983  35      5       33
                                      1962
  AVERAGE         44                        40      4       38

PRECIPITATION (IN)
  YESTERDAY        T             1.08 1996   0.17  -0.17     0.00
  MONTH TO DATE    5.58                      4.69   0.89     1.61
  SINCE OCT 1     14.51                     13.32   1.19     5.81
  SINCE JAN 1     39.64                     35.23   4.41    26.71

DEGREE DAYS
 HEATING
  YESTERDAY       21                        25     -4       27
  MONTH TO DATE  501                       633   -132      750
  SINCE DEC 1    501                       633   -132      750
  SINCE JUL 1   1234                      1602   -368     1761

 COOLING
  YESTERDAY        0                         0      0        0
  MONTH TO DATE    0                         0      0        0
  SINCE DEC 1      0                         0      0        0
  SINCE JAN 1    653                       424    229      539
..................................................................


WIND (MPH)
  HIGHEST WIND SPEED     9   HIGHEST WIND DIRECTION     E (100)
  HIGHEST GUST SPEED    10   HIGHEST GUST DIRECTION     S (190)
  AVERAGE WIND SPEED     2.9


SKY COVER
  POSSIBLE SUNSHINE  MM
  AVERAGE SKY COVER 0.9


WEATHER CONDITIONS
 THE FOLLOWING WEATHER WAS RECORDED YESTERDAY.
  LIGHT RAIN
  FOG
  FOG W/VISIBILITY <= 1/4 MILE


RELATIVE HUMIDITY (PERCENT)
 HIGHEST   100          1200 AM
 LOWEST     80           300 PM
 AVERAGE    90

..........................................................


THE PORTLAND OR CLIMATE NORMALS FOR TODAY
                         NORMAL    RECORD    YEAR
 MAXIMUM TEMPERATURE (F)   45        61      1980
 MINIMUM TEMPERATURE (F)   35        23      1971
                                             1948


SUNRISE AND SUNSET
DECEMBER 27 2014......SUNRISE   750 AM PST   SUNSET   433 PM PST
DECEMBER 28 2014......SUNRISE   750 AM PST   SUNSET   434 PM PST


-  INDICATES NEGATIVE NUMBERS.
R  INDICATES RECORD WAS SET OR TIED.
MM INDICATES DATA IS MISSING.
T  INDICATES TRACE AMOUNT.




$$
