000
CDUS46 KPQR 250221
CLIPDX


CLIMATE REPORT
NATIONAL WEATHER SERVICE PORTLAND OREGON
721 PM PDT THU JUL 24 2014


...................................

...THE PORTLAND OR CLIMATE SUMMARY FOR JULY 24 2014...
VALID TODAY AS OF 0700 PM LOCAL TIME.

CLIMATE NORMAL PERIOD 1981 TO 2010
CLIMATE RECORD PERIOD 1940 TO 2014


WEATHER ITEM   OBSERVED TIME   RECORD YEAR NORMAL DEPARTURE LAST
                VALUE   (LST)  VALUE       VALUE  FROM      YEAR
                                                  NORMAL
..................................................................
TEMPERATURE (F)
 TODAY
  MAXIMUM         71    238 PM 100    2004  82    -11       90
                                      1984
  MINIMUM         58    342 AM  50    1973  59     -1       58
                                      1964
  AVERAGE         65                        70     -5       74

PRECIPITATION (IN)
  TODAY            0.01          0.51 1949   0.01   0.00     0.00
  MONTH TO DATE    1.05                      0.54   0.51      T
  SINCE OCT 1     29.96                     33.78  -3.82    36.43
  SINCE JAN 1     24.14                     19.66   4.48    14.50

DEGREE DAYS
 HEATING
  TODAY            0                         0      0        0
  MONTH TO DATE    1                        15    -14        1
  SINCE JUN 1     63                       106    -43       50
  SINCE JUL 1      1                        15    -14        1

 COOLING
  TODAY            0                         6     -6        9
  MONTH TO DATE  158                       107     51      135
  SINCE JUN 1    187                       154     33      202
  SINCE JAN 1    215                       171     44      217
..................................................................


WIND (MPH)
  HIGHEST WIND SPEED    22   HIGHEST WIND DIRECTION     S (190)
  HIGHEST GUST SPEED    28   HIGHEST GUST DIRECTION     S (190)
  AVERAGE WIND SPEED    10.4



WEATHER CONDITIONS
 THE FOLLOWING WEATHER WAS RECORDED TODAY.
  LIGHT RAIN


RELATIVE HUMIDITY (PERCENT)
 HIGHEST    80           300 AM
 LOWEST     49           100 PM
 AVERAGE    65

..........................................................


THE PORTLAND OR CLIMATE NORMALS FOR TOMORROW
                         NORMAL    RECORD    YEAR
 MAXIMUM TEMPERATURE (F)   82       100      1988
 MINIMUM TEMPERATURE (F)   59        49      1963


SUNRISE AND SUNSET
JULY 24 2014..........SUNRISE   545 AM PDT   SUNSET   848 PM PDT
JULY 25 2014..........SUNRISE   546 AM PDT   SUNSET   847 PM PDT


-  INDICATES NEGATIVE NUMBERS.
R  INDICATES RECORD WAS SET OR TIED.
MM INDICATES DATA IS MISSING.
T  INDICATES TRACE AMOUNT.




$$
