000
CDUS46 KPQR 281141
CLIPDX


CLIMATE REPORT
NATIONAL WEATHER SERVICE PORTLAND OREGON
441 AM PDT MON JUL 28 2014


...................................

...THE PORTLAND OR CLIMATE SUMMARY FOR JULY 27 2014...

CLIMATE NORMAL PERIOD 1981 TO 2010
CLIMATE RECORD PERIOD 1940 TO 2014


WEATHER ITEM   OBSERVED TIME   RECORD YEAR NORMAL DEPARTURE LAST
                VALUE   (LST)  VALUE       VALUE  FROM      YEAR
                                                  NORMAL
..................................................................
TEMPERATURE (F)
 YESTERDAY
  MAXIMUM         88    408 PM 103    2009  82      6       80
  MINIMUM         59    521 AM  47    1959  59      0       55
  AVERAGE         74                        71      3       68

PRECIPITATION (IN)
  YESTERDAY        0.00          0.25 1947   0.02  -0.02     0.00
  MONTH TO DATE    1.05                      0.59   0.46      T
  SINCE OCT 1     29.96                     33.83  -3.87    36.43
  SINCE JAN 1     24.14                     19.71   4.43    14.50

DEGREE DAYS
 HEATING
  YESTERDAY        0                         0      0        0
  MONTH TO DATE    1                        15    -14        1
  SINCE JUN 1     63                       106    -43       50
  SINCE JUL 1      1                        15    -14        1

 COOLING
  YESTERDAY        9                         6      3        3
  MONTH TO DATE  174                       125     49      156
  SINCE JUN 1    203                       172     31      223
  SINCE JAN 1    231                       189     42      238
..................................................................


WIND (MPH)
  HIGHEST WIND SPEED    15   HIGHEST WIND DIRECTION    NW (310)
  HIGHEST GUST SPEED    20   HIGHEST GUST DIRECTION    NW (330)
  AVERAGE WIND SPEED     6.6


SKY COVER
  POSSIBLE SUNSHINE  MM
  AVERAGE SKY COVER 0.4


WEATHER CONDITIONS
 THE FOLLOWING WEATHER WAS RECORDED YESTERDAY.
  NO SIGNIFICANT WEATHER WAS OBSERVED.


RELATIVE HUMIDITY (PERCENT)
 HIGHEST    84           300 AM
 LOWEST     32           600 PM
 AVERAGE    58

..........................................................


THE PORTLAND OR CLIMATE NORMALS FOR TODAY
                         NORMAL    RECORD    YEAR
 MAXIMUM TEMPERATURE (F)   82       106      2009
 MINIMUM TEMPERATURE (F)   59        50      1963


SUNRISE AND SUNSET
JULY 28 2014..........SUNRISE   550 AM PDT   SUNSET   844 PM PDT
JULY 29 2014..........SUNRISE   551 AM PDT   SUNSET   842 PM PDT


-  INDICATES NEGATIVE NUMBERS.
R  INDICATES RECORD WAS SET OR TIED.
MM INDICATES DATA IS MISSING.
T  INDICATES TRACE AMOUNT.




$$
