000
CDUS46 KPQR 231142
CLIPDX


CLIMATE REPORT
NATIONAL WEATHER SERVICE PORTLAND OREGON
441 AM PDT SAT AUG 23 2014


...................................

...THE PORTLAND OR CLIMATE SUMMARY FOR AUGUST 22 2014...

CLIMATE NORMAL PERIOD 1981 TO 2010
CLIMATE RECORD PERIOD 1940 TO 2014


WEATHER ITEM   OBSERVED TIME   RECORD YEAR NORMAL DEPARTURE LAST
                VALUE   (LST)  VALUE       VALUE  FROM      YEAR
                                                  NORMAL
..................................................................
TEMPERATURE (F)
 YESTERDAY
  MAXIMUM         81    423 PM  98    1942  81      0       82
  MINIMUM         61    611 AM  47    1973  58      3       60
                                      1962
                                      1955
  AVERAGE         71                        69      2       71

PRECIPITATION (IN)
  YESTERDAY        0.00          0.87 2004   0.03  -0.03      T
  MONTH TO DATE    0.01                      0.41  -0.40     0.07
  SINCE OCT 1     29.97                     34.30  -4.33    36.50
  SINCE JAN 1     24.15                     20.18   3.97    14.57

DEGREE DAYS
 HEATING
  YESTERDAY        0                         0      0        0
  MONTH TO DATE    0                         0      0        3
  SINCE JUN 1     63                       108    -45       54
  SINCE JUL 1      1                        17    -16        5

 COOLING
  YESTERDAY        6                         4      2        6
  MONTH TO DATE  193                       118     75      147
  SINCE JUN 1    442                       312    130      382
  SINCE JAN 1    470                       329    141      397
..................................................................


WIND (MPH)
  HIGHEST WIND SPEED    20   HIGHEST WIND DIRECTION    NW (310)
  HIGHEST GUST SPEED    22   HIGHEST GUST DIRECTION    NW (310)
  AVERAGE WIND SPEED     7.0


SKY COVER
  POSSIBLE SUNSHINE  MM
  AVERAGE SKY COVER 0.4


WEATHER CONDITIONS
 THE FOLLOWING WEATHER WAS RECORDED YESTERDAY.
  NO SIGNIFICANT WEATHER WAS OBSERVED.


RELATIVE HUMIDITY (PERCENT)
 HIGHEST    84           600 AM
 LOWEST     36           300 PM
 AVERAGE    60

..........................................................


THE PORTLAND OR CLIMATE NORMALS FOR TODAY
                         NORMAL    RECORD    YEAR
 MAXIMUM TEMPERATURE (F)   80       101      1988
 MINIMUM TEMPERATURE (F)   58        48      1951


SUNRISE AND SUNSET
AUGUST 23 2014........SUNRISE   621 AM PDT   SUNSET   804 PM PDT
AUGUST 24 2014........SUNRISE   622 AM PDT   SUNSET   803 PM PDT


-  INDICATES NEGATIVE NUMBERS.
R  INDICATES RECORD WAS SET OR TIED.
MM INDICATES DATA IS MISSING.
T  INDICATES TRACE AMOUNT.




$$
