000
CDUS46 KPQR 270221
CLIPDX


CLIMATE REPORT
NATIONAL WEATHER SERVICE PORTLAND OREGON
720 PM PDT WED APR 26 2017


...................................

...THE PORTLAND OR CLIMATE SUMMARY FOR APRIL 26 2017...
VALID TODAY AS OF 0700 PM LOCAL TIME.

CLIMATE NORMAL PERIOD 1981 TO 2010
CLIMATE RECORD PERIOD 1940 TO 2017


WEATHER ITEM   OBSERVED TIME   RECORD YEAR NORMAL DEPARTURE LAST
                VALUE   (LST)  VALUE       VALUE  FROM      YEAR
                                                  NORMAL
..................................................................
TEMPERATURE (F)
 TODAY
  MAXIMUM         58    448 PM  86    2004  63     -5       60
                                      1947
  MINIMUM         48    839 AM  34    1970  44      4       40
                                      1969
                                      1958
  AVERAGE         53                        54     -1       50

PRECIPITATION (IN)
  TODAY            0.21          0.45 1978   0.08   0.13      T
  MONTH TO DATE    4.36                      2.42   1.94     1.86
  SINCE OCT 1     45.86                     28.76  17.10    41.34
  SINCE JAN 1     26.11                     14.64  11.47    17.92

SNOWFALL (IN)
  TODAY            0.0           0.0  2016
  MONTH TO DATE    0.0
  SINCE MAR 1      T
  SINCE JUL 1     11.2

DEGREE DAYS
 HEATING
  TODAY           12                        11      1       15
  MONTH TO DATE  363                       341     22      189
  SINCE MAR 1    893                       863     30      638
  SINCE JUL 1   4098                      3921    177     3241

 COOLING
  TODAY            0                         0      0        0
  MONTH TO DATE    0                         0      0       18
  SINCE MAR 1      0                         0      0       18
  SINCE JAN 1      0                         0      0       18
..................................................................


WIND (MPH)
  HIGHEST WIND SPEED    20   HIGHEST WIND DIRECTION    NW (300)
  HIGHEST GUST SPEED    25   HIGHEST GUST DIRECTION    NW (300)
  AVERAGE WIND SPEED     8.6



WEATHER CONDITIONS
 THE FOLLOWING WEATHER WAS RECORDED TODAY.
  RAIN
  LIGHT RAIN
  FOG
  HAZE


RELATIVE HUMIDITY (PERCENT)
 HIGHEST    93           600 AM
 LOWEST     51           400 PM
 AVERAGE    72

..........................................................


THE PORTLAND OR CLIMATE NORMALS FOR TOMORROW
                         NORMAL    RECORD    YEAR
 MAXIMUM TEMPERATURE (F)   64        86      1987
 MINIMUM TEMPERATURE (F)   45        32      1948


SUNRISE AND SUNSET
APRIL 26 2017.........SUNRISE   606 AM PDT   SUNSET   812 PM PDT
APRIL 27 2017.........SUNRISE   604 AM PDT   SUNSET   813 PM PDT


-  INDICATES NEGATIVE NUMBERS.
R  INDICATES RECORD WAS SET OR TIED.
MM INDICATES DATA IS MISSING.
T  INDICATES TRACE AMOUNT.




$$
