000
CDUS41 KPBZ 252140
CLIPHD


CLIMATE REPORT
NATIONAL WEATHER SERVICE PITTSBURGH PA
540 PM EDT MON JUL 25 2016


...................................

...THE NEW PHILADELPHIA OH CLIMATE SUMMARY FOR JULY 25 2016...
VALID TODAY AS OF 0500 PM LOCAL TIME.

CLIMATE NORMAL PERIOD 1981 TO 2010
CLIMATE RECORD PERIOD 1946 TO 2016


WEATHER ITEM   OBSERVED TIME   RECORD YEAR NORMAL DEPARTURE LAST
                VALUE   (LST)  VALUE       VALUE  FROM      YEAR
                                                  NORMAL
..................................................................
TEMPERATURE (F)
 TODAY
  MAXIMUM         96R   352 PM  94    1989  84     12       85
  MINIMUM         73    215 AM  49    2014  62     11       57
  AVERAGE         85                        73     12       71

PRECIPITATION (IN)
  TODAY            0.00         MM      MM   0.14  -0.14     0.00
  MONTH TO DATE    1.17                      3.14  -1.97     3.10
  SINCE JUN 1      2.34                      6.87  -4.53     8.18
  SINCE JAN 1     16.99                     22.47  -5.48    21.40

DEGREE DAYS
 HEATING
  TODAY            0                         0      0        0
  MONTH TO DATE    0                         0      0        0
  SINCE JUN 1      7                        35    -28       23
  SINCE JUL 1      0                         0      0        0

 COOLING
  TODAY           20                         8     12        6
  MONTH TO DATE  309                       191    118      122
  SINCE JUN 1    579                       334    245      348
  SINCE JAN 1    658                       377    281      509
..................................................................


WIND (MPH)
  HIGHEST WIND SPEED    17   HIGHEST WIND DIRECTION     N (340)
  HIGHEST GUST SPEED    22   HIGHEST GUST DIRECTION    NW (320)
  AVERAGE WIND SPEED     6.3


SKY COVER
  POSSIBLE SUNSHINE  MM
  AVERAGE SKY COVER 0.2


WEATHER CONDITIONS
 THE FOLLOWING WEATHER WAS RECORDED TODAY.
  NO SIGNIFICANT WEATHER WAS OBSERVED.


RELATIVE HUMIDITY (PERCENT)
 HIGHEST    87          1200 AM
 LOWEST     39           400 PM
 AVERAGE    63

..........................................................


THE NEW PHILADELPHIA OH CLIMATE NORMALS FOR TOMORROW
                         NORMAL    RECORD    YEAR
 MAXIMUM TEMPERATURE (F)   84        93      2005
 MINIMUM TEMPERATURE (F)   62        51      1965


SUNRISE AND SUNSET
JULY 25 2016..........SUNRISE   617 AM EDT   SUNSET   847 PM EDT
JULY 26 2016..........SUNRISE   618 AM EDT   SUNSET   846 PM EDT


-  INDICATES NEGATIVE NUMBERS.
R  INDICATES RECORD WAS SET OR TIED.
MM INDICATES DATA IS MISSING.
T  INDICATES TRACE AMOUNT.




$$
