000
CDUS41 KPBZ 230702
CLIPHD


CLIMATE REPORT
NATIONAL WEATHER SERVICE PITTSBURGH PA
302 AM EDT THU OCT 23 2014


...................................

...THE NEW PHILADELPHIA OH CLIMATE SUMMARY FOR OCTOBER 22 2014...

CLIMATE NORMAL PERIOD 1981 TO 2010
CLIMATE RECORD PERIOD 1946 TO 2014


WEATHER ITEM   OBSERVED TIME   RECORD YEAR NORMAL DEPARTURE LAST
                VALUE   (LST)  VALUE       VALUE  FROM      YEAR
                                                  NORMAL
..................................................................
TEMPERATURE (F)
 YESTERDAY
  MAXIMUM         52    358 PM  83    1979  62    -10       53
  MINIMUM         42            26    1974  39      3       36
  AVERAGE         47                        51     -4       45

PRECIPITATION (IN)
  YESTERDAY        T            MM      MM   0.09  -0.09     0.19
  MONTH TO DATE    1.67                      1.95  -0.28     2.55
  SINCE JUN 1     19.45                     16.56   2.89    17.55
  SINCE JAN 1     34.63                     32.16   2.47    27.59

DEGREE DAYS
 HEATING
  YESTERDAY       18                        14      4       20
  MONTH TO DATE  195                       249    -54      154
  SINCE SEP 1    295                       345    -50      256
  SINCE JUL 1    327                       355    -28      270

 COOLING
  YESTERDAY        0                         0      0        0
  MONTH TO DATE    9                         9      0       31
  SINCE SEP 1     81                        75      6      110
  SINCE JAN 1    630                       697    -67      755
..................................................................


WIND (MPH)
  HIGHEST WIND SPEED    14   HIGHEST WIND DIRECTION     N (340)
  HIGHEST GUST SPEED    27   HIGHEST GUST DIRECTION    SW (220)
  AVERAGE WIND SPEED     7.3


SKY COVER
  POSSIBLE SUNSHINE  MM
  AVERAGE SKY COVER 0.9


WEATHER CONDITIONS
 THE FOLLOWING WEATHER WAS RECORDED YESTERDAY.
  LIGHT RAIN
  FOG


RELATIVE HUMIDITY (PERCENT)
 HIGHEST    93          1200 AM
 LOWEST     68           400 PM
 AVERAGE    81

..........................................................


THE NEW PHILADELPHIA OH CLIMATE NORMALS FOR TODAY
                         NORMAL    RECORD    YEAR
 MAXIMUM TEMPERATURE (F)   62        82      1979
 MINIMUM TEMPERATURE (F)   39        22      1976


SUNRISE AND SUNSET
OCTOBER 23 2014.......SUNRISE   745 AM EDT   SUNSET   634 PM EDT
OCTOBER 24 2014.......SUNRISE   746 AM EDT   SUNSET   633 PM EDT


-  INDICATES NEGATIVE NUMBERS.
R  INDICATES RECORD WAS SET OR TIED.
MM INDICATES DATA IS MISSING.
T  INDICATES TRACE AMOUNT.




$$
