000
CDUS41 KPBZ 260706
CLIPHD


CLIMATE REPORT
NATIONAL WEATHER SERVICE PITTSBURGH PA
305 AM EDT FRI MAY 26 2017


...................................

...THE NEW PHILADELPHIA OH CLIMATE SUMMARY FOR MAY 25 2017...

CLIMATE NORMAL PERIOD 1981 TO 2010
CLIMATE RECORD PERIOD 1946 TO 2017


WEATHER ITEM   OBSERVED TIME   RECORD YEAR NORMAL DEPARTURE LAST
                VALUE   (LST)  VALUE       VALUE  FROM      YEAR
                                                  NORMAL
..................................................................
TEMPERATURE (F)
 YESTERDAY
  MAXIMUM         62   1123 AM  88    2012  75    -13       86
                                      1966
  MINIMUM         58            32    2013  51      7       53
  AVERAGE         60                        63     -3       70

PRECIPITATION (IN)
  YESTERDAY        0.32          1.30 1995   0.15   0.17     0.00
  MONTH TO DATE    4.61                      3.28   1.33     3.13
  SINCE JUN 1     40.45                     38.01   2.44    32.73
  SINCE JAN 1     19.87                     14.71   5.16    14.65

DEGREE DAYS
 HEATING
  YESTERDAY        5                         4      1        0
  MONTH TO DATE  168                       172     -4      173
  SINCE MAR 1   1186                      1380   -194     1197
  SINCE JUL 1   4683                      5587   -904     4811

 COOLING
  YESTERDAY        0                         2     -2        5
  MONTH TO DATE   26                        21      5       11
  SINCE MAR 1     51                        28     23       11
  SINCE JAN 1     51                        28     23       11
..................................................................


WIND (MPH)
  HIGHEST WIND SPEED    13   HIGHEST WIND DIRECTION    SE (130)
  HIGHEST GUST SPEED    16   HIGHEST GUST DIRECTION     E (110)
  AVERAGE WIND SPEED     4.6


SKY COVER
  POSSIBLE SUNSHINE  MM
  AVERAGE SKY COVER 1.0


WEATHER CONDITIONS
 THE FOLLOWING WEATHER WAS RECORDED YESTERDAY.
  RAIN
  LIGHT RAIN
  FOG


RELATIVE HUMIDITY (PERCENT)
 HIGHEST   100           800 PM
 LOWEST     84          1100 AM
 AVERAGE    92

..........................................................


THE NEW PHILADELPHIA OH CLIMATE NORMALS FOR TODAY
                         NORMAL    RECORD    YEAR
 MAXIMUM TEMPERATURE (F)   75        90      2012
                                             1975
 MINIMUM TEMPERATURE (F)   51        31      1969


SUNRISE AND SUNSET
MAY 26 2017...........SUNRISE   600 AM EDT   SUNSET   845 PM EDT
MAY 27 2017...........SUNRISE   600 AM EDT   SUNSET   846 PM EDT


-  INDICATES NEGATIVE NUMBERS.
R  INDICATES RECORD WAS SET OR TIED.
MM INDICATES DATA IS MISSING.
T  INDICATES TRACE AMOUNT.




$$
