000
CDUS41 KPBZ 160705
CLIPHD


CLIMATE REPORT
NATIONAL WEATHER SERVICE PITTSBURGH PA
305 AM EDT TUE SEP 16 2014


...................................

...THE NEW PHILADELPHIA OH CLIMATE SUMMARY FOR SEPTEMBER 15 2014...

CLIMATE NORMAL PERIOD 1981 TO 2010
CLIMATE RECORD PERIOD 1946 TO 2014


WEATHER ITEM   OBSERVED TIME   RECORD YEAR NORMAL DEPARTURE LAST
                VALUE   (LST)  VALUE       VALUE  FROM      YEAR
                                                  NORMAL
..................................................................
TEMPERATURE (F)
 YESTERDAY
  MAXIMUM         69    423 PM  88    1994  76     -7       69
  MINIMUM         43            36    1985  53    -10       44
  AVERAGE         56                        64     -8       57

PRECIPITATION (IN)
  YESTERDAY        0.01         MM      MM   0.11  -0.10     0.03
  MONTH TO DATE    0.47                      1.89  -1.42     0.51
  SINCE JUN 1     17.41                     13.24   4.17    14.21
  SINCE JAN 1     32.59                     28.84   3.75    24.25

DEGREE DAYS
 HEATING
  YESTERDAY        9                         3      6        8
  MONTH TO DATE   38                        22     16       32
  SINCE SEP 1     38                        22     16       32
  SINCE JUL 1     70                        32     38       46

 COOLING
  YESTERDAY        0                         2     -2        0
  MONTH TO DATE   62                        47     15       66
  SINCE SEP 1     62                        47     15       66
  SINCE JAN 1    611                       669    -58      711
..................................................................


WIND (MPH)
  HIGHEST WIND SPEED    10   HIGHEST WIND DIRECTION    NW (320)
  HIGHEST GUST SPEED    17   HIGHEST GUST DIRECTION    SE (140)
  AVERAGE WIND SPEED     2.5


SKY COVER
  POSSIBLE SUNSHINE  MM
  AVERAGE SKY COVER 0.6


WEATHER CONDITIONS
 THE FOLLOWING WEATHER WAS RECORDED YESTERDAY.
  LIGHT RAIN
  FOG
  FOG W/VISIBILITY <= 1/4 MILE


RELATIVE HUMIDITY (PERCENT)
 HIGHEST   100           100 AM
 LOWEST     51           400 PM
 AVERAGE    76

..........................................................


THE NEW PHILADELPHIA OH CLIMATE NORMALS FOR TODAY
                         NORMAL    RECORD    YEAR
 MAXIMUM TEMPERATURE (F)   76        92      1991
 MINIMUM TEMPERATURE (F)   52        34      1966


SUNRISE AND SUNSET
SEPTEMBER 16 2014.....SUNRISE   707 AM EDT   SUNSET   733 PM EDT
SEPTEMBER 17 2014.....SUNRISE   708 AM EDT   SUNSET   731 PM EDT


-  INDICATES NEGATIVE NUMBERS.
R  INDICATES RECORD WAS SET OR TIED.
MM INDICATES DATA IS MISSING.
T  INDICATES TRACE AMOUNT.




$$
