000
CDUS41 KPBZ 200801
CLIPHD


CLIMATE REPORT
NATIONAL WEATHER SERVICE PITTSBURGH PA
301 AM EST SAT JAN 20 2018


...................................

...THE NEW PHILADELPHIA OH CLIMATE SUMMARY FOR JANUARY 19 2018...

CLIMATE NORMAL PERIOD 1981 TO 2010
CLIMATE RECORD PERIOD 1948 TO 2018


WEATHER ITEM   OBSERVED TIME   RECORD YEAR NORMAL DEPARTURE LAST
                VALUE   (LST)  VALUE       VALUE  FROM      YEAR
                                                  NORMAL
..................................................................
TEMPERATURE (F)
 YESTERDAY
  MAXIMUM         39    521 PM  67    1996  37      2       40
  MINIMUM         19           -22    1994  21     -2       37
  AVERAGE         29                        29      0       39

PRECIPITATION (IN)
  YESTERDAY        0.00          1.21 1996   0.07  -0.07     0.00
  MONTH TO DATE    1.73                      1.69   0.04     2.57
  SINCE JUN 1     22.25                     24.99  -2.74    23.15
  SINCE JAN 1      1.73                      1.69   0.04     2.57

DEGREE DAYS
 HEATING
  YESTERDAY       36                        36      0       26
  MONTH TO DATE  888                       684    204      618
  SINCE DEC 1   1988                      1687    301     1649
  SINCE JUL 1   2990                      2845    145     2516

 COOLING
  YESTERDAY        0                         0      0        0
  MONTH TO DATE    0                         0      0        0
  SINCE DEC 1      0                         0      0        0
  SINCE JAN 1      0                         0      0        0
..................................................................


WIND (MPH)
  HIGHEST WIND SPEED    14   HIGHEST WIND DIRECTION     S (200)
  HIGHEST GUST SPEED    20   HIGHEST GUST DIRECTION    SW (210)
  AVERAGE WIND SPEED     6.4


SKY COVER
  POSSIBLE SUNSHINE  MM
  AVERAGE SKY COVER 0.0


WEATHER CONDITIONS
 THE FOLLOWING WEATHER WAS RECORDED YESTERDAY.
  NO SIGNIFICANT WEATHER WAS OBSERVED.


RELATIVE HUMIDITY (PERCENT)
 HIGHEST    62           700 AM
 LOWEST     40           400 PM
 AVERAGE    51

..........................................................


THE NEW PHILADELPHIA OH CLIMATE NORMALS FOR TODAY
                         NORMAL    RECORD    YEAR
 MAXIMUM TEMPERATURE (F)   37        59      2017
 MINIMUM TEMPERATURE (F)   21       -22      1994


SUNRISE AND SUNSET
JANUARY 20 2018.......SUNRISE   744 AM EST   SUNSET   529 PM EST
JANUARY 21 2018.......SUNRISE   744 AM EST   SUNSET   531 PM EST


-  INDICATES NEGATIVE NUMBERS.
R  INDICATES RECORD WAS SET OR TIED.
MM INDICATES DATA IS MISSING.
T  INDICATES TRACE AMOUNT.




$$
