000
CDUS41 KPBZ 192322
CLIPHD


CLIMATE REPORT
NATIONAL WEATHER SERVICE PITTSBURGH PA
519 PM EST FRI DEC 19 2014


...................................

...THE NEW PHILADELPHIA OH CLIMATE SUMMARY FOR DECEMBER 19 2014...
VALID TODAY AS OF 0500 PM LOCAL TIME.

CLIMATE NORMAL PERIOD 1981 TO 2010
CLIMATE RECORD PERIOD 1946 TO 2014


WEATHER ITEM   OBSERVED TIME   RECORD YEAR NORMAL DEPARTURE LAST
                VALUE   (LST)  VALUE       VALUE  FROM      YEAR
                                                  NORMAL
..................................................................
TEMPERATURE (F)
 TODAY
  MAXIMUM         32    359 PM  63    1967  40     -8       49
  MINIMUM         29    452 AM  -9    1989  23      6       30
  AVERAGE         31                        31      0       40

PRECIPITATION (IN)
  TODAY            0.00         MM      MM   0.08  -0.08     0.00
  MONTH TO DATE    1.97                      1.66   0.31     1.40
  SINCE JUN 1     23.88                     22.29   1.59    22.60
  SINCE JAN 1     39.06                     37.89   1.17    32.64

DEGREE DAYS
 HEATING
  TODAY           34                        34      0       25
  MONTH TO DATE  542                       586    -44      645
  SINCE DEC 1    542                       586    -44      645
  SINCE JUL 1   1776                      1744     32     1881

 COOLING
  TODAY            0                         0      0        0
  MONTH TO DATE    0                         0      0        0
  SINCE DEC 1      0                         0      0        0
  SINCE JAN 1    630                       697    -67      755
..................................................................


WIND (MPH)
  HIGHEST WIND SPEED     8   HIGHEST WIND DIRECTION     W (250)
  HIGHEST GUST SPEED    11   HIGHEST GUST DIRECTION     W (250)
  AVERAGE WIND SPEED     3.3


SKY COVER
  POSSIBLE SUNSHINE  MM
  AVERAGE SKY COVER 1.0


WEATHER CONDITIONS
 THE FOLLOWING WEATHER WAS RECORDED TODAY.
  FOG
  HAZE


RELATIVE HUMIDITY (PERCENT)
 HIGHEST    85           100 AM
 LOWEST     72           300 PM
 AVERAGE    79

..........................................................


THE NEW PHILADELPHIA OH CLIMATE NORMALS FOR TOMORROW
                         NORMAL    RECORD    YEAR
 MAXIMUM TEMPERATURE (F)   39        59      1976
 MINIMUM TEMPERATURE (F)   23        -4      1963


SUNRISE AND SUNSET
DECEMBER 19 2014......SUNRISE   744 AM EST   SUNSET   501 PM EST
DECEMBER 20 2014......SUNRISE   745 AM EST   SUNSET   502 PM EST


-  INDICATES NEGATIVE NUMBERS.
R  INDICATES RECORD WAS SET OR TIED.
MM INDICATES DATA IS MISSING.
T  INDICATES TRACE AMOUNT.




$$
