000
CDUS41 KPHI 302129
CLIPHL


CLIMATE REPORT
NATIONAL WEATHER SERVICE MOUNT HOLLY NJ
527 PM EDT SUN AUG 30 2015


...................................

...THE PHILADELPHIA PA CLIMATE SUMMARY FOR AUGUST 30 2015...
VALID TODAY AS OF 0500 PM LOCAL TIME.

CLIMATE NORMAL PERIOD 1981 TO 2010
CLIMATE RECORD PERIOD 1872 TO 2015


WEATHER ITEM   OBSERVED TIME   RECORD YEAR NORMAL DEPARTURE LAST
                VALUE   (LST)  VALUE       VALUE  FROM      YEAR
                                                  NORMAL
..................................................................
TEMPERATURE (F)
 TODAY
  MAXIMUM         91    133 PM 100    1953  83      8       81
  MINIMUM         70    615 AM  47    1986  66      4       60
  AVERAGE         81                        74      7       71

PRECIPITATION (IN)
  TODAY            0.00          2.32 1911   0.10  -0.10     0.00
  MONTH TO DATE    0.98                      3.40  -2.42     2.44
  SINCE JUN 1     13.02                     11.18   1.84    12.20
  SINCE JAN 1     30.19                     27.92   2.27    34.70

SNOWFALL (IN)
  TODAY            0.0           0.0  1870   0.0    0.0      0.0
  MONTH TO DATE    0.0                       0.0    0.0      0.0
  SINCE JUN 1      0.0                       0.0    0.0      0.0
  SINCE JUL 1      0.0                       0.0    0.0      0.0
  SNOW DEPTH       0

DEGREE DAYS
 HEATING
  TODAY            0                         0      0        0
  MONTH TO DATE    0                         0      0        0
  SINCE JUN 1     12                        11      1        0
  SINCE JUL 1      0                         0      0        0

 COOLING
  TODAY           16                        10      6        6
  MONTH TO DATE  426                       352     74      293
  SINCE JUN 1   1189                      1018    171      997
  SINCE JAN 1   1388                      1109    279     1080
..................................................................


WIND (MPH)
  HIGHEST WIND SPEED    18   HIGHEST WIND DIRECTION     W (250)
  HIGHEST GUST SPEED    22   HIGHEST GUST DIRECTION     W (250)
  AVERAGE WIND SPEED     8.5


SKY COVER
  POSSIBLE SUNSHINE  MM
  AVERAGE SKY COVER 0.6


WEATHER CONDITIONS
 THE FOLLOWING WEATHER WAS RECORDED TODAY.
  NO SIGNIFICANT WEATHER WAS OBSERVED.


RELATIVE HUMIDITY (PERCENT)
 HIGHEST    78           600 AM
 LOWEST     41           200 PM
 AVERAGE    60

..........................................................


THE PHILADELPHIA PA CLIMATE NORMALS FOR TOMORROW
                         NORMAL    RECORD    YEAR
 MAXIMUM TEMPERATURE (F)   83       101      1953
 MINIMUM TEMPERATURE (F)   66        45      1965


SUNRISE AND SUNSET
AUGUST 30 2015........SUNRISE   627 AM EDT   SUNSET   736 PM EDT
AUGUST 31 2015........SUNRISE   628 AM EDT   SUNSET   734 PM EDT


-  INDICATES NEGATIVE NUMBERS.
R  INDICATES RECORD WAS SET OR TIED.
MM INDICATES DATA IS MISSING.
T  INDICATES TRACE AMOUNT.




$$
