000
CDUS41 KPHI 060636
CLIPHL


CLIMATE REPORT
NATIONAL WEATHER SERVICE MOUNT HOLLY NJ
135 AM EST SAT FEB 6 2016


...................................

...THE PHILADELPHIA PA CLIMATE SUMMARY FOR FEBRUARY 5 2016...

CLIMATE NORMAL PERIOD 1981 TO 2010
CLIMATE RECORD PERIOD 1872 TO 2016


WEATHER ITEM   OBSERVED TIME   RECORD YEAR NORMAL DEPARTURE LAST
                VALUE   (LST)  VALUE       VALUE  FROM      YEAR
                                                  NORMAL
..................................................................
TEMPERATURE (F)
 YESTERDAY
  MAXIMUM         44    201 PM  69    1991  42      2       41
                                      1890
  MINIMUM         33   1008 PM  -2    1918  26      7       17
                                      1886
  AVERAGE         39                        34      5       29

PRECIPITATION (IN)
  YESTERDAY        0.40          1.62 2001   0.10   0.30      T
  MONTH TO DATE    0.97                      0.49   0.48     0.99
  SINCE DEC 1      8.74                      7.08   1.66     8.78
  SINCE JAN 1      3.60                      3.52   0.08     5.51

SNOWFALL (IN)
  YESTERDAY        1.2           8.7  1907   0.4    0.8       T
  MONTH TO DATE    1.2                       1.8   -0.6      0.8
  SINCE DEC 1     24.1                      11.7   12.4      5.2
  SINCE JUL 1     24.1                      12.0   12.1      5.2
  SNOW DEPTH       1

DEGREE DAYS
 HEATING
  YESTERDAY       26                        31     -5       36
  MONTH TO DATE   95                       156    -61      174
  SINCE DEC 1   1463                      2003   -540     1956
  SINCE JUL 1   2023                      2819   -796     2734

 COOLING
  YESTERDAY        0                         0      0        0
  MONTH TO DATE    0                         0      0        0
  SINCE DEC 1      2                         0      2        0
  SINCE JAN 1      0                         0      0        0
..................................................................


WIND (MPH)
  HIGHEST WIND SPEED    23   HIGHEST WIND DIRECTION    NW (320)
  HIGHEST GUST SPEED    29   HIGHEST GUST DIRECTION    NW (330)
  AVERAGE WIND SPEED    11.1


SKY COVER
  POSSIBLE SUNSHINE  MM
  AVERAGE SKY COVER 0.6


WEATHER CONDITIONS
 THE FOLLOWING WEATHER WAS RECORDED YESTERDAY.
  MIXED PRECIP
  RAIN
  LIGHT RAIN
  SNOW
  LIGHT SNOW
  FOG


RELATIVE HUMIDITY (PERCENT)
 HIGHEST    92           800 AM
 LOWEST     33           500 PM
 AVERAGE    63

..........................................................


THE PHILADELPHIA PA CLIMATE NORMALS FOR TODAY
                         NORMAL    RECORD    YEAR
 MAXIMUM TEMPERATURE (F)   42        68      2008
 MINIMUM TEMPERATURE (F)   26        -3      1895


SUNRISE AND SUNSET
FEBRUARY  6 2016......SUNRISE   705 AM EST   SUNSET   526 PM EST
FEBRUARY  7 2016......SUNRISE   704 AM EST   SUNSET   527 PM EST


-  INDICATES NEGATIVE NUMBERS.
R  INDICATES RECORD WAS SET OR TIED.
MM INDICATES DATA IS MISSING.
T  INDICATES TRACE AMOUNT.




$$
