000
CDUS41 KPHI 240632
CLIPHL


CLIMATE REPORT
NATIONAL WEATHER SERVICE MOUNT HOLLY NJ
231 AM EDT FRI OCT 24 2014


...................................

...THE PHILADELPHIA PA CLIMATE SUMMARY FOR OCTOBER 23 2014...

CLIMATE NORMAL PERIOD 1981 TO 2010
CLIMATE RECORD PERIOD 1872 TO 2014


WEATHER ITEM   OBSERVED TIME   RECORD YEAR NORMAL DEPARTURE LAST
                VALUE   (LST)  VALUE       VALUE  FROM      YEAR
                                                  NORMAL
..................................................................
TEMPERATURE (F)
 YESTERDAY
  MAXIMUM         57    418 PM  87    1947  64     -7       59
  MINIMUM         51    836 AM  31    1969  46      5       44
                                      1944
  AVERAGE         54                        55     -1       52

PRECIPITATION (IN)
  YESTERDAY        0.05          1.92 1883   0.10  -0.05     0.01
  MONTH TO DATE    2.50                      2.41   0.09     2.41
  SINCE SEP 1      4.19                      6.19  -2.00     5.67
  SINCE JAN 1     40.00                     34.21   5.79    47.91

SNOWFALL (IN)
  YESTERDAY        0.0           0.0  1870   0.0    0.0      0.0
  MONTH TO DATE    0.0                       0.0    0.0      0.0
  SINCE SEP 1      0.0                       0.0    0.0      0.0
  SINCE JUL 1      0.0                       0.0    0.0      0.0
  SNOW DEPTH       0

DEGREE DAYS
 HEATING
  YESTERDAY       11                        10      1       13
  MONTH TO DATE  115                       162    -47       82
  SINCE SEP 1    129                       199    -70      118
  SINCE JUL 1    129                       200    -71      118

 COOLING
  YESTERDAY        0                         0      0        0
  MONTH TO DATE   25                        19      6       65
  SINCE SEP 1    213                       180     33      195
  SINCE JAN 1   1311                      1297     14     1411
..................................................................


WIND (MPH)
  HIGHEST WIND SPEED    29   HIGHEST WIND DIRECTION    NW (330)
  HIGHEST GUST SPEED    34   HIGHEST GUST DIRECTION    NW (330)
  AVERAGE WIND SPEED    17.3


SKY COVER
  POSSIBLE SUNSHINE  MM
  AVERAGE SKY COVER 1.0


WEATHER CONDITIONS
 THE FOLLOWING WEATHER WAS RECORDED YESTERDAY.
  RAIN
  LIGHT RAIN


RELATIVE HUMIDITY (PERCENT)
 HIGHEST    83          1200 AM
 LOWEST     61           500 PM
 AVERAGE    72

..........................................................


THE PHILADELPHIA PA CLIMATE NORMALS FOR TODAY
                         NORMAL    RECORD    YEAR
 MAXIMUM TEMPERATURE (F)   64        83      2001
 MINIMUM TEMPERATURE (F)   46        25      1969


SUNRISE AND SUNSET
OCTOBER 24 2014.......SUNRISE   721 AM EDT   SUNSET   609 PM EDT
OCTOBER 25 2014.......SUNRISE   722 AM EDT   SUNSET   608 PM EDT


-  INDICATES NEGATIVE NUMBERS.
R  INDICATES RECORD WAS SET OR TIED.
MM INDICATES DATA IS MISSING.
T  INDICATES TRACE AMOUNT.




$$
