206
CDUS43 KUNR 230837
CLIPHP


CLIMATE REPORT
NATIONAL WEATHER SERVICE RAPID CITY SD
237 AM MDT WED AUG 23 2017


...................................

...THE PHILIP SD CLIMATE SUMMARY FOR AUGUST 22 2017...

CLIMATE NORMAL PERIOD 1981 TO 2010
CLIMATE RECORD PERIOD 9999 TO 9999


WEATHER ITEM   OBSERVED TIME   NORMAL DEPARTURE LAST
                VALUE   (LST)  VALUE  FROM      YEAR
                                      NORMAL
......................................................
TEMPERATURE (F)
 YESTERDAY
  MAXIMUM         88    258 PM  88      0      102
  MINIMUM         45    533 AM  57    -12       51
  AVERAGE         67            72     -5       77

PRECIPITATION (IN)
  YESTERDAY        0.00          0.04  -0.04     0.00
  MONTH TO DATE    0.30          1.05  -0.75     2.17
  SINCE JUN 1      2.96          6.01  -3.05     4.61
  SINCE JAN 1      7.80         12.93  -5.13    11.33

DEGREE DAYS
 HEATING
  YESTERDAY        0             1     -1        0
  MONTH TO DATE    6             2      4        9
  SINCE JUN 1     29            73    -44       20
  SINCE JUL 1      6            10     -4       13

 COOLING
  YESTERDAY        2             8     -6       12
  MONTH TO DATE  102           218   -116      214
  SINCE JUN 1    712           646     66      767
  SINCE JAN 1    725           673     52      781
......................................................


WIND (MPH)
  HIGHEST WIND SPEED    18   HIGHEST WIND DIRECTION    SE (120)
  HIGHEST GUST SPEED    23   HIGHEST GUST DIRECTION     E (110)
  AVERAGE WIND SPEED     6.9


SKY COVER
  AVERAGE SKY COVER 0.0


WEATHER CONDITIONS
 THE FOLLOWING WEATHER WAS RECORDED YESTERDAY.
  NO SIGNIFICANT WEATHER WAS OBSERVED.


RELATIVE HUMIDITY (PERCENT)
 HIGHEST    93           600 AM
 LOWEST     21           300 PM
 AVERAGE    57

..........................................................




SUNRISE AND SUNSET
AUGUST 23 2017........SUNRISE   600 AM MDT   SUNSET   737 PM MDT
AUGUST 24 2017........SUNRISE   601 AM MDT   SUNSET   736 PM MDT


-  INDICATES NEGATIVE NUMBERS.
R  INDICATES RECORD WAS SET OR TIED.
MM INDICATES DATA IS MISSING.
T  INDICATES TRACE AMOUNT.




$$
