000
CDUS43 KUNR 240832
CLIPHP


CLIMATE REPORT
NATIONAL WEATHER SERVICE RAPID CITY SD
231 AM MDT SAT JUN 24 2017


...................................

...THE PHILIP SD CLIMATE SUMMARY FOR JUNE 23 2017...

CLIMATE NORMAL PERIOD 1981 TO 2010
CLIMATE RECORD PERIOD 9999 TO 9999


WEATHER ITEM   OBSERVED TIME   NORMAL DEPARTURE LAST
                VALUE   (LST)  VALUE  FROM      YEAR
                                      NORMAL
......................................................
TEMPERATURE (F)
 YESTERDAY
  MAXIMUM         73    354 PM  83    -10       87
  MINIMUM         44   1116 PM  56    -12       48
  AVERAGE         59            69    -10       68

PRECIPITATION (IN)
  YESTERDAY        T             0.09  -0.09     0.00
  MONTH TO DATE    1.48          2.29  -0.81     0.50
  SINCE JUN 1      1.48          2.29  -0.81     0.50
  SINCE JAN 1      6.32          9.21  -2.89     7.22

DEGREE DAYS
 HEATING
  YESTERDAY        6             1      5        0
  MONTH TO DATE    8            57    -49        7
  SINCE JUN 1      8            57    -49        7
  SINCE JUL 1   6660          7191   -531     6323

 COOLING
  YESTERDAY        0             6     -6        3
  MONTH TO DATE  129            79     50      171
  SINCE JUN 1    129            79     50      171
  SINCE JAN 1    142           106     36      185
......................................................


WIND (MPH)
  HIGHEST WIND SPEED    30   HIGHEST WIND DIRECTION    NW (330)
  HIGHEST GUST SPEED    39   HIGHEST GUST DIRECTION     N (340)
  AVERAGE WIND SPEED    17.7


SKY COVER
  AVERAGE SKY COVER 0.3


WEATHER CONDITIONS
 THE FOLLOWING WEATHER WAS RECORDED YESTERDAY.
  NO SIGNIFICANT WEATHER WAS OBSERVED.


RELATIVE HUMIDITY (PERCENT)
 HIGHEST    66           300 AM
 LOWEST     20           400 PM
 AVERAGE    43

..........................................................




SUNRISE AND SUNSET
JUNE 24 2017..........SUNRISE   504 AM MDT   SUNSET   833 PM MDT
JUNE 25 2017..........SUNRISE   505 AM MDT   SUNSET   834 PM MDT


-  INDICATES NEGATIVE NUMBERS.
R  INDICATES RECORD WAS SET OR TIED.
MM INDICATES DATA IS MISSING.
T  INDICATES TRACE AMOUNT.




$$
