000
CDUS43 KUNR 160835
CLIPHP


CLIMATE REPORT
NATIONAL WEATHER SERVICE RAPID CITY SD
234 AM MDT TUE SEP 16 2014


...................................

...THE PHILIP SD CLIMATE SUMMARY FOR SEPTEMBER 15 2014...

CLIMATE NORMAL PERIOD 1981 TO 2010
CLIMATE RECORD PERIOD 9999 TO 9999


WEATHER ITEM   OBSERVED TIME   NORMAL DEPARTURE LAST
                VALUE   (LST)  VALUE  FROM      YEAR
                                      NORMAL
......................................................
TEMPERATURE (F)
 YESTERDAY
  MAXIMUM         68    336 PM  78    -10       73
  MINIMUM         33    559 AM  47    -14       50
  AVERAGE         51            62    -11       62

PRECIPITATION (IN)
  YESTERDAY        0.00          0.04  -0.04     0.04
  MONTH TO DATE    0.33          0.76  -0.43     0.42
  SINCE SEP 1      0.33          0.76  -0.43     0.42
  SINCE JAN 1     13.76         14.14  -0.38    10.83

DEGREE DAYS
 HEATING
  YESTERDAY       14             5      9        3
  MONTH TO DATE  130            49     81        3
  SINCE SEP 1    130            49     81        3
  SINCE JUL 1    149            74     75        6

 COOLING
  YESTERDAY        0             2     -2        0
  MONTH TO DATE   20            59    -39      137
  SINCE SEP 1     20            59    -39      137
  SINCE JAN 1    599           794   -195      900
......................................................


WIND (MPH)
  HIGHEST WIND SPEED    15   HIGHEST WIND DIRECTION    SE (150)
  HIGHEST GUST SPEED    21   HIGHEST GUST DIRECTION    SE (150)
  AVERAGE WIND SPEED     6.9


SKY COVER
  AVERAGE SKY COVER 0.0


WEATHER CONDITIONS
 THE FOLLOWING WEATHER WAS RECORDED YESTERDAY.
  NO SIGNIFICANT WEATHER WAS OBSERVED.


RELATIVE HUMIDITY (PERCENT)
 HIGHEST    96           500 AM
 LOWEST     34           300 PM
 AVERAGE    65

..........................................................




SUNRISE AND SUNSET
SEPTEMBER 16 2014.....SUNRISE   627 AM MDT   SUNSET   655 PM MDT
SEPTEMBER 17 2014.....SUNRISE   628 AM MDT   SUNSET   653 PM MDT


-  INDICATES NEGATIVE NUMBERS.
R  INDICATES RECORD WAS SET OR TIED.
MM INDICATES DATA IS MISSING.
T  INDICATES TRACE AMOUNT.




$$
