000
CDUS43 KUNR 080831
CLIPHP


CLIMATE REPORT
NATIONAL WEATHER SERVICE RAPID CITY SD
131 AM MST THU DEC 8 2016


...................................

...THE PHILIP SD CLIMATE SUMMARY FOR DECEMBER 7 2016...

CLIMATE NORMAL PERIOD 1981 TO 2010
CLIMATE RECORD PERIOD 9999 TO 9999


WEATHER ITEM   OBSERVED TIME   NORMAL DEPARTURE LAST
                VALUE   (LST)  VALUE  FROM      YEAR
                                      NORMAL
......................................................
TEMPERATURE (F)
 YESTERDAY
  MAXIMUM         14    113 PM  37    -23       52
  MINIMUM          1    710 AM  12    -11       28
  AVERAGE          8            25    -17       40

PRECIPITATION (IN)
  YESTERDAY        0.00          0.01  -0.01     0.00
  MONTH TO DATE    T             0.11  -0.11     0.02
  SINCE DEC 1      T             0.11  -0.11     0.02
  SINCE JAN 1     12.85         17.03  -4.18    19.25

DEGREE DAYS
 HEATING
  YESTERDAY       57            40     17       25
  MONTH TO DATE  300           275     25      228
  SINCE DEC 1    300           275     25      228
  SINCE JUL 1   1438          1910   -472     1568

 COOLING
  YESTERDAY        0             0      0        0
  MONTH TO DATE    0             0      0        0
  SINCE DEC 1      0             0      0        0
  SINCE JAN 1    908           818     90      750
......................................................


WIND (MPH)
  HIGHEST WIND SPEED    29   HIGHEST WIND DIRECTION    NW (300)
  HIGHEST GUST SPEED    37   HIGHEST GUST DIRECTION    NW (310)
  AVERAGE WIND SPEED    18.9


SKY COVER
  AVERAGE SKY COVER 0.1


WEATHER CONDITIONS
 THE FOLLOWING WEATHER WAS RECORDED YESTERDAY.
  NO SIGNIFICANT WEATHER WAS OBSERVED.


RELATIVE HUMIDITY (PERCENT)
 HIGHEST    76          1200 AM
 LOWEST     58          1100 AM
 AVERAGE    67

..........................................................




SUNRISE AND SUNSET
DECEMBER  8 2016......SUNRISE   709 AM MST   SUNSET   408 PM MST
DECEMBER  9 2016......SUNRISE   710 AM MST   SUNSET   408 PM MST


-  INDICATES NEGATIVE NUMBERS.
R  INDICATES RECORD WAS SET OR TIED.
MM INDICATES DATA IS MISSING.
T  INDICATES TRACE AMOUNT.




$$
