000
CDUS43 KUNR 010832
CLIPHP


CLIMATE REPORT
NATIONAL WEATHER SERVICE RAPID CITY SD
232 AM MDT FRI AUG 1 2014


...................................

...THE PHILIP SD CLIMATE SUMMARY FOR JULY 31 2014...

CLIMATE NORMAL PERIOD 1981 TO 2010
CLIMATE RECORD PERIOD 9999 TO 9999


WEATHER ITEM   OBSERVED TIME   NORMAL DEPARTURE LAST
                VALUE   (LST)  VALUE  FROM      YEAR
                                      NORMAL
......................................................
TEMPERATURE (F)
 YESTERDAY
  MAXIMUM         92    247 PM  91      1       87
  MINIMUM         54    513 AM  61     -7       61
  AVERAGE         73            76     -3       74

PRECIPITATION (IN)
  YESTERDAY        0.00          0.05  -0.05     0.00
  MONTH TO DATE    0.11          2.03  -1.92     1.69
  SINCE JUN 1      4.11          4.96  -0.85     3.59
  SINCE JAN 1      8.93         11.88  -2.95     9.15

DEGREE DAYS
 HEATING
  YESTERDAY        0             0      0        0
  MONTH TO DATE   16             3     13        3
  SINCE JUN 1     94            71     23       67
  SINCE JUL 1     16             8      8        3

 COOLING
  YESTERDAY        8            11     -3        9
  MONTH TO DATE  250           305    -55      333
  SINCE JUN 1    306           428   -122      460
  SINCE JAN 1    346           455   -109      481
......................................................


WIND (MPH)
  HIGHEST WIND SPEED    17   HIGHEST WIND DIRECTION     N (340)
  HIGHEST GUST SPEED    23   HIGHEST GUST DIRECTION     N (340)
  AVERAGE WIND SPEED     6.4


SKY COVER
  AVERAGE SKY COVER 0.0


WEATHER CONDITIONS
 THE FOLLOWING WEATHER WAS RECORDED YESTERDAY.
  NO SIGNIFICANT WEATHER WAS OBSERVED.


RELATIVE HUMIDITY (PERCENT)
 HIGHEST    93           500 AM
 LOWEST     23           100 PM
 AVERAGE    58

..........................................................




SUNRISE AND SUNSET
AUGUST  1 2014........SUNRISE   534 AM MDT   SUNSET   810 PM MDT
AUGUST  2 2014........SUNRISE   536 AM MDT   SUNSET   809 PM MDT


-  INDICATES NEGATIVE NUMBERS.
R  INDICATES RECORD WAS SET OR TIED.
MM INDICATES DATA IS MISSING.
T  INDICATES TRACE AMOUNT.




$$
