000
CDUS43 KUNR 210832
CLIPHP


CLIMATE REPORT
NATIONAL WEATHER SERVICE RAPID CITY SD
231 AM MDT SAT OCT 21 2017


...................................

...THE PHILIP SD CLIMATE SUMMARY FOR OCTOBER 20 2017...

CLIMATE NORMAL PERIOD 1981 TO 2010
CLIMATE RECORD PERIOD 9999 TO 9999


WEATHER ITEM   OBSERVED TIME   NORMAL DEPARTURE LAST
                VALUE   (LST)  VALUE  FROM      YEAR
                                      NORMAL
......................................................
TEMPERATURE (F)
 YESTERDAY
  MAXIMUM         85    138 PM  61     24       62
  MINIMUM         52    617 AM  32     20       34
  AVERAGE         69            47     22       48

PRECIPITATION (IN)
  YESTERDAY        T             0.05  -0.05     0.00
  MONTH TO DATE    1.38          1.01   0.37     0.41
  SINCE SEP 1      2.41          2.50  -0.09     0.64
  SINCE JAN 1     10.27         15.88  -5.61    12.65

DEGREE DAYS
 HEATING
  YESTERDAY        0            18    -18       17
  MONTH TO DATE  258           285    -27      240
  SINCE SEP 1    408           446    -38      332
  SINCE JUL 1    414           471    -57      351

 COOLING
  YESTERDAY        4             0      4        0
  MONTH TO DATE    6             0      6       12
  SINCE SEP 1    115            79     36       74
  SINCE JAN 1    911           814     97      904
......................................................


WIND (MPH)
  HIGHEST WIND SPEED    26   HIGHEST WIND DIRECTION     W (280)
  HIGHEST GUST SPEED    36   HIGHEST GUST DIRECTION     W (270)
  AVERAGE WIND SPEED    11.8


SKY COVER
  AVERAGE SKY COVER 0.0


WEATHER CONDITIONS
 THE FOLLOWING WEATHER WAS RECORDED YESTERDAY.
  THUNDERSTORM
  LIGHT RAIN


RELATIVE HUMIDITY (PERCENT)
 HIGHEST    72           700 AM
 LOWEST     25           100 PM
 AVERAGE    49

..........................................................




SUNRISE AND SUNSET
OCTOBER 21 2017.......SUNRISE   709 AM MDT   SUNSET   552 PM MDT
OCTOBER 22 2017.......SUNRISE   710 AM MDT   SUNSET   551 PM MDT


-  INDICATES NEGATIVE NUMBERS.
R  INDICATES RECORD WAS SET OR TIED.
MM INDICATES DATA IS MISSING.
T  INDICATES TRACE AMOUNT.




$$
