000
CDUS43 KUNR 220850
CLIPHP


CLIMATE REPORT
NATIONAL WEATHER SERVICE RAPID CITY SD
246 AM MDT FRI MAY 22 2015


...................................

...THE PHILIP SD CLIMATE SUMMARY FOR MAY 21 2015...

CLIMATE NORMAL PERIOD 1981 TO 2010
CLIMATE RECORD PERIOD 9999 TO 9999


WEATHER ITEM   OBSERVED TIME   NORMAL DEPARTURE LAST
                VALUE   (LST)  VALUE  FROM      YEAR
                                      NORMAL
......................................................
TEMPERATURE (F)
 YESTERDAY
  MAXIMUM         69    319 PM  72     -3       66
  MINIMUM         36    353 AM  46    -10       48
  AVERAGE         53            59     -6       57

PRECIPITATION (IN)
  YESTERDAY        0.00          0.10  -0.10      T
  MONTH TO DATE    5.43          2.05   3.38     1.90
  SINCE MAR 1      5.86          5.16   0.70     3.86
  SINCE JAN 1      5.97          5.94   0.03     4.34

DEGREE DAYS
 HEATING
  YESTERDAY       12             7      5        8
  MONTH TO DATE  229           213     16      304
  SINCE MAR 1   1460          1715   -255     1863
  SINCE JUL 1   6600          7080   -480     7466

 COOLING
  YESTERDAY        0             1     -1        0
  MONTH TO DATE    2            16    -14        1
  SINCE MAR 1      5            19    -14        1
  SINCE JAN 1      5            19    -14        1
......................................................


WIND (MPH)
  HIGHEST WIND SPEED    16   HIGHEST WIND DIRECTION     S (160)
  HIGHEST GUST SPEED    21   HIGHEST GUST DIRECTION     S (170)
  AVERAGE WIND SPEED     7.3


SKY COVER
  AVERAGE SKY COVER 0.0


WEATHER CONDITIONS
 THE FOLLOWING WEATHER WAS RECORDED YESTERDAY.
  NO SIGNIFICANT WEATHER WAS OBSERVED.


RELATIVE HUMIDITY (PERCENT)
 HIGHEST    92           100 AM
 LOWEST     26           400 PM
 AVERAGE    59

..........................................................




SUNRISE AND SUNSET
MAY 22 2015...........SUNRISE   514 AM MDT   SUNSET   813 PM MDT
MAY 23 2015...........SUNRISE   513 AM MDT   SUNSET   814 PM MDT


-  INDICATES NEGATIVE NUMBERS.
R  INDICATES RECORD WAS SET OR TIED.
MM INDICATES DATA IS MISSING.
T  INDICATES TRACE AMOUNT.




$$
