000
CDUS43 KUNR 270831
CLIPHP


CLIMATE REPORT
NATIONAL WEATHER SERVICE RAPID CITY SD
131 AM MST SAT DEC 27 2014


...................................

...THE PHILIP SD CLIMATE SUMMARY FOR DECEMBER 26 2014...

CLIMATE NORMAL PERIOD 1981 TO 2010
CLIMATE RECORD PERIOD 9999 TO 9999


WEATHER ITEM   OBSERVED TIME   NORMAL DEPARTURE LAST
                VALUE   (LST)  VALUE  FROM      YEAR
                                      NORMAL
......................................................
TEMPERATURE (F)
 YESTERDAY
  MAXIMUM         25    128 AM  34     -9       44
  MINIMUM          4    956 PM   9     -5       21
  AVERAGE         15            21     -6       33

PRECIPITATION (IN)
  YESTERDAY        T             0.02  -0.02     0.00
  MONTH TO DATE    0.21          0.36  -0.15     0.92
  SINCE DEC 1      0.21          0.36  -0.15     0.92
  SINCE JAN 1     16.42         17.28  -0.86    16.19

DEGREE DAYS
 HEATING
  YESTERDAY       50            44      6       32
  MONTH TO DATE  894          1082   -188     1295
  SINCE DEC 1    894          1082   -188     1295
  SINCE JUL 1   2549          2717   -168     2806

 COOLING
  YESTERDAY        0             0      0        0
  MONTH TO DATE    0             0      0        0
  SINCE DEC 1      0             0      0        0
  SINCE JAN 1    649           818   -169      945
......................................................


WIND (MPH)
  HIGHEST WIND SPEED    16   HIGHEST WIND DIRECTION     N (340)
  HIGHEST GUST SPEED    20   HIGHEST GUST DIRECTION     N (340)
  AVERAGE WIND SPEED     9.0


SKY COVER
  AVERAGE SKY COVER 0.8


WEATHER CONDITIONS
 THE FOLLOWING WEATHER WAS RECORDED YESTERDAY.
  LIGHT SNOW


RELATIVE HUMIDITY (PERCENT)
 HIGHEST    88           800 PM
 LOWEST     71           200 PM
 AVERAGE    80

..........................................................




SUNRISE AND SUNSET
DECEMBER 27 2014......SUNRISE   720 AM MST   SUNSET   415 PM MST
DECEMBER 28 2014......SUNRISE   721 AM MST   SUNSET   415 PM MST


-  INDICATES NEGATIVE NUMBERS.
R  INDICATES RECORD WAS SET OR TIED.
MM INDICATES DATA IS MISSING.
T  INDICATES TRACE AMOUNT.




$$
