000
CDUS43 KUNR 280846
CLIPHP


CLIMATE REPORT
NATIONAL WEATHER SERVICE RAPID CITY SD
243 AM MDT TUE JUL 28 2015


...................................

...THE PHILIP SD CLIMATE SUMMARY FOR JULY 27 2015...

CLIMATE NORMAL PERIOD 1981 TO 2010
CLIMATE RECORD PERIOD 9999 TO 9999


WEATHER ITEM   OBSERVED TIME   NORMAL DEPARTURE LAST
                VALUE   (LST)  VALUE  FROM      YEAR
                                      NORMAL
......................................................
TEMPERATURE (F)
 YESTERDAY
  MAXIMUM         93    336 PM  91      2       84
  MINIMUM         62    440 AM  61      1       52
  AVERAGE         78            76      2       68

PRECIPITATION (IN)
  YESTERDAY        0.27          0.05   0.22     0.00
  MONTH TO DATE    0.62          1.83  -1.21     0.11
  SINCE JUN 1      6.45          4.76   1.69     4.11
  SINCE JAN 1     13.43         11.68   1.75     8.93

DEGREE DAYS
 HEATING
  YESTERDAY        0             0      0        0
  MONTH TO DATE    0             3     -3       16
  SINCE JUN 1     12            66    -54       94
  SINCE JUL 1      0             3     -3       16

 COOLING
  YESTERDAY       13            11      2        3
  MONTH TO DATE  259           260     -1      233
  SINCE JUN 1    369           383    -14      289
  SINCE JAN 1    375           410    -35      329
......................................................


WIND (MPH)
  HIGHEST WIND SPEED    33   HIGHEST WIND DIRECTION     W (280)
  HIGHEST GUST SPEED    44   HIGHEST GUST DIRECTION     W (280)
  AVERAGE WIND SPEED    14.2


SKY COVER
  AVERAGE SKY COVER 0.0


WEATHER CONDITIONS
 THE FOLLOWING WEATHER WAS RECORDED YESTERDAY.
  THUNDERSTORM
  HEAVY RAIN
  RAIN
  LIGHT RAIN
  FOG


RELATIVE HUMIDITY (PERCENT)
 HIGHEST   100           400 AM
 LOWEST     44           100 PM
 AVERAGE    72

..........................................................




SUNRISE AND SUNSET
JULY 28 2015..........SUNRISE   530 AM MDT   SUNSET   815 PM MDT
JULY 29 2015..........SUNRISE   531 AM MDT   SUNSET   814 PM MDT


-  INDICATES NEGATIVE NUMBERS.
R  INDICATES RECORD WAS SET OR TIED.
MM INDICATES DATA IS MISSING.
T  INDICATES TRACE AMOUNT.




$$
