000
CDUS45 KPSR 050808
CLIPHX

CDUS45 KPSR DDHHMM
CLIPHX

CLIMATE REPORT
NATIONAL WEATHER SERVICE PHOENIX AZ
107 AM MST WED AUG 5 2015

...................................

...THE PHOENIX AZ CLIMATE SUMMARY FOR AUGUST 4 2015...

CLIMATE NORMAL PERIOD 1981 TO 2010
CLIMATE RECORD PERIOD 1895 TO 2015


WEATHER ITEM   OBSERVED TIME   RECORD YEAR NORMAL DEPARTURE LAST
                VALUE   (LST)  VALUE       VALUE  FROM      YEAR
                                                  NORMAL
..................................................................
TEMPERATURE (F)
 YESTERDAY
  MAXIMUM        111    305 PM 116    1975 105      6      105
  MINIMUM         88    614 AM  68    1962  84      4       79
                                      1956
                                      1950
  AVERAGE        100                        94      6       92

PRECIPITATION (IN)
  YESTERDAY        0.00          0.78 1918   0.03  -0.03     0.00
  MONTH TO DATE    0.00                      0.14  -0.14      T
  SINCE OCT 1      4.92                      6.53  -1.61     3.87
  SINCE JAN 1      3.88                      4.42  -0.54     1.05

SNOWFALL (IN)
  YESTERDAY        0.0
  MONTH TO DATE    0.0
  SINCE JAN 1      0.0
  SINCE JUL 1      0.0
  SNOW DEPTH       0

DEGREE DAYS
 HEATING
  YESTERDAY        0                         0      0        0
  MONTH TO DATE    0                         0      0        0
  SINCE JUN 1      0                         0      0        0
  SINCE JUL 1      0                         0      0        0

 COOLING
  YESTERDAY       35                        29      6       27
  MONTH TO DATE  128                       116     12      104
  SINCE JUN 1   1930                      1814    116     1943
  SINCE JAN 1   2955                      2700    255     3018
..................................................................


WIND (MPH)
  HIGHEST WIND SPEED    16   HIGHEST WIND DIRECTION     W (270)
  HIGHEST GUST SPEED    25   HIGHEST GUST DIRECTION     W (270)
  AVERAGE WIND SPEED     7.1


SKY COVER
  AVERAGE SKY COVER 0.1


WEATHER CONDITIONS
 THE FOLLOWING WEATHER WAS RECORDED YESTERDAY.
  NO SIGNIFICANT WEATHER WAS OBSERVED.


RELATIVE HUMIDITY (PERCENT)
 HIGHEST    29           600 AM
 LOWEST      9           400 PM
 AVERAGE    19

..........................................................


THE PHOENIX AZ CLIMATE NORMALS FOR TODAY
                         NORMAL    RECORD    YEAR
 MAXIMUM TEMPERATURE (F)  105       114      1969
 MINIMUM TEMPERATURE (F)   84        69      1965
                                             1956
                                             1938


SUNRISE AND SUNSET
AUGUST  5 2015........SUNRISE   543 AM MST   SUNSET   724 PM MST
AUGUST  6 2015........SUNRISE   544 AM MST   SUNSET   723 PM MST


-  INDICATES NEGATIVE NUMBERS.
R  INDICATES RECORD WAS SET OR TIED.
MM INDICATES DATA IS MISSING.
T  INDICATES TRACE AMOUNT.

&&
.....................................................................

DEW POINT
  HIGHEST DEW POINT    54
   LOWEST DEW POINT    38
  AVERAGE DEW POINT    47
.....................................................................

$$
