000
CDUS45 KPSR 030820
CLIPHX

CLIMATE REPORT
NATIONAL WEATHER SERVICE PHOENIX AZ
119 AM MST TUE MAR 3 2015


...................................

...THE PHOENIX AZ CLIMATE SUMMARY FOR MARCH 2 2015...

CLIMATE NORMAL PERIOD 1981 TO 2010
CLIMATE RECORD PERIOD 1895 TO 2015


WEATHER ITEM   OBSERVED TIME   RECORD YEAR NORMAL DEPARTURE LAST
                VALUE   (LST)  VALUE       VALUE  FROM      YEAR
                                                  NORMAL
..................................................................
TEMPERATURE (F)
 YESTERDAY
  MAXIMUM         66   1232 AM  90    1921  74     -8       68
                                      1910
  MINIMUM         52   1159 PM  30    1971  51      1       53
  AVERAGE         59                        62     -3       61

PRECIPITATION (IN)
  YESTERDAY        0.23          0.74 1970   0.04   0.19     0.05
  MONTH TO DATE    0.23                      0.08   0.15     0.99
  SINCE OCT 1      2.09                      4.02  -1.93     3.81
  SINCE JAN 1      1.05                      1.91  -0.86     0.99

SNOWFALL (IN)
  YESTERDAY        0.0
  MONTH TO DATE    0.0
  SINCE JAN 1      0.0
  SINCE JUL 1      0.0
  SNOW DEPTH       0

DEGREE DAYS
 HEATING
  YESTERDAY        6                         4      2        4
  MONTH TO DATE    6                         8     -2        6
  SINCE MAR 1      6                         8     -2        6
  SINCE JUL 1    501                       841   -340      540

 COOLING
  YESTERDAY        0                         1     -1        0
  MONTH TO DATE    4                         2      2        0
  SINCE MAR 1      4                         2      2        0
  SINCE JAN 1     52                        19     33       62
..................................................................


WIND (MPH)
  HIGHEST WIND SPEED    28   HIGHEST WIND DIRECTION     W (260)
  HIGHEST GUST SPEED    35   HIGHEST GUST DIRECTION     W (270)
  AVERAGE WIND SPEED     7.9


SKY COVER
  AVERAGE SKY COVER 0.9


WEATHER CONDITIONS
 THE FOLLOWING WEATHER WAS RECORDED YESTERDAY.
  RAIN
  LIGHT RAIN
  FOG


RELATIVE HUMIDITY (PERCENT)
 HIGHEST    89           900 PM
 LOWEST     56          1200 AM
 AVERAGE    73

..........................................................


THE PHOENIX AZ CLIMATE NORMALS FOR TODAY
                         NORMAL    RECORD    YEAR
 MAXIMUM TEMPERATURE (F)   74        91      1921
 MINIMUM TEMPERATURE (F)   51        28      1966


SUNRISE AND SUNSET
MARCH  3 2015.........SUNRISE   654 AM MST   SUNSET   626 PM MST
MARCH  4 2015.........SUNRISE   653 AM MST   SUNSET   627 PM MST


-  INDICATES NEGATIVE NUMBERS.
R  INDICATES RECORD WAS SET OR TIED.
MM INDICATES DATA IS MISSING.
T  INDICATES TRACE AMOUNT.

&&
.....................................................................

DEW POINT
  HIGHEST DEW POINT    50
   LOWEST DEW POINT    47
  AVERAGE DEW POINT    49
.....................................................................

$$
