000
CDUS45 KPSR 220029
CLIPHX

CLIMATE REPORT
NATIONAL WEATHER SERVICE PHOENIX AZ
528 PM MST THU AUG 21 2014


...................................

...THE PHOENIX AZ CLIMATE SUMMARY FOR AUGUST 21 2014...
VALID TODAY AS OF 0500 PM LOCAL TIME.

CLIMATE NORMAL PERIOD 1981 TO 2010
CLIMATE RECORD PERIOD 1895 TO 2014


WEATHER ITEM   OBSERVED TIME   RECORD YEAR NORMAL DEPARTURE LAST
                VALUE   (LST)  VALUE       VALUE  FROM      YEAR
                                                  NORMAL
..................................................................
TEMPERATURE (F)
 TODAY
  MAXIMUM         90    459 PM 110    2007 104    -14      100
                                      1986
                                      1981
  MINIMUM         83   1248 PM  62    1916  82      1       90
  AVERAGE         87                        93     -6       95

PRECIPITATION (IN)
  TODAY            T             0.72 1921   0.03  -0.03      T
  MONTH TO DATE    0.98                      0.70   0.28     0.01
  SINCE OCT 1      4.85                      7.09  -2.24     5.31
  SINCE JAN 1      2.03                      4.98  -2.95     4.39

SNOWFALL (IN)
  TODAY            0.0
  MONTH TO DATE    0.0
  SINCE JAN 1      0.0
  SINCE JUL 1      0.0
  SNOW DEPTH       0

DEGREE DAYS
 HEATING
  TODAY            0                         0      0        0
  MONTH TO DATE    0                         0      0        0
  SINCE JUN 1      0                         0      0        0
  SINCE JUL 1      0                         0      0        0

 COOLING
  TODAY           22                        28     -6       30
  MONTH TO DATE  567                       606    -39      661
  SINCE JUN 1   2406                      2304    102     2522
  SINCE JAN 1   3481                      3190    291     3620
..................................................................


WIND (MPH)
  HIGHEST WIND SPEED    24   HIGHEST WIND DIRECTION     W (270)
  HIGHEST GUST SPEED    29   HIGHEST GUST DIRECTION    NW (300)
  AVERAGE WIND SPEED     7.2


SKY COVER
  AVERAGE SKY COVER 0.8


WEATHER CONDITIONS
 THE FOLLOWING WEATHER WAS RECORDED TODAY.
  NO SIGNIFICANT WEATHER WAS OBSERVED.


RELATIVE HUMIDITY (PERCENT)
 HIGHEST    51           700 AM
 LOWEST     34           100 AM
 AVERAGE    43

..........................................................


THE PHOENIX AZ CLIMATE NORMALS FOR TOMORROW
                         NORMAL    RECORD    YEAR
 MAXIMUM TEMPERATURE (F)  104       113      2011
 MINIMUM TEMPERATURE (F)   82        65      1917


SUNRISE AND SUNSET
AUGUST 21 2014........SUNRISE   555 AM MST   SUNSET   707 PM MST
AUGUST 22 2014........SUNRISE   555 AM MST   SUNSET   706 PM MST


-  INDICATES NEGATIVE NUMBERS.
R  INDICATES RECORD WAS SET OR TIED.
MM INDICATES DATA IS MISSING.
T  INDICATES TRACE AMOUNT.

$$
