000
CDUS45 KPSR 290833
CLIPHX

CLIMATE REPORT
NATIONAL WEATHER SERVICE PHOENIX AZ
132 AM MST SAT AUG 29 2015


...................................

...THE PHOENIX AZ CLIMATE SUMMARY FOR AUGUST 28 2015...

CLIMATE NORMAL PERIOD 1981 TO 2010
CLIMATE RECORD PERIOD 1895 TO 2015


WEATHER ITEM   OBSERVED TIME   RECORD YEAR NORMAL DEPARTURE LAST
                VALUE   (LST)  VALUE       VALUE  FROM      YEAR
                                                  NORMAL
..................................................................
TEMPERATURE (F)
 YESTERDAY
  MAXIMUM        109    430 PM 113    2009 104      5      106
                                      2005
                                      1998
  MINIMUM         81    522 AM  64    2008  82     -1       83
                                      1920
  AVERAGE         95                        93      2       95

PRECIPITATION (IN)
  YESTERDAY        0.00          0.94 2008   0.03  -0.03     0.00
  MONTH TO DATE    0.79                      0.92  -0.13     1.17
  SINCE OCT 1      5.71                      7.31  -1.60     5.04
  SINCE JAN 1      4.67                      5.20  -0.53     2.22

SNOWFALL (IN)
  YESTERDAY        0.0
  MONTH TO DATE    0.0
  SINCE JAN 1      0.0
  SINCE JUL 1      0.0
  SNOW DEPTH       0

DEGREE DAYS
 HEATING
  YESTERDAY        0                         0      0        0
  MONTH TO DATE    0                         0      0        0
  SINCE JUN 1      0                         0      0        0
  SINCE JUL 1      0                         0      0        0

 COOLING
  YESTERDAY       30                        28      2       30
  MONTH TO DATE  900                       802     98      737
  SINCE JUN 1   2702                      2500    202     2576
  SINCE JAN 1   3727                      3386    341     3651
..................................................................


WIND (MPH)
  HIGHEST WIND SPEED    10   HIGHEST WIND DIRECTION     W (260)
  HIGHEST GUST SPEED    14   HIGHEST GUST DIRECTION     W (270)
  AVERAGE WIND SPEED     4.5


SKY COVER
  AVERAGE SKY COVER 0.4


WEATHER CONDITIONS
 THE FOLLOWING WEATHER WAS RECORDED YESTERDAY.
  NO SIGNIFICANT WEATHER WAS OBSERVED.


RELATIVE HUMIDITY (PERCENT)
 HIGHEST    65          1200 AM
 LOWEST     15           400 PM
 AVERAGE    40

..........................................................


THE PHOENIX AZ CLIMATE NORMALS FOR TODAY
                         NORMAL    RECORD    YEAR
 MAXIMUM TEMPERATURE (F)  104       113      2009
                                             2007
                                             1981
 MINIMUM TEMPERATURE (F)   82        64      1920


SUNRISE AND SUNSET
AUGUST 29 2015........SUNRISE   600 AM MST   SUNSET   657 PM MST
AUGUST 30 2015........SUNRISE   601 AM MST   SUNSET   656 PM MST


-  INDICATES NEGATIVE NUMBERS.
R  INDICATES RECORD WAS SET OR TIED.
MM INDICATES DATA IS MISSING.
T  INDICATES TRACE AMOUNT.

&&
.....................................................................

DEW POINT
  HIGHEST DEW POINT    69
   LOWEST DEW POINT    49
  AVERAGE DEW POINT    60
.....................................................................

$$
