000
CDUS45 KPSR 300835
CLIPHX

CLIMATE REPORT
NATIONAL WEATHER SERVICE PHOENIX AZ
134 AM MST TUE MAY 30 2017


...................................

...THE PHOENIX AZ CLIMATE SUMMARY FOR MAY 29 2017...

CLIMATE NORMAL PERIOD 1981 TO 2010
CLIMATE RECORD PERIOD 1895 TO 2017


WEATHER ITEM   OBSERVED TIME   RECORD YEAR NORMAL DEPARTURE LAST
                VALUE   (LST)  VALUE       VALUE  FROM      YEAR
                                                  NORMAL
..................................................................
TEMPERATURE (F)
 YESTERDAY
  MAXIMUM        104    423 PM 112    1910  99      5       98
  MINIMUM         73    503 AM  50    1918  73      0       72
  AVERAGE         89                        86      3       85

PRECIPITATION (IN)
  YESTERDAY        0.00          0.08 1937   0.00   0.00     0.00
                                      1901
  MONTH TO DATE    0.01                      0.10  -0.09     0.05
  SINCE OCT 1      4.24                      5.31  -1.07     3.04
  SINCE JAN 1      2.41                      3.20  -0.79     1.87

SNOWFALL (IN)
  YESTERDAY        0.0
  MONTH TO DATE    0.0
  SINCE JAN 1      0.0
  SINCE JUL 1      0.0
  SNOW DEPTH       0

DEGREE DAYS
 HEATING
  YESTERDAY        0                         0      0        0
  MONTH TO DATE    0                         0      0        0
  SINCE MAR 1     25                       101    -76       16
  SINCE JUL 1    693                       934   -241      829

 COOLING
  YESTERDAY       24                        21      3       20
  MONTH TO DATE  482                       489     -7      432
  SINCE MAR 1   1006                       827    179      857
  SINCE JAN 1   1026                       844    182      970
..................................................................


WIND (MPH)
  HIGHEST WIND SPEED    15   HIGHEST WIND DIRECTION    NW (310)
  HIGHEST GUST SPEED    22   HIGHEST GUST DIRECTION    NW (330)
  AVERAGE WIND SPEED     6.5


SKY COVER
  AVERAGE SKY COVER 0.5


WEATHER CONDITIONS
 THE FOLLOWING WEATHER WAS RECORDED YESTERDAY.
  NO SIGNIFICANT WEATHER WAS OBSERVED.


RELATIVE HUMIDITY (PERCENT)
 HIGHEST    23           500 AM
 LOWEST      5           200 PM
 AVERAGE    14

..........................................................


THE PHOENIX AZ CLIMATE NORMALS FOR TODAY
                         NORMAL    RECORD    YEAR
 MAXIMUM TEMPERATURE (F)   99       114      1910
 MINIMUM TEMPERATURE (F)   73        51      1918


SUNRISE AND SUNSET
MAY 30 2017...........SUNRISE   520 AM MST   SUNSET   732 PM MST
MAY 31 2017...........SUNRISE   520 AM MST   SUNSET   732 PM MST


-  INDICATES NEGATIVE NUMBERS.
R  INDICATES RECORD WAS SET OR TIED.
MM INDICATES DATA IS MISSING.
T  INDICATES TRACE AMOUNT.

&&
.....................................................................

DEW POINT
  HIGHEST DEW POINT    34
   LOWEST DEW POINT    18
  AVERAGE DEW POINT    25
.....................................................................

$$
