882
CDUS45 KPSR 230812
CLIPHX

CLIMATE REPORT
NATIONAL WEATHER SERVICE PHOENIX AZ
111 AM MST MON JAN 23 2017

...................................

...THE PHOENIX AZ CLIMATE SUMMARY FOR JANUARY 22 2017...

CLIMATE NORMAL PERIOD 1981 TO 2010
CLIMATE RECORD PERIOD 1895 TO 2017


WEATHER ITEM   OBSERVED TIME   RECORD YEAR NORMAL DEPARTURE LAST
                VALUE   (LST)  VALUE       VALUE  FROM      YEAR
                                                  NORMAL
..................................................................
TEMPERATURE (F)
 YESTERDAY
  MAXIMUM         61    451 PM  81    2013  68     -7       76
  MINIMUM         44    236 AM  21    1937  46     -2       45
  AVERAGE         53                        57     -4       61

PRECIPITATION (IN)
  YESTERDAY        0.00          0.35 2004   0.03  -0.03     0.00
  MONTH TO DATE    1.10                      0.66   0.44     1.13
  SINCE OCT 1      2.93                      2.77   0.16     2.30
  SINCE JAN 1      1.10                      0.66   0.44     1.13

SNOWFALL (IN)
  YESTERDAY        0.0
  MONTH TO DATE    0.0
  SINCE JAN 1      0.0
  SINCE JUL 1      0.0
  SNOW DEPTH       0

DEGREE DAYS
 HEATING
  YESTERDAY       12                         8      4        4
  MONTH TO DATE  191                       199     -8      227
  SINCE DEC 1    402                       497    -95      553
  SINCE JUL 1    460                       600   -140      674

 COOLING
  YESTERDAY        0                         0      0        0
  MONTH TO DATE    0                         0      0        0
  SINCE DEC 1      1                         1      0        0
  SINCE JAN 1      0                         0      0        0
..................................................................


WIND (MPH)
  HIGHEST WIND SPEED    12   HIGHEST WIND DIRECTION     E (110)
  HIGHEST GUST SPEED    15   HIGHEST GUST DIRECTION     E (110)
  AVERAGE WIND SPEED     6.9


SKY COVER
  AVERAGE SKY COVER 0.6


WEATHER CONDITIONS
 THE FOLLOWING WEATHER WAS RECORDED YESTERDAY.
  NO SIGNIFICANT WEATHER WAS OBSERVED.


RELATIVE HUMIDITY (PERCENT)
 HIGHEST    83           100 AM
 LOWEST     42           400 PM
 AVERAGE    63

..........................................................


THE PHOENIX AZ CLIMATE NORMALS FOR TODAY
                         NORMAL    RECORD    YEAR
 MAXIMUM TEMPERATURE (F)   68        81      2013
 MINIMUM TEMPERATURE (F)   46        24      1937


SUNRISE AND SUNSET
JANUARY 23 2017.......SUNRISE   729 AM MST   SUNSET   551 PM MST
JANUARY 24 2017.......SUNRISE   729 AM MST   SUNSET   552 PM MST


-  INDICATES NEGATIVE NUMBERS.
R  INDICATES RECORD WAS SET OR TIED.
MM INDICATES DATA IS MISSING.
T  INDICATES TRACE AMOUNT.

&&
.....................................................................

DEW POINT
  HIGHEST DEW POINT    43
   LOWEST DEW POINT    37
  AVERAGE DEW POINT    40
.....................................................................

$$
