000
CDUS43 KILX 220640
CLIPIA


CLIMATE REPORT
NATIONAL WEATHER SERVICE LINCOLN IL
139 AM CDT TUE JUL 22 2014


...................................

...THE PEORIA IL CLIMATE SUMMARY FOR JULY 21 2014...

CLIMATE NORMAL PERIOD 1981 TO 2010
CLIMATE RECORD PERIOD 1883 TO 2014


WEATHER ITEM   OBSERVED TIME   RECORD YEAR NORMAL DEPARTURE LAST
                VALUE   (LST)  VALUE       VALUE  FROM      YEAR
                                                  NORMAL
..................................................................
TEMPERATURE (F)
 YESTERDAY
  MAXIMUM         87    323 PM 105    1901  86      1       81
  MINIMUM         66    541 AM  51    1970  66      0       67
                                      1944
  AVERAGE         77                        76      1       74

PRECIPITATION (IN)
  YESTERDAY        0.00          2.30 1912   0.13  -0.13     0.10
  MONTH TO DATE    1.15                      2.66  -1.51     0.51
  SINCE JUN 1     10.82                      6.19   4.63     2.70
  SINCE JAN 1     22.80                     20.52   2.28    30.22

SNOWFALL (IN)
  YESTERDAY        0.0           0.0    MM   0.0    0.0      0.0
  MONTH TO DATE    0.0                       0.0    0.0      0.0
  SINCE JUN 1      0.0                       0.0    0.0      0.0
  SINCE JUL 1      0.0                       0.0    0.0      0.0
  SNOW DEPTH       0

DEGREE DAYS
 HEATING
  YESTERDAY        0                         0      0        0
  MONTH TO DATE    2                         0      2        0
  SINCE JUN 1      2                        18    -16       18
  SINCE JUL 1      2                         0      2        0

 COOLING
  YESTERDAY       12                        11      1        9
  MONTH TO DATE  155                       229    -74      259
  SINCE JUN 1    447                       451     -4      482
  SINCE JAN 1    605                       532     73      589
..................................................................


WIND (MPH)
  HIGHEST WIND SPEED    15   HIGHEST WIND DIRECTION     S (200)
  HIGHEST GUST SPEED    23   HIGHEST GUST DIRECTION    NW (310)
  AVERAGE WIND SPEED     7.0


SKY COVER
  POSSIBLE SUNSHINE  MM
  AVERAGE SKY COVER 0.1


WEATHER CONDITIONS
 THE FOLLOWING WEATHER WAS RECORDED YESTERDAY.
  NO SIGNIFICANT WEATHER WAS OBSERVED.


RELATIVE HUMIDITY (PERCENT)
 HIGHEST    81           100 AM
 LOWEST     50           200 PM
 AVERAGE    66

..........................................................


THE PEORIA IL CLIMATE NORMALS FOR TODAY
                         NORMAL    RECORD    YEAR
 MAXIMUM TEMPERATURE (F)   86       105      1901
 MINIMUM TEMPERATURE (F)   65        48      1947


SUNRISE AND SUNSET
JULY 22 2014..........SUNRISE   546 AM CDT   SUNSET   824 PM CDT
JULY 23 2014..........SUNRISE   547 AM CDT   SUNSET   823 PM CDT


-  INDICATES NEGATIVE NUMBERS.
R  INDICATES RECORD WAS SET OR TIED.
MM INDICATES DATA IS MISSING.
T  INDICATES TRACE AMOUNT.




$$
