000
CDUS43 KILX 262155
CLIPIA


CLIMATE REPORT
NATIONAL WEATHER SERVICE LINCOLN IL
443 PM CDT TUE JUL 26 2016


...................................

...THE PEORIA IL CLIMATE SUMMARY FOR JULY 26 2016...
VALID TODAY AS OF 0400 PM LOCAL TIME.

CLIMATE NORMAL PERIOD 1981 TO 2010
CLIMATE RECORD PERIOD 1883 TO 2016


WEATHER ITEM   OBSERVED TIME   RECORD YEAR NORMAL DEPARTURE LAST
                VALUE   (LST)  VALUE       VALUE  FROM      YEAR
                                                  NORMAL
..................................................................
TEMPERATURE (F)
 TODAY
  MAXIMUM         88   1225 PM 105    1936  85      3       88
  MINIMUM         68    509 AM  46    1911  65      3       74
  AVERAGE         78                        75      3       81

PRECIPITATION (IN)
  TODAY            0.00          1.75 1895   0.12  -0.12      T
  MONTH TO DATE    5.01                      3.26   1.75     5.40
  SINCE JUN 1      8.45                      6.79   1.66    17.00
  SINCE JAN 1     17.56                     21.12  -3.56    29.77

SNOWFALL (IN)
  TODAY            0.0           0.0    MM   0.0    0.0      0.0
  MONTH TO DATE    0.0                       0.0    0.0      0.0
  SINCE JUN 1      0.0                       0.0    0.0      0.0
  SINCE JUL 1      0.0                       0.0    0.0      0.0
  SNOW DEPTH       0

DEGREE DAYS
 HEATING
  TODAY            0                         0      0        0
  MONTH TO DATE    4                         0      4        5
  SINCE JUN 1      4                        18    -14       12
  SINCE JUL 1      4                         0      4        5

 COOLING
  TODAY           13                        10      3       16
  MONTH TO DATE  305                       279     26      291
  SINCE JUN 1    632                       501    131      579
  SINCE JAN 1    738                       582    156      733
..................................................................


WIND (MPH)
  HIGHEST WIND SPEED    10   HIGHEST WIND DIRECTION     E (80)
  HIGHEST GUST SPEED    14   HIGHEST GUST DIRECTION     E (80)
  AVERAGE WIND SPEED     2.4


SKY COVER
  POSSIBLE SUNSHINE  MM
  AVERAGE SKY COVER 0.2


WEATHER CONDITIONS
 THE FOLLOWING WEATHER WAS RECORDED TODAY.
  NO SIGNIFICANT WEATHER WAS OBSERVED.


RELATIVE HUMIDITY (PERCENT)
 HIGHEST    97           200 AM
 LOWEST     50           100 PM
 AVERAGE    74

..........................................................


THE PEORIA IL CLIMATE NORMALS FOR TOMORROW
                         NORMAL    RECORD    YEAR
 MAXIMUM TEMPERATURE (F)   85       107      1930
 MINIMUM TEMPERATURE (F)   65        47      1962


SUNRISE AND SUNSET
JULY 26 2016..........SUNRISE   550 AM CDT   SUNSET   820 PM CDT
JULY 27 2016..........SUNRISE   551 AM CDT   SUNSET   819 PM CDT


-  INDICATES NEGATIVE NUMBERS.
R  INDICATES RECORD WAS SET OR TIED.
MM INDICATES DATA IS MISSING.
T  INDICATES TRACE AMOUNT.




$$
