000
CDUS43 KILX 240644
CLIPIA


CLIMATE REPORT
NATIONAL WEATHER SERVICE LINCOLN IL
143 AM CDT TUE OCT 24 2017


...................................

...THE PEORIA IL CLIMATE SUMMARY FOR OCTOBER 23 2017...

CLIMATE NORMAL PERIOD 1981 TO 2010
CLIMATE RECORD PERIOD 1883 TO 2017


WEATHER ITEM   OBSERVED TIME   RECORD YEAR NORMAL DEPARTURE LAST
                VALUE   (LST)  VALUE       VALUE  FROM      YEAR
                                                  NORMAL
..................................................................
TEMPERATURE (F)
 YESTERDAY
  MAXIMUM         64    342 PM  84    1899  62      2       75
  MINIMUM         49   1124 PM  23    1981  42      7       45
  AVERAGE         57                        52      5       60

PRECIPITATION (IN)
  YESTERDAY        0.03          1.96 1957   0.10  -0.07     0.00
  MONTH TO DATE    5.12                      2.06   3.06     3.68
  SINCE SEP 1      5.66                      5.21   0.45     7.75
  SINCE JAN 1     31.39                     30.16   1.23    32.76

SNOWFALL (IN)
  YESTERDAY        0.0           3.3  1929   0.0    0.0      0.0
  MONTH TO DATE    0.0                       0.0    0.0      0.0
  SINCE SEP 1      0.0                       0.0    0.0      0.0
  SINCE JUL 1      0.0                       0.0    0.0      0.0
  SNOW DEPTH       0

DEGREE DAYS
 HEATING
  YESTERDAY        8                        14     -6        5
  MONTH TO DATE   69                       237   -168      124
  SINCE SEP 1    102                       321   -219      143
  SINCE JUL 1    102                       327   -225      147

 COOLING
  YESTERDAY        0                         0      0        0
  MONTH TO DATE   48                        12     36       44
  SINCE SEP 1    231                       129    102      256
  SINCE JAN 1   1157                      1036    121     1413
..................................................................


WIND (MPH)
  HIGHEST WIND SPEED    18   HIGHEST WIND DIRECTION    NW (300)
  HIGHEST GUST SPEED    30   HIGHEST GUST DIRECTION    NW (310)
  AVERAGE WIND SPEED     7.2


SKY COVER
  POSSIBLE SUNSHINE  MM
  AVERAGE SKY COVER 0.6


WEATHER CONDITIONS
 THE FOLLOWING WEATHER WAS RECORDED YESTERDAY.
  LIGHT RAIN


RELATIVE HUMIDITY (PERCENT)
 HIGHEST    93           300 AM
 LOWEST     51           300 PM
 AVERAGE    72

..........................................................


THE PEORIA IL CLIMATE NORMALS FOR TODAY
                         NORMAL    RECORD    YEAR
 MAXIMUM TEMPERATURE (F)   61        81      1963
 MINIMUM TEMPERATURE (F)   41        22      1981


SUNRISE AND SUNSET
OCTOBER 24 2017.......SUNRISE   720 AM CDT   SUNSET   605 PM CDT
OCTOBER 25 2017.......SUNRISE   721 AM CDT   SUNSET   604 PM CDT


-  INDICATES NEGATIVE NUMBERS.
R  INDICATES RECORD WAS SET OR TIED.
MM INDICATES DATA IS MISSING.
T  INDICATES TRACE AMOUNT.




$$
