000
CDUS43 KILX 092227
CLIPIA


CLIMATE REPORT
NATIONAL WEATHER SERVICE LINCOLN IL
427 PM CST FRI DEC 9 2016


...................................

...THE PEORIA IL CLIMATE SUMMARY FOR DECEMBER 9 2016...
VALID TODAY AS OF 0400 PM LOCAL TIME.

CLIMATE NORMAL PERIOD 1981 TO 2010
CLIMATE RECORD PERIOD 1883 TO 2016


WEATHER ITEM   OBSERVED TIME   RECORD YEAR NORMAL DEPARTURE LAST
                VALUE   (LST)  VALUE       VALUE  FROM      YEAR
                                                  NORMAL
..................................................................
TEMPERATURE (F)
 TODAY
  MAXIMUM         27   1053 AM  67    1918  38    -11       57
  MINIMUM         20    737 AM -10    1958  23     -3       39
  AVERAGE         24                        30     -6       48

PRECIPITATION (IN)
  TODAY            T             0.53 1997   0.09  -0.09     0.00
  MONTH TO DATE    0.41                      0.82  -0.41     0.22
  SINCE DEC 1      0.41                      0.82  -0.41     0.22
  SINCE JAN 1     36.43                     34.89   1.54    43.89

SNOWFALL (IN)
  TODAY            T             5.7  1997   0.2   -0.2      0.0
  MONTH TO DATE    4.2                       1.7    2.5      1.1
  SINCE DEC 1      4.2                       1.7    2.5      1.1
  SINCE JUL 1      4.2                       2.8    1.4      5.7
  SNOW DEPTH       0

DEGREE DAYS
 HEATING
  TODAY           41                        35      6       17
  MONTH TO DATE  299                       298      1      229
  SINCE DEC 1    299                       298      1      229
  SINCE JUL 1   1037                      1446   -409      986

 COOLING
  TODAY            0                         0      0        0
  MONTH TO DATE    0                         0      0        0
  SINCE DEC 1      0                         0      0        0
  SINCE JAN 1   1423                      1039    384     1419
..................................................................


WIND (MPH)
  HIGHEST WIND SPEED    13   HIGHEST WIND DIRECTION     W (260)
  HIGHEST GUST SPEED    17   HIGHEST GUST DIRECTION     W (290)
  AVERAGE WIND SPEED     8.0


SKY COVER
  POSSIBLE SUNSHINE  MM
  AVERAGE SKY COVER 0.9


WEATHER CONDITIONS
 THE FOLLOWING WEATHER WAS RECORDED TODAY.
  NO SIGNIFICANT WEATHER WAS OBSERVED.


RELATIVE HUMIDITY (PERCENT)
 HIGHEST    77          1200 AM
 LOWEST     55           200 PM
 AVERAGE    66

..........................................................


THE PEORIA IL CLIMATE NORMALS FOR TOMORROW
                         NORMAL    RECORD    YEAR
 MAXIMUM TEMPERATURE (F)   37        64      1889
 MINIMUM TEMPERATURE (F)   22       -10      1977


SUNRISE AND SUNSET
DECEMBER  9 2016......SUNRISE   711 AM CST   SUNSET   431 PM CST
DECEMBER 10 2016......SUNRISE   712 AM CST   SUNSET   431 PM CST


-  INDICATES NEGATIVE NUMBERS.
R  INDICATES RECORD WAS SET OR TIED.
MM INDICATES DATA IS MISSING.
T  INDICATES TRACE AMOUNT.




$$
