000
CDUS43 KILX 200650
CLIPIA


CLIMATE REPORT
NATIONAL WEATHER SERVICE LINCOLN IL
1241 AM CST SAT DEC 20 2014


...................................

...THE PEORIA IL CLIMATE SUMMARY FOR DECEMBER 19 2014...

CLIMATE NORMAL PERIOD 1981 TO 2010
CLIMATE RECORD PERIOD 1883 TO 2014


WEATHER ITEM   OBSERVED TIME   RECORD YEAR NORMAL DEPARTURE LAST
                VALUE   (LST)  VALUE       VALUE  FROM      YEAR
                                                  NORMAL
..................................................................
TEMPERATURE (F)
 YESTERDAY
  MAXIMUM         36    201 PM  61    1988  35      1       43
  MINIMUM         18    741 AM -15    1983  20     -2       32
  AVERAGE         27                        27      0       38

PRECIPITATION (IN)
  YESTERDAY        0.00          1.75 1895   0.07  -0.07     0.01
  MONTH TO DATE    0.55                      1.60  -1.05     0.77
  SINCE DEC 1      0.55                      1.60  -1.05     0.77
  SINCE JAN 1     39.09                     35.67   3.42    42.84

SNOWFALL (IN)
  YESTERDAY        0.0           7.0  1973   0.3   -0.3      0.0
  MONTH TO DATE    T                         4.1   -4.1      7.7
  SINCE DEC 1      T                         4.1   -4.1      7.7
  SINCE JUL 1      1.3                       5.2   -3.9      8.3
  SNOW DEPTH       T

DEGREE DAYS
 HEATING
  YESTERDAY       38                        38      0       27
  MONTH TO DATE  601                       663    -62      753
  SINCE DEC 1    601                       663    -62      753
  SINCE JUL 1   1842                      1811     31     1935

 COOLING
  YESTERDAY        0                         0      0        0
  MONTH TO DATE    0                         0      0        0
  SINCE DEC 1      0                         0      0        0
  SINCE JAN 1   1156                      1039    117     1174
..................................................................


WIND (MPH)
  HIGHEST WIND SPEED     8   HIGHEST WIND DIRECTION    SW (230)
  HIGHEST GUST SPEED    10   HIGHEST GUST DIRECTION    SW (230)
  AVERAGE WIND SPEED     1.2


SKY COVER
  POSSIBLE SUNSHINE  MM
  AVERAGE SKY COVER 0.2


WEATHER CONDITIONS
 THE FOLLOWING WEATHER WAS RECORDED YESTERDAY.
  FOG
  HAZE


RELATIVE HUMIDITY (PERCENT)
 HIGHEST    84           100 AM
 LOWEST     52           200 PM
 AVERAGE    68

..........................................................


THE PEORIA IL CLIMATE NORMALS FOR TODAY
                         NORMAL    RECORD    YEAR
 MAXIMUM TEMPERATURE (F)   35        62      1949
 MINIMUM TEMPERATURE (F)   20       -12      1989


SUNRISE AND SUNSET
DECEMBER 20 2014......SUNRISE   719 AM CST   SUNSET   434 PM CST
DECEMBER 21 2014......SUNRISE   719 AM CST   SUNSET   435 PM CST


-  INDICATES NEGATIVE NUMBERS.
R  INDICATES RECORD WAS SET OR TIED.
MM INDICATES DATA IS MISSING.
T  INDICATES TRACE AMOUNT.




$$
