000
CDUS45 KPIH 180731
CLIPIH


CLIMATE REPORT
NATIONAL WEATHER SERVICE POCATELLO ID
130 AM MDT FRI APR 18 2014


...................................

...THE POCATELLO ID CLIMATE SUMMARY FOR APRIL 17 2014...

CLIMATE NORMAL PERIOD 1981 TO 2010
CLIMATE RECORD PERIOD 1939 TO 2014


WEATHER ITEM   OBSERVED TIME   RECORD YEAR NORMAL DEPARTURE LAST
                VALUE   (LST)  VALUE       VALUE  FROM      YEAR
                                                  NORMAL
..................................................................
TEMPERATURE (F)
 YESTERDAY
  MAXIMUM         68    521 PM  83    1994  59      9       46
  MINIMUM         29    606 AM  18    2013  33     -4       18
  AVERAGE         49                        46      3       32

PRECIPITATION (IN)
  YESTERDAY        T             0.48 2006   0.04  -0.04     0.00
  MONTH TO DATE    0.38                      0.61  -0.23     0.31
  SINCE OCT 1      5.75                      7.05  -1.30     6.27
  SINCE JAN 1      4.38                      3.83   0.55     2.11

SNOWFALL (IN)
  YESTERDAY       MM
  MONTH TO DATE    3.3
  SINCE MAR 1     10.5
  SINCE JUL 1     29.4
  SNOW DEPTH       0

DEGREE DAYS
 HEATING
  YESTERDAY       16                        19     -3       33
  MONTH TO DATE  329                       356    -27      372
  SINCE MAR 1   1060                      1195   -135     1163
  SINCE JUL 1   6040                      6468   -428     6274

 COOLING
  YESTERDAY        0                         0      0        0
  MONTH TO DATE    0                         0      0        0
  SINCE MAR 1      0                         0      0        0
  SINCE JAN 1      0                         0      0        0
..................................................................


WIND (MPH)
  HIGHEST WIND SPEED    32   HIGHEST WIND DIRECTION     W (260)
  HIGHEST GUST SPEED    39   HIGHEST GUST DIRECTION    SW (240)
  AVERAGE WIND SPEED    11.3


SKY COVER
  POSSIBLE SUNSHINE  MM
  AVERAGE SKY COVER 0.1


WEATHER CONDITIONS
 THE FOLLOWING WEATHER WAS RECORDED YESTERDAY.
  LIGHT RAIN


RELATIVE HUMIDITY (PERCENT)
 HIGHEST    63           600 AM
 LOWEST     17           400 PM
 AVERAGE    40

..........................................................


THE POCATELLO ID CLIMATE NORMALS FOR TODAY
                         NORMAL    RECORD    YEAR
 MAXIMUM TEMPERATURE (F)   59        84      1994
 MINIMUM TEMPERATURE (F)   33        13      2013


SUNRISE AND SUNSET
APRIL 18 2014.........SUNRISE   644 AM MDT   SUNSET   816 PM MDT
APRIL 19 2014.........SUNRISE   642 AM MDT   SUNSET   818 PM MDT


-  INDICATES NEGATIVE NUMBERS.
R  INDICATES RECORD WAS SET OR TIED.
MM INDICATES DATA IS MISSING.
T  INDICATES TRACE AMOUNT.




$$
