000
CDUS45 KPIH 280809
CLIPIH


CLIMATE REPORT
NATIONAL WEATHER SERVICE POCATELLO ID
206 AM MDT TUE JUL 28 2015


...................................

...THE POCATELLO ID CLIMATE SUMMARY FOR JULY 27 2015...

CLIMATE NORMAL PERIOD 1981 TO 2010
CLIMATE RECORD PERIOD 1939 TO 2015


WEATHER ITEM   OBSERVED TIME   RECORD YEAR NORMAL DEPARTURE LAST
                VALUE   (LST)  VALUE       VALUE  FROM      YEAR
                                                  NORMAL
..................................................................
TEMPERATURE (F)
 YESTERDAY
  MAXIMUM         69    440 PM 100    1969  90    -21       98
  MINIMUM         44   1135 PM  41    2005  53     -9       46
  AVERAGE         57                        71    -14       72

PRECIPITATION (IN)
  YESTERDAY        0.19          0.94 1984   0.03   0.16     0.00
  MONTH TO DATE    1.38                      0.56   0.82     0.32
  SINCE OCT 1      8.68                     10.60  -1.92     7.83
  SINCE JAN 1      6.29                      7.38  -1.09     6.46

SNOWFALL (IN)
  YESTERDAY        0.0
  MONTH TO DATE    0.0
  SINCE JUN 1      0.0
  SINCE JUL 1      0.0
  SNOW DEPTH       0

DEGREE DAYS
 HEATING
  YESTERDAY        8                         0      8        0
  MONTH TO DATE   10                        17     -7        2
  SINCE JUN 1     38                       148   -110      112
  SINCE JUL 1     10                        17     -7        2

 COOLING
  YESTERDAY        0                         7     -7        7
  MONTH TO DATE  155                       144     11      224
  SINCE JUN 1    290                       190    100      244
  SINCE JAN 1    294                       195     99      244
..................................................................


WIND (MPH)
  HIGHEST WIND SPEED    35   HIGHEST WIND DIRECTION    SW (240)
  HIGHEST GUST SPEED    43   HIGHEST GUST DIRECTION     W (250)
  AVERAGE WIND SPEED    17.8


SKY COVER
  POSSIBLE SUNSHINE  MM
  AVERAGE SKY COVER 0.3


WEATHER CONDITIONS
 THE FOLLOWING WEATHER WAS RECORDED YESTERDAY.
  THUNDERSTORM
  RAIN
  LIGHT RAIN


RELATIVE HUMIDITY (PERCENT)
 HIGHEST    93          1000 PM
 LOWEST     26           500 PM
 AVERAGE    60

..........................................................


THE POCATELLO ID CLIMATE NORMALS FOR TODAY
                         NORMAL    RECORD    YEAR
 MAXIMUM TEMPERATURE (F)   90       100      2006
 MINIMUM TEMPERATURE (F)   53        43      1993


SUNRISE AND SUNSET
JULY 28 2015..........SUNRISE   617 AM MDT   SUNSET   856 PM MDT
JULY 29 2015..........SUNRISE   618 AM MDT   SUNSET   855 PM MDT


-  INDICATES NEGATIVE NUMBERS.
R  INDICATES RECORD WAS SET OR TIED.
MM INDICATES DATA IS MISSING.
T  INDICATES TRACE AMOUNT.




$$
