000
CDUS45 KPIH 170732
CLIPIH


CLIMATE REPORT
NATIONAL WEATHER SERVICE POCATELLO ID
1230 AM MST WED DEC 17 2014


...................................

...THE POCATELLO ID CLIMATE SUMMARY FOR DECEMBER 16 2014...

CLIMATE NORMAL PERIOD 1981 TO 2010
CLIMATE RECORD PERIOD 1939 TO 2014


WEATHER ITEM   OBSERVED TIME   RECORD YEAR NORMAL DEPARTURE LAST
                VALUE   (LST)  VALUE       VALUE  FROM      YEAR
                                                  NORMAL
..................................................................
TEMPERATURE (F)
 YESTERDAY
  MAXIMUM         40    202 PM  62    1939  32      8       32
  MINIMUM         26    748 AM  -8    1985  16     10        1
  AVERAGE         33                        24      9       17

PRECIPITATION (IN)
  YESTERDAY        0.02          0.18 1984   0.04  -0.02     0.00
  MONTH TO DATE    0.32                      0.67  -0.35     0.33
  SINCE OCT 1      1.94                      2.65  -0.71     1.27
  SINCE JAN 1     12.20                     11.56   0.64     6.07

SNOWFALL (IN)
  YESTERDAY        0.1
  MONTH TO DATE    1.2
  SINCE DEC 1      1.2
  SINCE JUL 1      5.8
  SNOW DEPTH       T

DEGREE DAYS
 HEATING
  YESTERDAY       32                        41     -9       48
  MONTH TO DATE  419                       635   -216      805
  SINCE DEC 1    419                       635   -216      805
  SINCE JUL 1   1946                      2363   -417     2417

 COOLING
  YESTERDAY        0                         0      0        0
  MONTH TO DATE    0                         0      0        0
  SINCE DEC 1      0                         0      0        0
  SINCE JAN 1    421                       392     29      688
..................................................................


WIND (MPH)
  HIGHEST WIND SPEED    17   HIGHEST WIND DIRECTION     S (190)
  HIGHEST GUST SPEED    20   HIGHEST GUST DIRECTION     S (180)
  AVERAGE WIND SPEED     3.9


SKY COVER
  POSSIBLE SUNSHINE  MM
  AVERAGE SKY COVER 0.9


WEATHER CONDITIONS
 THE FOLLOWING WEATHER WAS RECORDED YESTERDAY.
  MIXED PRECIP
  LIGHT RAIN
  SNOW
  LIGHT SNOW
  FOG


RELATIVE HUMIDITY (PERCENT)
 HIGHEST   100           400 AM
 LOWEST     70           200 PM
 AVERAGE    85

..........................................................


THE POCATELLO ID CLIMATE NORMALS FOR TODAY
                         NORMAL    RECORD    YEAR
 MAXIMUM TEMPERATURE (F)   32        55      1939
 MINIMUM TEMPERATURE (F)   16       -15      1964


SUNRISE AND SUNSET
DECEMBER 17 2014......SUNRISE   756 AM MST   SUNSET   457 PM MST
DECEMBER 18 2014......SUNRISE   756 AM MST   SUNSET   458 PM MST


-  INDICATES NEGATIVE NUMBERS.
R  INDICATES RECORD WAS SET OR TIED.
MM INDICATES DATA IS MISSING.
T  INDICATES TRACE AMOUNT.




$$
