000
CDUS45 KPIH 210735
CLIPIH


CLIMATE REPORT
NATIONAL WEATHER SERVICE POCATELLO ID
133 AM MDT THU AUG 21 2014


...................................

...THE POCATELLO ID CLIMATE SUMMARY FOR AUGUST 20 2014...

CLIMATE NORMAL PERIOD 1981 TO 2010
CLIMATE RECORD PERIOD 1939 TO 2014


WEATHER ITEM   OBSERVED TIME   RECORD YEAR NORMAL DEPARTURE LAST
                VALUE   (LST)  VALUE       VALUE  FROM      YEAR
                                                  NORMAL
..................................................................
TEMPERATURE (F)
 YESTERDAY
  MAXIMUM         83    216 PM  96    1997  87     -4       95
  MINIMUM         51    618 AM  35    1964  50      1       58
  AVERAGE         67                        68     -1       77

PRECIPITATION (IN)
  YESTERDAY        0.07          0.62 1993   0.02   0.05     0.00
  MONTH TO DATE    1.53                      0.37   1.16     0.01
  SINCE OCT 1      9.50                     11.05  -1.55     7.99
  SINCE JAN 1      8.13                      7.83   0.30     3.83

SNOWFALL (IN)
  YESTERDAY        0.0
  MONTH TO DATE    0.0
  SINCE JUN 1      0.0
  SINCE JUL 1      0.0
  SNOW DEPTH       0

DEGREE DAYS
 HEATING
  YESTERDAY        0                         1     -1        0
  MONTH TO DATE    1                         7     -6        0
  SINCE JUN 1    113                       158    -45       90
  SINCE JUL 1      3                        27    -24        0

 COOLING
  YESTERDAY        2                         4     -2       12
  MONTH TO DATE  106                       110     -4      154
  SINCE JUN 1    373                       328     45      539
  SINCE JAN 1    373                       333     40      548
..................................................................


WIND (MPH)
  HIGHEST WIND SPEED    26   HIGHEST WIND DIRECTION     S (200)
  HIGHEST GUST SPEED    35   HIGHEST GUST DIRECTION     S (200)
  AVERAGE WIND SPEED     7.0


SKY COVER
  POSSIBLE SUNSHINE  MM
  AVERAGE SKY COVER 0.2


WEATHER CONDITIONS
 THE FOLLOWING WEATHER WAS RECORDED YESTERDAY.
  THUNDERSTORM
  LIGHT RAIN


RELATIVE HUMIDITY (PERCENT)
 HIGHEST   100           300 AM
 LOWEST     28           200 PM
 AVERAGE    64

..........................................................


THE POCATELLO ID CLIMATE NORMALS FOR TODAY
                         NORMAL    RECORD    YEAR
 MAXIMUM TEMPERATURE (F)   86        98      2009
 MINIMUM TEMPERATURE (F)   50        37      1974
                                             1966


SUNRISE AND SUNSET
AUGUST 21 2014........SUNRISE   643 AM MDT   SUNSET   823 PM MDT
AUGUST 22 2014........SUNRISE   644 AM MDT   SUNSET   822 PM MDT


-  INDICATES NEGATIVE NUMBERS.
R  INDICATES RECORD WAS SET OR TIED.
MM INDICATES DATA IS MISSING.
T  INDICATES TRACE AMOUNT.




$$
