000
CDUS45 KPIH 170750
CLIPIH


CLIMATE REPORT
NATIONAL WEATHER SERVICE POCATELLO ID
1249 AM MST SAT FEB 17 2018


...................................

...THE POCATELLO ID CLIMATE SUMMARY FOR FEBRUARY 16 2018...

CLIMATE NORMAL PERIOD 1981 TO 2010
CLIMATE RECORD PERIOD 1939 TO 2018


WEATHER ITEM   OBSERVED TIME   RECORD YEAR NORMAL DEPARTURE LAST
                VALUE   (LST)  VALUE       VALUE  FROM      YEAR
                                                  NORMAL
..................................................................
TEMPERATURE (F)
 YESTERDAY
  MAXIMUM         34    620 PM  56    2017  38     -4       56
                                      2016
                                      1994
  MINIMUM         23    446 AM  -7    1993  19      4       23
  AVERAGE         29                        28      1       40

PRECIPITATION (IN)
  YESTERDAY        T             0.38 1984   0.03  -0.03     0.06
  MONTH TO DATE    0.18                      0.51  -0.33     1.36
  SINCE OCT 1      3.68                      4.72  -1.04    10.77
  SINCE JAN 1      0.89                      1.50  -0.61     4.21

SNOWFALL (IN)
  YESTERDAY        T
  MONTH TO DATE    2.5
  SINCE DEC 1     15.6
  SINCE JUL 1     16.6
  SNOW DEPTH       1

DEGREE DAYS
 HEATING
  YESTERDAY       36                        37     -1       25
  MONTH TO DATE  430                       614   -184      495
  SINCE DEC 1   2587                      3133   -546     3393
  SINCE JUL 1   4221                      4861   -640     4828

 COOLING
  YESTERDAY        0                         0      0        0
  MONTH TO DATE    0                         0      0        0
  SINCE DEC 1      0                         0      0        0
  SINCE JAN 1      0                         0      0        0
..................................................................


WIND (MPH)
  HIGHEST WIND SPEED    32   HIGHEST WIND DIRECTION    SW (230)
  HIGHEST GUST SPEED    38   HIGHEST GUST DIRECTION    SW (220)
  AVERAGE WIND SPEED    15.5


SKY COVER
  POSSIBLE SUNSHINE  MM
  AVERAGE SKY COVER 0.5


WEATHER CONDITIONS
 THE FOLLOWING WEATHER WAS RECORDED YESTERDAY.
  NO SIGNIFICANT WEATHER WAS OBSERVED.


RELATIVE HUMIDITY (PERCENT)
 HIGHEST    72           400 PM
 LOWEST     51          1200 PM
 AVERAGE    62

..........................................................


THE POCATELLO ID CLIMATE NORMALS FOR TODAY
                         NORMAL    RECORD    YEAR
 MAXIMUM TEMPERATURE (F)   38        59      1948
 MINIMUM TEMPERATURE (F)   20       -20      1942


SUNRISE AND SUNSET
FEBRUARY 17 2018......SUNRISE   725 AM MST   SUNSET   605 PM MST
FEBRUARY 18 2018......SUNRISE   723 AM MST   SUNSET   606 PM MST


-  INDICATES NEGATIVE NUMBERS.
R  INDICATES RECORD WAS SET OR TIED.
MM INDICATES DATA IS MISSING.
T  INDICATES TRACE AMOUNT.




$$
