000
CDUS45 KPIH 050750
CLIPIH


CLIMATE REPORT
NATIONAL WEATHER SERVICE POCATELLO ID
1247 AM MST MON DEC 5 2016


...................................

...THE POCATELLO ID CLIMATE SUMMARY FOR DECEMBER 4 2016...

CLIMATE NORMAL PERIOD 1981 TO 2010
CLIMATE RECORD PERIOD 1939 TO 2016


WEATHER ITEM   OBSERVED TIME   RECORD YEAR NORMAL DEPARTURE LAST
                VALUE   (LST)  VALUE       VALUE  FROM      YEAR
                                                  NORMAL
..................................................................
TEMPERATURE (F)
 YESTERDAY
  MAXIMUM         40    626 PM  57    1946  35      5       42
  MINIMUM         33   1159 PM -22    1992  18     15       22
  AVERAGE         37                        26     11       32

PRECIPITATION (IN)
  YESTERDAY        0.03          0.43 1983   0.04  -0.01     0.00
  MONTH TO DATE    0.12                      0.17  -0.05     0.00
  SINCE OCT 1      3.82                      2.15   1.67     2.63
  SINCE JAN 1     13.50                     11.06   2.44    10.37

SNOWFALL (IN)
  YESTERDAY        0.2
  MONTH TO DATE    1.5
  SINCE DEC 1      1.5
  SINCE JUL 1      4.1
  SNOW DEPTH       2

DEGREE DAYS
 HEATING
  YESTERDAY       28                        39    -11       33
  MONTH TO DATE  140                       153    -13      179
  SINCE DEC 1    140                       153    -13      179
  SINCE JUL 1   1575                      1881   -306     1623

 COOLING
  YESTERDAY        0                         0      0        0
  MONTH TO DATE    0                         0      0        0
  SINCE DEC 1      0                         0      0        0
  SINCE JAN 1    416                       392     24      502
..................................................................


WIND (MPH)
  HIGHEST WIND SPEED    33   HIGHEST WIND DIRECTION    SW (230)
  HIGHEST GUST SPEED    42   HIGHEST GUST DIRECTION     S (180)
  AVERAGE WIND SPEED    20.7


SKY COVER
  POSSIBLE SUNSHINE  MM
  AVERAGE SKY COVER 0.9


WEATHER CONDITIONS
 THE FOLLOWING WEATHER WAS RECORDED YESTERDAY.
  LIGHT RAIN
  LIGHT SNOW
  FOG


RELATIVE HUMIDITY (PERCENT)
 HIGHEST    92           900 PM
 LOWEST     48          1100 AM
 AVERAGE    70

..........................................................


THE POCATELLO ID CLIMATE NORMALS FOR TODAY
                         NORMAL    RECORD    YEAR
 MAXIMUM TEMPERATURE (F)   35        57      1940
                                             1939
 MINIMUM TEMPERATURE (F)   18       -25      1972


SUNRISE AND SUNSET
DECEMBER  5 2016......SUNRISE   746 AM MST   SUNSET   456 PM MST
DECEMBER  6 2016......SUNRISE   747 AM MST   SUNSET   456 PM MST


-  INDICATES NEGATIVE NUMBERS.
R  INDICATES RECORD WAS SET OR TIED.
MM INDICATES DATA IS MISSING.
T  INDICATES TRACE AMOUNT.




$$
