000
CDUS45 KPIH 020733
CLIPIH


CLIMATE REPORT
NATIONAL WEATHER SERVICE POCATELLO ID
131 AM MDT THU JUL 2 2015


...................................

...THE POCATELLO ID CLIMATE SUMMARY FOR JULY 1 2015...

CLIMATE NORMAL PERIOD 1981 TO 2010
CLIMATE RECORD PERIOD 1939 TO 2015


WEATHER ITEM   OBSERVED TIME   RECORD YEAR NORMAL DEPARTURE LAST
                VALUE   (LST)  VALUE       VALUE  FROM      YEAR
                                                  NORMAL
..................................................................
TEMPERATURE (F)
 YESTERDAY
  MAXIMUM         96    516 PM 101    2013  84     12       87
  MINIMUM         61    530 AM  36    1945  50     11       39
  AVERAGE         79                        67     12       63

PRECIPITATION (IN)
  YESTERDAY        0.00          0.22 1980   0.02  -0.02     0.00
  MONTH TO DATE    0.00                      0.02  -0.02     0.00
  SINCE OCT 1      7.30                     10.06  -2.76     7.51
  SINCE JAN 1      4.91                      6.84  -1.93     6.14

SNOWFALL (IN)
  YESTERDAY        0.0
  MONTH TO DATE    0.0
  SINCE JUN 1      0.0
  SINCE JUL 1      0.0
  SNOW DEPTH       0

DEGREE DAYS
 HEATING
  YESTERDAY        0                         2     -2        2
  MONTH TO DATE    0                         2     -2        2
  SINCE JUN 1     28                       133   -105      112
  SINCE JUL 1      0                         2     -2        2

 COOLING
  YESTERDAY       14                         3     11        0
  MONTH TO DATE   14                         3     11        0
  SINCE JUN 1    149                        49    100       20
  SINCE JAN 1    153                        54     99       20
..................................................................


WIND (MPH)
  HIGHEST WIND SPEED    17   HIGHEST WIND DIRECTION    SW (230)
  HIGHEST GUST SPEED    22   HIGHEST GUST DIRECTION    SW (230)
  AVERAGE WIND SPEED     9.4


SKY COVER
  POSSIBLE SUNSHINE  MM
  AVERAGE SKY COVER 0.0


WEATHER CONDITIONS
 THE FOLLOWING WEATHER WAS RECORDED YESTERDAY.
  NO SIGNIFICANT WEATHER WAS OBSERVED.


RELATIVE HUMIDITY (PERCENT)
 HIGHEST    84          1200 AM
 LOWEST     17           400 PM
 AVERAGE    51

..........................................................


THE POCATELLO ID CLIMATE NORMALS FOR TODAY
                         NORMAL    RECORD    YEAR
 MAXIMUM TEMPERATURE (F)   84       100      1996
 MINIMUM TEMPERATURE (F)   50        35      1997


SUNRISE AND SUNSET
JULY  2 2015..........SUNRISE   556 AM MDT   SUNSET   913 PM MDT
JULY  3 2015..........SUNRISE   556 AM MDT   SUNSET   913 PM MDT


-  INDICATES NEGATIVE NUMBERS.
R  INDICATES RECORD WAS SET OR TIED.
MM INDICATES DATA IS MISSING.
T  INDICATES TRACE AMOUNT.




$$
