000
CDUS43 KABR 300905
CLIPIR


CLIMATE REPORT
NATIONAL WEATHER SERVICE ABERDEEN SD
404 AM CDT THU JUL 30 2015


...................................

...THE PIERRE SD CLIMATE SUMMARY FOR JULY 29 2015...

CLIMATE NORMAL PERIOD 1981 TO 2010
CLIMATE RECORD PERIOD 1892 TO 2015


WEATHER ITEM   OBSERVED TIME   RECORD YEAR NORMAL DEPARTURE LAST
                VALUE   (LST)  VALUE       VALUE  FROM      YEAR
                                                  NORMAL
..................................................................
TEMPERATURE (F)
 YESTERDAY
  MAXIMUM         88    506 PM 111    2006  90     -2       83
  MINIMUM         59    143 AM  47    1971  63     -4       51
  AVERAGE         74                        76     -2       67

PRECIPITATION (IN)
  YESTERDAY        0.00          1.13 1979   0.08  -0.08     0.00
  MONTH TO DATE    2.15                      2.44  -0.29     0.84
  SINCE JUN 1      8.31                      6.01   2.30     5.23
  SINCE JAN 1     15.66                     13.21   2.45    13.16

DEGREE DAYS
 HEATING
  YESTERDAY        0                         0      0        0
  MONTH TO DATE    2                         0      2       19
  SINCE JUN 1      7                        53    -46       86
  SINCE JUL 1      2                         0      2       19

 COOLING
  YESTERDAY        9                        11     -2        2
  MONTH TO DATE  277                       300    -23      213
  SINCE JUN 1    412                       434    -22      272
  SINCE JAN 1    426                       466    -40      320
..................................................................


WIND (MPH)
  RESULTANT WIND SPEED  13   RESULTANT WIND DIRECTION   W (280)
  HIGHEST WIND SPEED    31   HIGHEST WIND DIRECTION    NW (300)
  HIGHEST GUST SPEED    38   HIGHEST GUST DIRECTION     W (290)
  AVERAGE WIND SPEED    14.4




RELATIVE HUMIDITY (PERCENT)
 HIGHEST    60           200 AM
 LOWEST     17           300 PM
 AVERAGE    39

..........................................................


THE PIERRE SD CLIMATE NORMALS FOR TODAY
                         NORMAL    RECORD    YEAR
 MAXIMUM TEMPERATURE (F)   90       111      2006
 MINIMUM TEMPERATURE (F)   63        42      1971


SUNRISE AND SUNSET
JULY 30 2015..........SUNRISE   626 AM CDT   SUNSET   909 PM CDT
JULY 31 2015..........SUNRISE   627 AM CDT   SUNSET   907 PM CDT


-  INDICATES NEGATIVE NUMBERS.
R  INDICATES RECORD WAS SET OR TIED.
MM INDICATES DATA IS MISSING.
T  INDICATES TRACE AMOUNT.




$$
