000
CDUS43 KABR 031039
CLIPIR


CLIMATE REPORT
NATIONAL WEATHER SERVICE ABERDEEN SD
438 AM CST TUE MAR 3 2015


...................................

...THE PIERRE SD CLIMATE SUMMARY FOR MARCH 2 2015...

CLIMATE NORMAL PERIOD 1981 TO 2010
CLIMATE RECORD PERIOD 1892 TO 2015


WEATHER ITEM   OBSERVED TIME   RECORD YEAR NORMAL DEPARTURE LAST
                VALUE   (LST)  VALUE       VALUE  FROM      YEAR
                                                  NORMAL
..................................................................
TEMPERATURE (F)
 YESTERDAY
  MAXIMUM         48    406 PM  80    1974  40      8        2
  MINIMUM          6    215 AM -20    2014  19    -13      -20
  AVERAGE         27                        29     -2       -9

PRECIPITATION (IN)
  YESTERDAY        T             0.76 1985   0.03  -0.03     0.00
  MONTH TO DATE    T                         0.06  -0.06     0.14
  SINCE MAR 1      T                         0.06  -0.06     0.14
  SINCE JAN 1      0.35                      1.07  -0.72     0.71

SNOWFALL (IN)
  YESTERDAY       MM             7.6  1985   0.3   MM        0.0
  MONTH TO DATE    0.0                       0.5   -0.5      2.2
  SINCE OCT 1     22.3                      22.3    0.0     27.1
  SINCE JUL 1     22.3                      22.3    0.0     27.1
  SNOW DEPTH       0

DEGREE DAYS
 HEATING
  YESTERDAY       38                        36      2       74
  MONTH TO DATE   81                        72      9      147
  SINCE MAR 1     81                        72      9      147
  SINCE JUL 1   5590                      5570     20     6142

 COOLING
  YESTERDAY        0                         0      0        0
  MONTH TO DATE    0                         0      0        0
  SINCE MAR 1      0                         0      0        0
  SINCE JAN 1      0                         0      0        0
..................................................................


WIND (MPH)
  RESULTANT WIND SPEED  13   RESULTANT WIND DIRECTION   S (160)
  HIGHEST WIND SPEED    35   HIGHEST WIND DIRECTION     S (180)
  HIGHEST GUST SPEED    42   HIGHEST GUST DIRECTION     S (170)
  AVERAGE WIND SPEED    14.8




RELATIVE HUMIDITY (PERCENT)
 HIGHEST    92          1200 AM
 LOWEST     27           500 PM
 AVERAGE    60

..........................................................


THE PIERRE SD CLIMATE NORMALS FOR TODAY
                         NORMAL    RECORD    YEAR
 MAXIMUM TEMPERATURE (F)   40        70      2000
 MINIMUM TEMPERATURE (F)   19       -11      2014
                                             1960


SUNRISE AND SUNSET
MARCH  3 2015.........SUNRISE   715 AM CST   SUNSET   632 PM CST
MARCH  4 2015.........SUNRISE   714 AM CST   SUNSET   633 PM CST


-  INDICATES NEGATIVE NUMBERS.
R  INDICATES RECORD WAS SET OR TIED.
MM INDICATES DATA IS MISSING.
T  INDICATES TRACE AMOUNT.




$$
