000
CDUS43 KABR 192337
CLIPIR


CLIMATE REPORT
NATIONAL WEATHER SERVICE ABERDEEN SD
534 PM CST MON FEB 19 2018


...................................

...THE PIERRE SD CLIMATE SUMMARY FOR FEBRUARY 19 2018...
VALID TODAY AS OF 0500 PM LOCAL TIME.

CLIMATE NORMAL PERIOD 1981 TO 2010
CLIMATE RECORD PERIOD 1892 TO 2018


WEATHER ITEM   OBSERVED TIME   RECORD YEAR NORMAL DEPARTURE LAST
                VALUE   (LST)  VALUE       VALUE  FROM      YEAR
                                                  NORMAL
..................................................................
TEMPERATURE (F)
 TODAY
  MAXIMUM         10   1207 AM  67    2017  36    -26       67
  MINIMUM          5    850 AM -21    1936  15    -10       38
  AVERAGE          8                        25    -17       53

PRECIPITATION (IN)
  TODAY           MM             1.28 1952   0.03  MM        0.00
  MONTH TO DATE    0.79                      0.35   0.44     0.05
  SINCE DEC 1      1.34                      1.32   0.02     2.70
  SINCE JAN 1      0.87                      0.77   0.10     1.00

SNOWFALL (IN)
  TODAY           MM
  MONTH TO DATE    8.7
  SINCE OCT 1     13.1
  SINCE JUL 1     13.1
  SNOW DEPTH       6

DEGREE DAYS
 HEATING
  TODAY           57                        40     17       12
  MONTH TO DATE 1040                       797    243      703
  SINCE DEC 1   3726                      3537    189     3754
  SINCE JUL 1   5183                      5157     26     4891
..................................................................


WIND (MPH)
  HIGHEST GUST SPEED    39   HIGHEST GUST DIRECTION     N (10)




..........................................................


THE PIERRE SD CLIMATE NORMALS FOR TOMORROW
                         NORMAL    RECORD    YEAR
 MAXIMUM TEMPERATURE (F)   36        61      2000
 MINIMUM TEMPERATURE (F)   15       -15      1936


SUNRISE AND SUNSET
FEBRUARY 19 2018......SUNRISE   735 AM CST   SUNSET   616 PM CST
FEBRUARY 20 2018......SUNRISE   733 AM CST   SUNSET   617 PM CST


-  INDICATES NEGATIVE NUMBERS.
R  INDICATES RECORD WAS SET OR TIED.
MM INDICATES DATA IS MISSING.
T  INDICATES TRACE AMOUNT.




$$
