000
CDUS43 KABR 250906
CLIPIR


CLIMATE REPORT
NATIONAL WEATHER SERVICE ABERDEEN SD
405 AM CDT SAT OCT 25 2014


...................................

...THE PIERRE SD CLIMATE SUMMARY FOR OCTOBER 24 2014...

CLIMATE NORMAL PERIOD 1981 TO 2010
CLIMATE RECORD PERIOD 1892 TO 2014


WEATHER ITEM   OBSERVED TIME   RECORD YEAR NORMAL DEPARTURE LAST
                VALUE   (LST)  VALUE       VALUE  FROM      YEAR
                                                  NORMAL
..................................................................
TEMPERATURE (F)
 YESTERDAY
  MAXIMUM         78    347 PM  84    1989  57     21       47
  MINIMUM         38    551 AM  15    1987  33      5       25
  AVERAGE         58                        45     13       36

PRECIPITATION (IN)
  YESTERDAY        0.00          0.93 1975   0.04  -0.04     0.00
  MONTH TO DATE    0.29                      1.38  -1.09     4.66
  SINCE SEP 1      0.90                      3.25  -2.35     5.82
  SINCE JAN 1     17.12                     18.43  -1.31    22.74

SNOWFALL (IN)
  YESTERDAY        0.0           T    1997   0.0    0.0      0.0
                                      2001
  MONTH TO DATE    0.0                       0.5   -0.5       T
  SINCE OCT 1      0.0                       0.5   -0.5       T
  SINCE JUL 1      0.0                       0.5   -0.5       T
  SNOW DEPTH       0

DEGREE DAYS
 HEATING
  YESTERDAY        7                        20    -13       29
  MONTH TO DATE  276                       358    -82      428
  SINCE SEP 1    403                       509   -106      484
  SINCE JUL 1    431                       529    -98      493

 COOLING
  YESTERDAY        0                         0      0        0
  MONTH TO DATE    2                         2      0        0
  SINCE SEP 1     86                        88     -2      167
  SINCE JAN 1    622                       865   -243      853
..................................................................


WIND (MPH)
  RESULTANT WIND SPEED   5   RESULTANT WIND DIRECTION  NW (310)
  HIGHEST WIND SPEED    15   HIGHEST WIND DIRECTION     N (340)
  HIGHEST GUST SPEED    19   HIGHEST GUST DIRECTION     N (350)
  AVERAGE WIND SPEED     7.4




RELATIVE HUMIDITY (PERCENT)
 HIGHEST    79           600 AM
 LOWEST     17           300 PM
 AVERAGE    48

..........................................................


THE PIERRE SD CLIMATE NORMALS FOR TODAY
                         NORMAL    RECORD    YEAR
 MAXIMUM TEMPERATURE (F)   57        88      1940
 MINIMUM TEMPERATURE (F)   33        14      1997


SUNRISE AND SUNSET
OCTOBER 25 2014.......SUNRISE   809 AM CDT   SUNSET   641 PM CDT
OCTOBER 26 2014.......SUNRISE   810 AM CDT   SUNSET   639 PM CDT


-  INDICATES NEGATIVE NUMBERS.
R  INDICATES RECORD WAS SET OR TIED.
MM INDICATES DATA IS MISSING.
T  INDICATES TRACE AMOUNT.




$$
