000
CDUS43 KABR 062324
CLIPIR


CLIMATE REPORT
NATIONAL WEATHER SERVICE ABERDEEN SD
522 PM CST SAT FEB 6 2016


...................................

...THE PIERRE SD CLIMATE SUMMARY FOR FEBRUARY 6 2016...
VALID TODAY AS OF 0500 PM LOCAL TIME.

CLIMATE NORMAL PERIOD 1981 TO 2010
CLIMATE RECORD PERIOD 1892 TO 2016


WEATHER ITEM   OBSERVED TIME   RECORD YEAR NORMAL DEPARTURE LAST
                VALUE   (LST)  VALUE       VALUE  FROM      YEAR
                                                  NORMAL
..................................................................
TEMPERATURE (F)
 TODAY
  MAXIMUM         50    359 PM  62    1987  33     17       61
  MINIMUM         28    355 AM -23    1936  12     16       22
  AVERAGE         39                        22     17       42

PRECIPITATION (IN)
  TODAY            0.00          0.22 1911   0.01  -0.01     0.00
  MONTH TO DATE    T                         0.09  -0.09     0.14
  SINCE DEC 1      1.18                      1.06   0.12     1.09
  SINCE JAN 1      0.17                      0.51  -0.34     0.27

SNOWFALL (IN)
  TODAY            0.0
  MONTH TO DATE    T
  SINCE OCT 1     22.9
  SINCE JUL 1     22.9
  SNOW DEPTH       T

DEGREE DAYS
 HEATING
  TODAY           26                        43    -17       23
  MONTH TO DATE  216                       260    -44      291
  SINCE DEC 1   2841                      3000   -159     2836
  SINCE JUL 1   4138                      4620   -482     4558
..................................................................


WIND (MPH)
  HIGHEST GUST SPEED    25   HIGHEST GUST DIRECTION    SW (240)




..........................................................


THE PIERRE SD CLIMATE NORMALS FOR TOMORROW
                         NORMAL    RECORD    YEAR
 MAXIMUM TEMPERATURE (F)   33        70      2015
 MINIMUM TEMPERATURE (F)   12       -20      1936


SUNRISE AND SUNSET
FEBRUARY  6 2016......SUNRISE   754 AM CST   SUNSET   557 PM CST
FEBRUARY  7 2016......SUNRISE   753 AM CST   SUNSET   558 PM CST


-  INDICATES NEGATIVE NUMBERS.
R  INDICATES RECORD WAS SET OR TIED.
MM INDICATES DATA IS MISSING.
T  INDICATES TRACE AMOUNT.




$$
