000
CDUS43 KABR 170909
CLIPIR


CLIMATE REPORT
NATIONAL WEATHER SERVICE ABERDEEN SD
408 AM CDT THU APR 17 2014


...................................

...THE PIERRE SD CLIMATE SUMMARY FOR APRIL 16 2014...

CLIMATE NORMAL PERIOD 1981 TO 2010
CLIMATE RECORD PERIOD 1892 TO 2014


WEATHER ITEM   OBSERVED TIME   RECORD YEAR NORMAL DEPARTURE LAST
                VALUE   (LST)  VALUE       VALUE  FROM      YEAR
                                                  NORMAL
..................................................................
TEMPERATURE (F)
 YESTERDAY
  MAXIMUM         42   1225 AM  91    1958  60    -18       39
  MINIMUM         22   1041 PM  15    1961  34    -12       23
  AVERAGE         32                        47    -15       31

PRECIPITATION (IN)
  YESTERDAY        0.02          0.77 2003   0.05  -0.03     0.06
  MONTH TO DATE    0.07                      0.83  -0.76     2.22
  SINCE MAR 1      1.06                      2.06  -1.00     2.37
  SINCE JAN 1      1.63                      3.07  -1.44     4.03

SNOWFALL (IN)
  YESTERDAY       MM             1.7  2000   0.2   MM        0.9
  MONTH TO DATE    T                         2.6   -2.6     12.4
  SINCE OCT 1     34.6                      30.4    4.2     47.1
  SINCE JUL 1     34.6                      30.4    4.2     47.1
  SNOW DEPTH       0

DEGREE DAYS
 HEATING
  YESTERDAY       33                        18     15       34
  MONTH TO DATE  400                       337     63      496
  SINCE MAR 1   1473                      1284    189     1597
  SINCE JUL 1   7468                      6782    686     7021

 COOLING
  YESTERDAY        0                         0      0        0
  MONTH TO DATE    0                         0      0        0
  SINCE MAR 1      0                         0      0        0
  SINCE JAN 1      0                         0      0        0
..................................................................


WIND (MPH)
  RESULTANT WIND SPEED  16   RESULTANT WIND DIRECTION  NE (30)
  HIGHEST WIND SPEED    26   HIGHEST WIND DIRECTION    NE (50)
  HIGHEST GUST SPEED    33   HIGHEST GUST DIRECTION    NE (50)
  AVERAGE WIND SPEED    15.9




RELATIVE HUMIDITY (PERCENT)
 HIGHEST    92           700 AM
 LOWEST     57          1200 AM
 AVERAGE    75

..........................................................


THE PIERRE SD CLIMATE NORMALS FOR TODAY
                         NORMAL    RECORD    YEAR
 MAXIMUM TEMPERATURE (F)   61        87      1987
 MINIMUM TEMPERATURE (F)   35        17      1953


SUNRISE AND SUNSET
APRIL 17 2014.........SUNRISE   654 AM CDT   SUNSET   828 PM CDT
APRIL 18 2014.........SUNRISE   652 AM CDT   SUNSET   829 PM CDT


-  INDICATES NEGATIVE NUMBERS.
R  INDICATES RECORD WAS SET OR TIED.
MM INDICATES DATA IS MISSING.
T  INDICATES TRACE AMOUNT.




$$
