000
CDUS43 KABR 232238
CLIPIR


CLIMATE REPORT
NATIONAL WEATHER SERVICE ABERDEEN SD
536 PM CDT THU MAR 23 2017


...................................

...THE PIERRE SD CLIMATE SUMMARY FOR MARCH 23 2017...
VALID TODAY AS OF 0500 PM LOCAL TIME.

CLIMATE NORMAL PERIOD 1981 TO 2010
CLIMATE RECORD PERIOD 1892 TO 2017


WEATHER ITEM   OBSERVED TIME   RECORD YEAR NORMAL DEPARTURE LAST
                VALUE   (LST)  VALUE       VALUE  FROM      YEAR
                                                  NORMAL
..................................................................
TEMPERATURE (F)
 TODAY
  MAXIMUM         64    249 PM  84    1939  48     16       43
  MINIMUM         40    704 AM  -5    1965  26     14       22
  AVERAGE         52                        37     15       33

PRECIPITATION (IN)
  TODAY            0.00          0.81 1931   0.04  -0.04      T
  MONTH TO DATE    0.33                      0.83  -0.50     0.94
  SINCE MAR 1      0.33                      0.83  -0.50     0.94
  SINCE JAN 1      1.56                      1.84  -0.28     1.94

SNOWFALL (IN)
  TODAY            0.0
  MONTH TO DATE    4.5
  SINCE OCT 1     32.6
  SINCE JUL 1     32.6
  SNOW DEPTH       0

DEGREE DAYS
 HEATING
  TODAY           13                        28    -15       32
  MONTH TO DATE  705                       739    -34      564
  SINCE MAR 1    705                       739    -34      564
  SINCE JUL 1   5861                      6237   -376     5398

 COOLING
  TODAY            0                         0      0        0
  MONTH TO DATE    0                         0      0        0
  SINCE MAR 1      0                         0      0        0
  SINCE JAN 1      0                         0      0        0
..................................................................


WIND (MPH)
  HIGHEST GUST SPEED    25   HIGHEST GUST DIRECTION    SE (120)




..........................................................


THE PIERRE SD CLIMATE NORMALS FOR TOMORROW
                         NORMAL    RECORD    YEAR
 MAXIMUM TEMPERATURE (F)   49        84      1939
 MINIMUM TEMPERATURE (F)   26        -3      1965


SUNRISE AND SUNSET
MARCH 23 2017.........SUNRISE   738 AM CDT   SUNSET   758 PM CDT
MARCH 24 2017.........SUNRISE   736 AM CDT   SUNSET   759 PM CDT


-  INDICATES NEGATIVE NUMBERS.
R  INDICATES RECORD WAS SET OR TIED.
MM INDICATES DATA IS MISSING.
T  INDICATES TRACE AMOUNT.




$$
