000
CDUS43 KABR 050904
CLIPIR


CLIMATE REPORT
NATIONAL WEATHER SERVICE ABERDEEN SD
403 AM CDT SUN JUL 5 2015


...................................

...THE PIERRE SD CLIMATE SUMMARY FOR JULY 4 2015...

CLIMATE NORMAL PERIOD 1981 TO 2010
CLIMATE RECORD PERIOD 1892 TO 2015


WEATHER ITEM   OBSERVED TIME   RECORD YEAR NORMAL DEPARTURE LAST
                VALUE   (LST)  VALUE       VALUE  FROM      YEAR
                                                  NORMAL
..................................................................
TEMPERATURE (F)
 YESTERDAY
  MAXIMUM         90    519 PM 107    1936  87      3       84
  MINIMUM         63    536 AM  43    1967  60      3       64
  AVERAGE         77                        74      3       74

PRECIPITATION (IN)
  YESTERDAY        0.00          1.28 1944   0.08  -0.08      T
  MONTH TO DATE    0.82                      0.33   0.49     0.05
  SINCE JUN 1      6.98                      3.90   3.08     4.44
  SINCE JAN 1     14.33                     11.10   3.23    12.37

DEGREE DAYS
 HEATING
  YESTERDAY        0                         0      0        0
  MONTH TO DATE    0                         0      0        9
  SINCE JUN 1      5                        53    -48       76
  SINCE JUL 1      0                         0      0        9

 COOLING
  YESTERDAY       12                         9      3        9
  MONTH TO DATE   30                        35     -5        9
  SINCE JUN 1    165                       169     -4       68
  SINCE JAN 1    179                       201    -22      116
..................................................................


WIND (MPH)
  RESULTANT WIND SPEED  11   RESULTANT WIND DIRECTION  SE (150)
  HIGHEST WIND SPEED    21   HIGHEST WIND DIRECTION    SE (150)
  HIGHEST GUST SPEED    26   HIGHEST GUST DIRECTION    SE (150)
  AVERAGE WIND SPEED    11.5




RELATIVE HUMIDITY (PERCENT)
 HIGHEST   100           500 AM
 LOWEST     47           300 PM
 AVERAGE    74

..........................................................


THE PIERRE SD CLIMATE NORMALS FOR TODAY
                         NORMAL    RECORD    YEAR
 MAXIMUM TEMPERATURE (F)   87       113      1989
 MINIMUM TEMPERATURE (F)   61        44      1972


SUNRISE AND SUNSET
JULY  5 2015..........SUNRISE   603 AM CDT   SUNSET   928 PM CDT
JULY  6 2015..........SUNRISE   604 AM CDT   SUNSET   928 PM CDT


-  INDICATES NEGATIVE NUMBERS.
R  INDICATES RECORD WAS SET OR TIED.
MM INDICATES DATA IS MISSING.
T  INDICATES TRACE AMOUNT.




$$
