000
CDUS41 KPBZ 222137
CLIPIT

CLIMATE REPORT
NATIONAL WEATHER SERVICE PITTSBURGH PA
537 PM EDT FRI MAY 22 2015

...................................

...THE PITTSBURGH PA CLIMATE SUMMARY FOR MAY 22 2015...
VALID TODAY AS OF 0500 PM LOCAL TIME.

CLIMATE NORMAL PERIOD 1981 TO 2010
CLIMATE RECORD PERIOD 1871 TO 2015

WEATHER ITEM   OBSERVED TIME   RECORD YEAR NORMAL DEPARTURE LAST
                VALUE   (LST)  VALUE       VALUE  FROM      YEAR
                                                  NORMAL
..................................................................
TEMPERATURE (F)
 TODAY
  MAXIMUM         69    306 PM  93    1911  72     -3       78
  MINIMUM         44    524 AM  32    2002  51     -7       53
  AVERAGE         57                        62     -5       66

PRECIPITATION (IN)
  TODAY            0.00          1.56 1953   0.14  -0.14     0.00
  MONTH TO DATE    1.94                      2.68  -0.74     2.86
  SINCE JUN 1     35.45                     36.92  -1.47    37.94
  SINCE JAN 1     13.70                     13.83  -0.13    13.63

SNOWFALL (IN)
  TODAY            0.0           0.0  2002   0.0    0.0      0.0
                                      2001
  MONTH TO DATE    0.0                       0.0    0.0      0.0
  SINCE OCT 1     47.5                      41.9    5.6     63.4
  SINCE JUL 1     47.5                      41.9    5.6     63.4
  SNOW DEPTH       0

DEGREE DAYS
 HEATING
  TODAY            8                         5      3        0
  MONTH TO DATE   80                       160    -80      138
  SINCE MAR 1   1337                      1379    -42     1465
  SINCE JUL 1   6005                      5636    369     5996

 COOLING
  TODAY            0                         2     -2        1
  MONTH TO DATE   82                        24     58       35
  SINCE MAR 1     83                        34     49       45
  SINCE JAN 1     83                        34     49       45
..................................................................

WIND (MPH)
  HIGHEST WIND SPEED    28   HIGHEST WIND DIRECTION    NW (310)
  HIGHEST GUST SPEED    32   HIGHEST GUST DIRECTION    NW (320)
  AVERAGE WIND SPEED    10.6


SKY COVER
  POSSIBLE SUNSHINE  MM
  AVERAGE SKY COVER 0.3


WEATHER CONDITIONS
 THE FOLLOWING WEATHER WAS RECORDED TODAY.
  NO SIGNIFICANT WEATHER WAS OBSERVED.


RELATIVE HUMIDITY (PERCENT)
 HIGHEST    83           200 AM
 LOWEST     28           400 PM
 AVERAGE    56

..........................................................


THE PITTSBURGH PA CLIMATE NORMALS FOR TOMORROW
                         NORMAL    RECORD    YEAR
 MAXIMUM TEMPERATURE (F)   73        92      1884
 MINIMUM TEMPERATURE (F)   51        32      1963


SUNRISE AND SUNSET
MAY 22 2015...........SUNRISE   559 AM EDT   SUNSET   837 PM EDT
MAY 23 2015...........SUNRISE   558 AM EDT   SUNSET   838 PM EDT


-  INDICATES NEGATIVE NUMBERS.
R  INDICATES RECORD WAS SET OR TIED.
MM INDICATES DATA IS MISSING.
T  INDICATES TRACE AMOUNT.

&&

SNOW DEPTH IS MEASURED AT 7 AM EST OR 8 AM EDT.

$$
