000
CDUS41 KPBZ 300809
CLIPIT


CLIMATE REPORT
NATIONAL WEATHER SERVICE PITTSBURGH PA
309 AM EST FRI JAN 30 2015


...................................

...THE PITTSBURGH PA CLIMATE SUMMARY FOR JANUARY 29 2015...

CLIMATE NORMAL PERIOD 1981 TO 2010
CLIMATE RECORD PERIOD 1871 TO 2015


WEATHER ITEM   OBSERVED TIME   RECORD YEAR NORMAL DEPARTURE LAST
                VALUE   (LST)  VALUE       VALUE  FROM      YEAR
                                                  NORMAL
..................................................................
TEMPERATURE (F)
 YESTERDAY
  MAXIMUM         39    727 PM  72    1914  36      3       17
  MINIMUM         16    100 AM -11    1977  21     -5       -5
  AVERAGE         28                        29     -1        6

PRECIPITATION (IN)
  YESTERDAY        0.22          1.04 1975   0.09   0.13     0.00
  MONTH TO DATE    2.17                      2.53  -0.36     2.18
  SINCE JUN 1     23.92                     25.62  -1.70    26.49
  SINCE JAN 1      2.17                      2.53  -0.36     2.18

SNOWFALL (IN)
  YESTERDAY        0.7          10.0  1925   0.4    0.3      0.0
  MONTH TO DATE   16.8                      10.7    6.1     17.9
  SINCE OCT 1     20.1                      21.4   -1.3     42.3
  SINCE JUL 1     20.1                      21.4   -1.3     42.3
  SNOW DEPTH       4

DEGREE DAYS
 HEATING
  YESTERDAY       37                        36      1       59
  MONTH TO DATE 1128                      1065     63     1243
  SINCE DEC 1   2037                      2077    -40     2192
  SINCE JUL 1   3275                      3240     35     3360

 COOLING
  YESTERDAY        0                         0      0        0
  MONTH TO DATE    0                         0      0        0
  SINCE DEC 1      0                         0      0        0
  SINCE JAN 1      0                         0      0        0
..................................................................


WIND (MPH)
  HIGHEST WIND SPEED    25   HIGHEST WIND DIRECTION     W (280)
  HIGHEST GUST SPEED    35   HIGHEST GUST DIRECTION     W (280)
  AVERAGE WIND SPEED     8.1


SKY COVER
  POSSIBLE SUNSHINE  MM
  AVERAGE SKY COVER 1.0


WEATHER CONDITIONS
 THE FOLLOWING WEATHER WAS RECORDED YESTERDAY.
  LIGHT RAIN
  LT FREEZING RAIN
  SNOW
  LIGHT SNOW
  SLEET
  FOG


RELATIVE HUMIDITY (PERCENT)
 HIGHEST    92           300 PM
 LOWEST     53          1000 AM
 AVERAGE    73

..........................................................


THE PITTSBURGH PA CLIMATE NORMALS FOR TODAY
                         NORMAL    RECORD    YEAR
 MAXIMUM TEMPERATURE (F)   36        68      2013
 MINIMUM TEMPERATURE (F)   21        -1      1934


SUNRISE AND SUNSET
JANUARY 30 2015.......SUNRISE   732 AM EST   SUNSET   536 PM EST
JANUARY 31 2015.......SUNRISE   732 AM EST   SUNSET   537 PM EST


-  INDICATES NEGATIVE NUMBERS.
R  INDICATES RECORD WAS SET OR TIED.
MM INDICATES DATA IS MISSING.
T  INDICATES TRACE AMOUNT.





&&
SNOW DEPTH IS MEASURED AT 7 AM EST OR 8 AM EDT.
$$
