000
CDUS41 KPBZ 212122
CLIPIT


CLIMATE REPORT
NATIONAL WEATHER SERVICE PITTSBURGH PA
521 PM EDT SUN SEP 21 2014


...................................

...THE PITTSBURGH PA CLIMATE SUMMARY FOR SEPTEMBER 21 2014...
VALID TODAY AS OF 0500 PM LOCAL TIME.

CLIMATE NORMAL PERIOD 1981 TO 2010
CLIMATE RECORD PERIOD 1871 TO 2014


WEATHER ITEM   OBSERVED TIME   RECORD YEAR NORMAL DEPARTURE LAST
                VALUE   (LST)  VALUE       VALUE  FROM      YEAR
                                                  NORMAL
..................................................................
TEMPERATURE (F)
 TODAY
  MAXIMUM         80    342 PM  93    1895  72      8       69
  MINIMUM         66    611 AM  34    1962  52     14       54
                                      1956
  AVERAGE         73                        62     11       62

PRECIPITATION (IN)
  TODAY            0.02          1.86 1921   0.11  -0.09     0.98
  MONTH TO DATE    0.48                      2.27  -1.79     2.31
  SINCE JUN 1     14.77                     13.88   0.89    15.73
  SINCE JAN 1     29.86                     28.98   0.88    28.07

SNOWFALL (IN)
  TODAY            0.0           0.0  2002   0.0    0.0      0.0
                                      2001
  MONTH TO DATE    0.0                       0.0    0.0      0.0
  SINCE OCT 1     63.4                      41.4   22.0     57.4
  SINCE JUL 1      0.0                       0.0    0.0      0.0
  SNOW DEPTH       0

DEGREE DAYS
 HEATING
  TODAY            0                         5     -5        3
  MONTH TO DATE   57                        47     10       46
  SINCE SEP 1     57                        47     10       46
  SINCE JUL 1     78                        60     18       57

 COOLING
  TODAY            8                         2      6        0
  MONTH TO DATE   78                        66     12       76
  SINCE SEP 1     78                        66     12       76
  SINCE JAN 1    699                       718    -19      795
..................................................................


WIND (MPH)
  HIGHEST WIND SPEED    26   HIGHEST WIND DIRECTION     W (290)
  HIGHEST GUST SPEED    35   HIGHEST GUST DIRECTION     W (290)
  AVERAGE WIND SPEED    11.2


SKY COVER
  POSSIBLE SUNSHINE  MM
  AVERAGE SKY COVER 0.7


WEATHER CONDITIONS
 THE FOLLOWING WEATHER WAS RECORDED TODAY.
  LIGHT RAIN


RELATIVE HUMIDITY (PERCENT)
 HIGHEST    87           100 AM
 LOWEST     28           400 PM
 AVERAGE    58

..........................................................


THE PITTSBURGH PA CLIMATE NORMALS FOR TOMORROW
                         NORMAL    RECORD    YEAR
 MAXIMUM TEMPERATURE (F)   72        94      1895
 MINIMUM TEMPERATURE (F)   52        37      1999
                                             1983


SUNRISE AND SUNSET
SEPTEMBER 21 2014.....SUNRISE   707 AM EDT   SUNSET   720 PM EDT
SEPTEMBER 22 2014.....SUNRISE   708 AM EDT   SUNSET   718 PM EDT


-  INDICATES NEGATIVE NUMBERS.
R  INDICATES RECORD WAS SET OR TIED.
MM INDICATES DATA IS MISSING.
T  INDICATES TRACE AMOUNT.






&&
SNOW DEPTH IS MEASURED AT 7 AM EST OR 8 AM EDT.
$$
