000
CDUS41 KPBZ 272245
CLIPIT

CLIMATE REPORT
NATIONAL WEATHER SERVICE PITTSBURGH PA
545 PM EST MON FEB 27 2017

...................................

...THE PITTSBURGH PA CLIMATE SUMMARY FOR FEBRUARY 27 2017...
VALID TODAY AS OF 0500 PM LOCAL TIME.

CLIMATE NORMAL PERIOD 1981 TO 2010
CLIMATE RECORD PERIOD 1871 TO 2017

WEATHER ITEM   OBSERVED TIME   RECORD YEAR NORMAL DEPARTURE LAST
                VALUE   (LST)  VALUE       VALUE  FROM      YEAR
                                                  NORMAL
..................................................................
TEMPERATURE (F)
 TODAY
  MAXIMUM         46    122 PM  72    1880  43      3       41
  MINIMUM         32    419 AM  -9    1963  25      7       27
  AVERAGE         39                        34      5       34

PRECIPITATION (IN)
  TODAY            T             0.74 1913   0.09  -0.09      T
  MONTH TO DATE    1.46                      2.30  -0.84     3.10
  SINCE JUN 1     26.39                     28.09  -1.70    30.97
  SINCE JAN 1      5.00                      5.00   0.00     4.89

SNOWFALL (IN)
  TODAY            0.0           3.7  1967   0.3   -0.3       T
  MONTH TO DATE    6.7                       9.8   -3.1      9.5
  SINCE OCT 1     22.3                      32.3  -10.0     24.4
  SINCE JUL 1     22.3                      32.3  -10.0     24.4
  SNOW DEPTH       0

DEGREE DAYS
 HEATING
  TODAY           26                        31     -5       31
  MONTH TO DATE  656                       917   -261      872
  SINCE DEC 1   2560                      3063   -503     2679
  SINCE JUL 1   3407                      4226   -819     3533

 COOLING
  TODAY            0                         0      0        0
  MONTH TO DATE    1                         0      1        0
  SINCE DEC 1      1                         0      1        0
  SINCE JAN 1      1                         0      1        0
..................................................................

WIND (MPH)
  HIGHEST WIND SPEED    17   HIGHEST WIND DIRECTION     S (200)
  HIGHEST GUST SPEED    22   HIGHEST GUST DIRECTION     S (200)
  AVERAGE WIND SPEED     5.6


SKY COVER
  POSSIBLE SUNSHINE  MM
  AVERAGE SKY COVER 0.9


WEATHER CONDITIONS
 THE FOLLOWING WEATHER WAS RECORDED TODAY.
  LIGHT RAIN


RELATIVE HUMIDITY (PERCENT)
 HIGHEST    49          1200 AM
 LOWEST     36          1000 AM
 AVERAGE    43

..........................................................


THE PITTSBURGH PA CLIMATE NORMALS FOR TOMORROW
                         NORMAL    RECORD    YEAR
 MAXIMUM TEMPERATURE (F)   43        65      1939
                                             1919
                                             1890
 MINIMUM TEMPERATURE (F)   25        -1      2015
                                             1934


SUNRISE AND SUNSET
FEBRUARY 27 2017......SUNRISE   657 AM EST   SUNSET   610 PM EST
FEBRUARY 28 2017......SUNRISE   656 AM EST   SUNSET   611 PM EST


-  INDICATES NEGATIVE NUMBERS.
R  INDICATES RECORD WAS SET OR TIED.
MM INDICATES DATA IS MISSING.
T  INDICATES TRACE AMOUNT.

&&

SNOW DEPTH IS MEASURED AT 7 AM EST OR 8 AM EDT.

$$
