844
CDUS41 KPBZ 060716
CLIPIT

CLIMATE REPORT
NATIONAL WEATHER SERVICE PITTSBURGH PA
316 AM EDT FRI MAY 6 2016

...................................

...THE PITTSBURGH PA CLIMATE SUMMARY FOR MAY 5 2016...

CLIMATE NORMAL PERIOD 1981 TO 2010
CLIMATE RECORD PERIOD 1871 TO 2016

WEATHER ITEM   OBSERVED TIME   RECORD YEAR NORMAL DEPARTURE LAST
                VALUE   (LST)  VALUE       VALUE  FROM      YEAR
                                                  NORMAL
..................................................................
TEMPERATURE (F)
 YESTERDAY
  MAXIMUM         65        MM  90    1949  68     -3       75
  MINIMUM         49        MM  32    2005  46      3       59
                                      1979
                                      1961
  AVERAGE         57                        57      0       67

PRECIPITATION (IN)
  YESTERDAY        0.05          2.12 1950   0.11  -0.06     0.31
  MONTH TO DATE    1.04                      0.54   0.50     0.33
  SINCE JUN 1     37.13                     34.78   2.35    33.84
  SINCE JAN 1     11.05                     11.69  -0.64    12.09

SNOWFALL (IN)
  YESTERDAY        0.0           0.0  2002   0.0    0.0      0.0
                                      2001
  MONTH TO DATE    0.0                       0.0    0.0      0.0
  SINCE OCT 1     29.6                      41.9  -12.3     47.5
  SINCE JUL 1     29.6                      41.9  -12.3     47.5
  SNOW DEPTH       0

DEGREE DAYS
 HEATING
  YESTERDAY        8                         9     -1        0
  MONTH TO DATE   33                        46    -13       15
  SINCE MAR 1    959                      1265   -306     1272
  SINCE JUL 1   4525                      5522   -997     5940

 COOLING
  YESTERDAY        0                         1     -1        2
  MONTH TO DATE    0                         4     -4        3
  SINCE MAR 1      3                        14    -11        4
  SINCE JAN 1      3                        14    -11        4
..................................................................

WIND (MPH)
  HIGHEST WIND SPEED    15   HIGHEST WIND DIRECTION     N (340)
  HIGHEST GUST SPEED    32   HIGHEST GUST DIRECTION     N (340)
  AVERAGE WIND SPEED     8.2


SKY COVER
  POSSIBLE SUNSHINE  MM
  AVERAGE SKY COVER 0.8


WEATHER CONDITIONS
 THE FOLLOWING WEATHER WAS RECORDED YESTERDAY.
  LIGHT RAIN
  FOG


RELATIVE HUMIDITY (PERCENT)
 HIGHEST    93           300 AM
 LOWEST     52           300 PM
 AVERAGE    73

..........................................................


THE PITTSBURGH PA CLIMATE NORMALS FOR TODAY
                         NORMAL    RECORD    YEAR
 MAXIMUM TEMPERATURE (F)   68        89      1949
                                             1895
 MINIMUM TEMPERATURE (F)   46        29      1968


SUNRISE AND SUNSET
MAY  6 2016...........SUNRISE   613 AM EDT   SUNSET   822 PM EDT
MAY  7 2016...........SUNRISE   612 AM EDT   SUNSET   823 PM EDT


-  INDICATES NEGATIVE NUMBERS.
R  INDICATES RECORD WAS SET OR TIED.
MM INDICATES DATA IS MISSING.
T  INDICATES TRACE AMOUNT.

&&

SNOW DEPTH IS MEASURED AT 7 AM EST OR 8 AM EDT.

$$
