000
CDUS41 KPBZ 240703
CLIPIT

CLIMATE REPORT
NATIONAL WEATHER SERVICE PITTSBURGH PA
302 AM EDT THU AUG 24 2017

...................................

...THE PITTSBURGH PA CLIMATE SUMMARY FOR AUGUST 23 2017...

CLIMATE NORMAL PERIOD 1981 TO 2010
CLIMATE RECORD PERIOD 1871 TO 2017

WEATHER ITEM   OBSERVED TIME   RECORD YEAR NORMAL DEPARTURE LAST
                VALUE   (LST)  VALUE       VALUE  FROM      YEAR
                                                  NORMAL
..................................................................
TEMPERATURE (F)
 YESTERDAY
  MAXIMUM         76    446 PM  95    1936  81     -5       81
  MINIMUM         63   1156 PM  46    1923  61      2       56
  AVERAGE         70                        71     -1       69

PRECIPITATION (IN)
  YESTERDAY        0.00          1.01 1879   0.10  -0.10     0.00
  MONTH TO DATE    2.54                      2.61  -0.07     2.84
  SINCE JUN 1     12.74                     10.74   2.00     9.06
  SINCE JAN 1     31.45                     25.84   5.61    22.68

SNOWFALL (IN)
  YESTERDAY        0.0           0.0  2002   0.0    0.0      0.0
                                      2001
  MONTH TO DATE    0.0                       0.0    0.0      0.0
  SINCE OCT 1     32.0                      41.9   -9.9     29.6
  SINCE JUL 1      0.0                       0.0    0.0      0.0
  SNOW DEPTH       0

DEGREE DAYS
 HEATING
  YESTERDAY        0                         0      0        0
  MONTH TO DATE    0                         0      0        0
  SINCE JUN 1     26                        42    -16       15
  SINCE JUL 1      0                         4     -4        1

 COOLING
  YESTERDAY        5                         6     -1        4
  MONTH TO DATE  163                       162      1      258
  SINCE JUN 1    615                       553     62      813
  SINCE JAN 1    689                       605     84      883
..................................................................

WIND (MPH)
  HIGHEST WIND SPEED    16   HIGHEST WIND DIRECTION     W (280)
  HIGHEST GUST SPEED    22   HIGHEST GUST DIRECTION     S (170)
  AVERAGE WIND SPEED     5.6


SKY COVER
  POSSIBLE SUNSHINE  MM
  AVERAGE SKY COVER 0.6


WEATHER CONDITIONS
 THE FOLLOWING WEATHER WAS RECORDED YESTERDAY.
  NO SIGNIFICANT WEATHER WAS OBSERVED.


RELATIVE HUMIDITY (PERCENT)
 HIGHEST   100           400 AM
 LOWEST     41           200 PM
 AVERAGE    71

..........................................................


THE PITTSBURGH PA CLIMATE NORMALS FOR TODAY
                         NORMAL    RECORD    YEAR
 MAXIMUM TEMPERATURE (F)   81        94      1918
 MINIMUM TEMPERATURE (F)   61        45      1890


SUNRISE AND SUNSET
AUGUST 24 2017........SUNRISE   641 AM EDT   SUNSET   805 PM EDT
AUGUST 25 2017........SUNRISE   642 AM EDT   SUNSET   803 PM EDT


-  INDICATES NEGATIVE NUMBERS.
R  INDICATES RECORD WAS SET OR TIED.
MM INDICATES DATA IS MISSING.
T  INDICATES TRACE AMOUNT.

&&

SNOW DEPTH IS MEASURED AT 7 AM EST OR 8 AM EDT.

$$
