000
CDUS41 KRLX 240826
CLIPKB


CLIMATE REPORT
NATIONAL WEATHER SERVICE CHARLESTON WV
325 AM EST FRI FEB 24 2017


...................................

...THE PARKERSBURG WV CLIMATE SUMMARY FOR FEBRUARY 23 2017...

CLIMATE NORMAL PERIOD 1981 TO 2010
CLIMATE RECORD PERIOD 1889 TO 2017


WEATHER ITEM   OBSERVED TIME   RECORD YEAR NORMAL DEPARTURE LAST
                VALUE   (LST)  VALUE       VALUE  FROM      YEAR
                                                  NORMAL
..................................................................
TEMPERATURE (F)
 YESTERDAY
  MAXIMUM         71    359 PM  72    1985  46     25       61
  MINIMUM         54    150 AM   0    2015  27     27       40
  AVERAGE         63                        37     26       51

PRECIPITATION (IN)
  YESTERDAY        0.00          0.14 2014   0.10  -0.10     0.01
  MONTH TO DATE    2.16                      2.20  -0.04     2.73
  SINCE JAN 1      6.72                      5.15   1.57     4.48

SNOWFALL (IN)
  YESTERDAY       MM
  MONTH TO DATE   MM
  SINCE SEP 1     MM
  SNOW DEPTH      MM

DEGREE DAYS
 HEATING
  YESTERDAY        2                        28    -26       14
  MONTH TO DATE  506                       708   -202      696
  SINCE DEC 1   2189                      2668   -479     2324
  SINCE JUL 1   2943                      3653   -710     3086

 COOLING
  YESTERDAY        0                         0      0        0
  MONTH TO DATE    0                         0      0        0
  SINCE DEC 1      0                         0      0        0
  SINCE JAN 1      0                         0      0        0
..................................................................


WIND (MPH)
  HIGHEST WIND SPEED    16   HIGHEST WIND DIRECTION     S (200)
  HIGHEST GUST SPEED    22   HIGHEST GUST DIRECTION     S (190)
  AVERAGE WIND SPEED     6.9


SKY COVER
  POSSIBLE SUNSHINE  MM
  AVERAGE SKY COVER 0.8


WEATHER CONDITIONS
 THE FOLLOWING WEATHER WAS RECORDED YESTERDAY.
  FOG


RELATIVE HUMIDITY (PERCENT)
 HIGHEST    93          1200 AM
 LOWEST     57           300 PM
 AVERAGE    75

..........................................................


THE PARKERSBURG WV CLIMATE NORMALS FOR TODAY
                         NORMAL    RECORD    YEAR
 MAXIMUM TEMPERATURE (F)   47        73      1961
 MINIMUM TEMPERATURE (F)   27        -8      2015


SUNRISE AND SUNSET
FEBRUARY 24 2017......SUNRISE   705 AM EST   SUNSET   613 PM EST
FEBRUARY 25 2017......SUNRISE   704 AM EST   SUNSET   614 PM EST


-  INDICATES NEGATIVE NUMBERS.
R  INDICATES RECORD WAS SET OR TIED.
MM INDICATES DATA IS MISSING.
T  INDICATES TRACE AMOUNT.




$$
