688
CDUS41 KRLX 220737
CLIPKB


CLIMATE REPORT
NATIONAL WEATHER SERVICE CHARLESTON WV
336 AM EDT SAT JUL 22 2017


...................................

...THE PARKERSBURG WV CLIMATE SUMMARY FOR JULY 21 2017...

CLIMATE NORMAL PERIOD 1981 TO 2010
CLIMATE RECORD PERIOD 1889 TO 2017


WEATHER ITEM   OBSERVED TIME   RECORD YEAR NORMAL DEPARTURE LAST
                VALUE   (LST)  VALUE       VALUE  FROM      YEAR
                                                  NORMAL
..................................................................
TEMPERATURE (F)
 YESTERDAY
  MAXIMUM         83    953 AM 103    1934  85     -2       89
  MINIMUM         71    955 PM  51    2007  64      7       61
                                      1996
  AVERAGE         77                        74      3       75

PRECIPITATION (IN)
  YESTERDAY        0.97          1.43 1949   0.14   0.83     0.00
  MONTH TO DATE    4.95                      2.81   2.14     3.26
  SINCE JAN 1     31.46                     23.78   7.68    23.63

SNOWFALL (IN)
  YESTERDAY       MM
  MONTH TO DATE   MM
  SINCE SEP 1     MM
  SNOW DEPTH      MM

DEGREE DAYS
 HEATING
  YESTERDAY        0                         0      0        0
  MONTH TO DATE    0                         0      0        0
  SINCE JUN 1     19                        19      0        7
  SINCE JUL 1      0                         0      0        0

 COOLING
  YESTERDAY       12                         9      3       10
  MONTH TO DATE  227                       201     26      203
  SINCE JUN 1    415                       392     23      435
  SINCE JAN 1    535                       476     59      523
..................................................................


WIND (MPH)
  HIGHEST WIND SPEED    18   HIGHEST WIND DIRECTION    NW (300)
  HIGHEST GUST SPEED    32   HIGHEST GUST DIRECTION    NW (320)
  AVERAGE WIND SPEED     3.5


SKY COVER
  POSSIBLE SUNSHINE  MM
  AVERAGE SKY COVER 0.4


WEATHER CONDITIONS
 THE FOLLOWING WEATHER WAS RECORDED YESTERDAY.
  THUNDERSTORM
  HEAVY RAIN
  RAIN
  LIGHT RAIN
  FOG
  HAZE


RELATIVE HUMIDITY (PERCENT)
 HIGHEST   100           400 AM
 LOWEST     79          1000 AM
 AVERAGE    90

..........................................................


THE PARKERSBURG WV CLIMATE NORMALS FOR TODAY
                         NORMAL    RECORD    YEAR
 MAXIMUM TEMPERATURE (F)   85       100      1934
 MINIMUM TEMPERATURE (F)   64        51      2007


SUNRISE AND SUNSET
JULY 22 2017..........SUNRISE   617 AM EDT   SUNSET   847 PM EDT
JULY 23 2017..........SUNRISE   618 AM EDT   SUNSET   846 PM EDT


-  INDICATES NEGATIVE NUMBERS.
R  INDICATES RECORD WAS SET OR TIED.
MM INDICATES DATA IS MISSING.
T  INDICATES TRACE AMOUNT.




$$
