247
CDUS41 KRLX 182217
CLIPKB


CLIMATE REPORT
NATIONAL WEATHER SERVICE CHARLESTON WV
516 PM EST WED JAN 18 2017


...................................

...THE PARKERSBURG WV CLIMATE SUMMARY FOR JANUARY 18 2017...
VALID TODAY AS OF 0500 PM LOCAL TIME.

CLIMATE NORMAL PERIOD 1981 TO 2010
CLIMATE RECORD PERIOD 1889 TO 2017


WEATHER ITEM   OBSERVED TIME   RECORD YEAR NORMAL DEPARTURE LAST
                VALUE   (LST)  VALUE       VALUE  FROM      YEAR
                                                  NORMAL
..................................................................
TEMPERATURE (F)
 TODAY
  MAXIMUM         50   1209 AM  72    1929  40     10       15
  MINIMUM         40    957 AM -15    1944  23     17        5
  AVERAGE         45                        31     14       10

PRECIPITATION (IN)
  TODAY            0.03          0.50 2004   0.10  -0.07      T
  MONTH TO DATE    3.01                      1.70   1.31     1.30
  SINCE DEC 1      7.72                      4.80   2.92     5.94
  SINCE JAN 1      3.01                      1.70   1.31     1.30

DEGREE DAYS
 HEATING
  TODAY           20                        34    -14       55
  MONTH TO DATE  519                       605    -86      615
  SINCE DEC 1   1379                      1530   -151     1158
  SINCE JUL 1   2133                      2515   -382     1920

 COOLING
  TODAY            0                         0      0        0
  MONTH TO DATE    0                         0      0        0
  SINCE DEC 1      0                         0      0        0
  SINCE JAN 1      0                         0      0        0
..................................................................


WIND (MPH)
  HIGHEST WIND SPEED    18   HIGHEST WIND DIRECTION     W (290)
  HIGHEST GUST SPEED    29   HIGHEST GUST DIRECTION     W (280)
  AVERAGE WIND SPEED     8.6


SKY COVER
  POSSIBLE SUNSHINE  MM
  AVERAGE SKY COVER 1.0


WEATHER CONDITIONS
 THE FOLLOWING WEATHER WAS RECORDED TODAY.
  LIGHT RAIN
  FOG
  HAZE


RELATIVE HUMIDITY (PERCENT)
 HIGHEST    96           600 AM
 LOWEST     70          1100 AM
 AVERAGE    83

..........................................................


THE PARKERSBURG WV CLIMATE NORMALS FOR TOMORROW
                         NORMAL    RECORD    YEAR
 MAXIMUM TEMPERATURE (F)   40        71      1907
 MINIMUM TEMPERATURE (F)   23       -24      1994


SUNRISE AND SUNSET
JANUARY 18 2017.......SUNRISE   743 AM EST   SUNSET   530 PM EST
JANUARY 19 2017.......SUNRISE   742 AM EST   SUNSET   531 PM EST


-  INDICATES NEGATIVE NUMBERS.
R  INDICATES RECORD WAS SET OR TIED.
MM INDICATES DATA IS MISSING.
T  INDICATES TRACE AMOUNT.




$$
