000
CDUS41 KRLX 260726
CLIPKB


CLIMATE REPORT
NATIONAL WEATHER SERVICE CHARLESTON WV
324 AM EDT TUE SEP 26 2017


...................................

...THE PARKERSBURG WV CLIMATE SUMMARY FOR SEPTEMBER 25 2017...

CLIMATE NORMAL PERIOD 1981 TO 2010
CLIMATE RECORD PERIOD 1889 TO 2017


WEATHER ITEM   OBSERVED TIME   RECORD YEAR NORMAL DEPARTURE LAST
                VALUE   (LST)  VALUE       VALUE  FROM      YEAR
                                                  NORMAL
..................................................................
TEMPERATURE (F)
 YESTERDAY
  MAXIMUM         88    157 PM  95    2007  74     14       86
  MINIMUM         64    659 AM  35    1942  51     13       53
  AVERAGE         76                        63     13       70

PRECIPITATION (IN)
  YESTERDAY        0.00          1.47 1931   0.10  -0.10     0.00
  MONTH TO DATE    1.28                      2.58  -1.30     0.73
  SINCE JAN 1     40.75                     31.37   9.38    26.62

SNOWFALL (IN)
  YESTERDAY       MM
  MONTH TO DATE   MM
  SINCE SEP 1     MM
  SNOW DEPTH      MM

DEGREE DAYS
 HEATING
  YESTERDAY        0                         4     -4        0
  MONTH TO DATE   45                        45      0        0
  SINCE SEP 1     45                        45      0        0
  SINCE JUL 1     47                        50     -3        0

 COOLING
  YESTERDAY       11                         2      9        5
  MONTH TO DATE  104                        98      6      230
  SINCE SEP 1    104                        98      6      230
  SINCE JAN 1    906                       928    -22     1308
..................................................................


WIND (MPH)
  HIGHEST WIND SPEED     8   HIGHEST WIND DIRECTION    SW (210)
  HIGHEST GUST SPEED    13   HIGHEST GUST DIRECTION     S (170)
  AVERAGE WIND SPEED     1.6


SKY COVER
  POSSIBLE SUNSHINE  MM
  AVERAGE SKY COVER 0.0


WEATHER CONDITIONS
 THE FOLLOWING WEATHER WAS RECORDED YESTERDAY.
  FOG


RELATIVE HUMIDITY (PERCENT)
 HIGHEST   100           300 AM
 LOWEST     43           200 PM
 AVERAGE    72

..........................................................


THE PARKERSBURG WV CLIMATE NORMALS FOR TODAY
                         NORMAL    RECORD    YEAR
 MAXIMUM TEMPERATURE (F)   73        91      1933
 MINIMUM TEMPERATURE (F)   51        36      1940


SUNRISE AND SUNSET
SEPTEMBER 26 2017.....SUNRISE   717 AM EDT   SUNSET   716 PM EDT
SEPTEMBER 27 2017.....SUNRISE   718 AM EDT   SUNSET   714 PM EDT


-  INDICATES NEGATIVE NUMBERS.
R  INDICATES RECORD WAS SET OR TIED.
MM INDICATES DATA IS MISSING.
T  INDICATES TRACE AMOUNT.




$$
