000
CDUS41 KRLX 282117
CLIPKB


CLIMATE REPORT
NATIONAL WEATHER SERVICE CHARLESTON WV
517 PM EDT SUN MAY 28 2017


...................................

...THE PARKERSBURG WV CLIMATE SUMMARY FOR MAY 28 2017...
VALID TODAY AS OF 0500 PM LOCAL TIME.

CLIMATE NORMAL PERIOD 1981 TO 2010
CLIMATE RECORD PERIOD 1889 TO 2017


WEATHER ITEM   OBSERVED TIME   RECORD YEAR NORMAL DEPARTURE LAST
                VALUE   (LST)  VALUE       VALUE  FROM      YEAR
                                                  NORMAL
..................................................................
TEMPERATURE (F)
 TODAY
  MAXIMUM         80    136 PM  92    1941  77      3       87
                                      1931
  MINIMUM         62    529 AM  36    1994  54      8       65
  AVERAGE         71                        66      5       76

PRECIPITATION (IN)
  TODAY            0.00          1.54 1984   0.15  -0.15     0.00
  MONTH TO DATE    2.57                      3.86  -1.29     3.71
  SINCE MAR 1     12.02                     10.86   1.16    10.89
  SINCE JAN 1     20.57                     16.51   4.06    16.43

DEGREE DAYS
 HEATING
  TODAY            0                         3     -3        0
  MONTH TO DATE  125                       140    -15      159
  SINCE MAR 1    944                      1156   -212      928
  SINCE JUL 1   3975                      4946   -971     4141

 COOLING
  TODAY            6                         3      3       11
  MONTH TO DATE   62                        52     10       44
  SINCE MAR 1    101                        73     28       64
  SINCE JAN 1    105                        73     32       64
..................................................................


WIND (MPH)
  HIGHEST WIND SPEED    16   HIGHEST WIND DIRECTION    SW (210)
  HIGHEST GUST SPEED    22   HIGHEST GUST DIRECTION    SW (210)
  AVERAGE WIND SPEED     5.8


SKY COVER
  POSSIBLE SUNSHINE  MM
  AVERAGE SKY COVER 0.5


WEATHER CONDITIONS
 THE FOLLOWING WEATHER WAS RECORDED TODAY.
  FOG


RELATIVE HUMIDITY (PERCENT)
 HIGHEST   100           400 AM
 LOWEST     58          1200 PM
 AVERAGE    79

..........................................................


THE PARKERSBURG WV CLIMATE NORMALS FOR TOMORROW
                         NORMAL    RECORD    YEAR
 MAXIMUM TEMPERATURE (F)   77        92      1991
                                             1987
 MINIMUM TEMPERATURE (F)   55        39      1949


SUNRISE AND SUNSET
MAY 28 2017...........SUNRISE   603 AM EDT   SUNSET   844 PM EDT
MAY 29 2017...........SUNRISE   602 AM EDT   SUNSET   845 PM EDT


-  INDICATES NEGATIVE NUMBERS.
R  INDICATES RECORD WAS SET OR TIED.
MM INDICATES DATA IS MISSING.
T  INDICATES TRACE AMOUNT.




$$
