958
CDUS41 KRLX 262120
CLIPKB


CLIMATE REPORT
NATIONAL WEATHER SERVICE CHARLESTON WV
520 PM EDT SUN MAR 26 2017


...................................

...THE PARKERSBURG WV CLIMATE SUMMARY FOR MARCH 26 2017...
VALID TODAY AS OF 0500 PM LOCAL TIME.

CLIMATE NORMAL PERIOD 1981 TO 2010
CLIMATE RECORD PERIOD 1889 TO 2017


WEATHER ITEM   OBSERVED TIME   RECORD YEAR NORMAL DEPARTURE LAST
                VALUE   (LST)  VALUE       VALUE  FROM      YEAR
                                                  NORMAL
..................................................................
TEMPERATURE (F)
 TODAY
  MAXIMUM         69    214 PM  84    1907  58     11       67
  MINIMUM         58   1201 AM  14    1940  36     22       39
  AVERAGE         64                        47     17       53

PRECIPITATION (IN)
  TODAY            0.19          1.23 2002   0.12   0.07     0.00
  MONTH TO DATE    2.71                      3.10  -0.39     2.18
  SINCE MAR 1      2.71                      3.10  -0.39     2.18
  SINCE JAN 1     11.26                      8.75   2.51     7.72

DEGREE DAYS
 HEATING
  TODAY            1                        18    -17       12
  MONTH TO DATE  604                       584     20      400
  SINCE MAR 1    604                       584     20      400
  SINCE JUL 1   3635                      4374   -739     3613

 COOLING
  TODAY            0                         0      0        0
  MONTH TO DATE    2                         0      2        2
  SINCE MAR 1      2                         0      2        2
  SINCE JAN 1      6                         0      6        2
..................................................................


WIND (MPH)
  HIGHEST WIND SPEED    22   HIGHEST WIND DIRECTION    SW (240)
  HIGHEST GUST SPEED    32   HIGHEST GUST DIRECTION    SW (240)
  AVERAGE WIND SPEED     7.1


SKY COVER
  POSSIBLE SUNSHINE  MM
  AVERAGE SKY COVER 0.4


WEATHER CONDITIONS
 THE FOLLOWING WEATHER WAS RECORDED TODAY.
  HEAVY RAIN
  LIGHT RAIN
  FOG


RELATIVE HUMIDITY (PERCENT)
 HIGHEST    90           400 PM
 LOWEST     49          1100 AM
 AVERAGE    70

..........................................................


THE PARKERSBURG WV CLIMATE NORMALS FOR TOMORROW
                         NORMAL    RECORD    YEAR
 MAXIMUM TEMPERATURE (F)   59        86      1950
 MINIMUM TEMPERATURE (F)   36        16      2001


SUNRISE AND SUNSET
MARCH 26 2017.........SUNRISE   719 AM EDT   SUNSET   744 PM EDT
MARCH 27 2017.........SUNRISE   718 AM EDT   SUNSET   745 PM EDT


-  INDICATES NEGATIVE NUMBERS.
R  INDICATES RECORD WAS SET OR TIED.
MM INDICATES DATA IS MISSING.
T  INDICATES TRACE AMOUNT.




$$
