000
CDUS41 KRLX 010823
CLIPKB


CLIMATE REPORT
NATIONAL WEATHER SERVICE CHARLESTON WV
322 AM EST SUN MAR 1 2015


...................................

...THE PARKERSBURG WV CLIMATE SUMMARY FOR FEBRUARY 28 2015...

CLIMATE NORMAL PERIOD 1981 TO 2010
CLIMATE RECORD PERIOD 1889 TO 2015


WEATHER ITEM   OBSERVED TIME   RECORD YEAR NORMAL DEPARTURE LAST
                VALUE   (LST)  VALUE       VALUE  FROM      YEAR
                                                  NORMAL
..................................................................
TEMPERATURE (F)
 YESTERDAY
  MAXIMUM         34    412 PM  74    1939  48    -14       35
  MINIMUM          5    630 AM  -6    1934  28    -23        4
  AVERAGE         20                        38    -18       20

PRECIPITATION (IN)
  YESTERDAY        0.00          0.80 2005   0.10  -0.10     0.00
  MONTH TO DATE    1.66                      2.70  -1.04     1.63
  SINCE JAN 1      3.89                      5.65  -1.76     3.89

SNOWFALL (IN)
  YESTERDAY       MM
  MONTH TO DATE   MM
  SINCE SEP 1     MM
  SINCE JUL 1     MM
  SNOW DEPTH      MM

DEGREE DAYS
 HEATING
  YESTERDAY       45                        27     18       45
  MONTH TO DATE 1177                       846    331      668
  SINCE DEC 1   3107                      2805    302     2661
  SINCE JUL 1     MM                      3790     MM     3763

 COOLING
  YESTERDAY        0                         0      0        0
  MONTH TO DATE    0                         0      0        0
  SINCE DEC 1      0                         0      0        0
  SINCE JAN 1      0                         0      0        0
..................................................................


WIND (MPH)
  HIGHEST WIND SPEED     9   HIGHEST WIND DIRECTION    NE (60)
  HIGHEST GUST SPEED    20   HIGHEST GUST DIRECTION    SE (140)
  AVERAGE WIND SPEED     2.4


SKY COVER
  POSSIBLE SUNSHINE  MM
  AVERAGE SKY COVER 0.4


WEATHER CONDITIONS
 THE FOLLOWING WEATHER WAS RECORDED YESTERDAY.
  FOG
  HAZE


RELATIVE HUMIDITY (PERCENT)
 HIGHEST    83           400 AM
 LOWEST     25           400 PM
 AVERAGE    54

..........................................................


THE PARKERSBURG WV CLIMATE NORMALS FOR TODAY
                         NORMAL    RECORD    YEAR
 MAXIMUM TEMPERATURE (F)   48        74      1972
 MINIMUM TEMPERATURE (F)   28         6      1980


SUNRISE AND SUNSET
MARCH  1 2015.........SUNRISE   659 AM EST   SUNSET   618 PM EST
MARCH  2 2015.........SUNRISE   657 AM EST   SUNSET   619 PM EST


-  INDICATES NEGATIVE NUMBERS.
R  INDICATES RECORD WAS SET OR TIED.
MM INDICATES DATA IS MISSING.
T  INDICATES TRACE AMOUNT.




$$
