000
CDUS46 KLOX 200858
CLIPMD


CLIMATE REPORT
NATIONAL WEATHER SERVICE LOS ANGELES/OXNARD CA
158 AM PDT WED SEP 20 2017


...................................

...THE PALMDALE AIRPORT CA CLIMATE SUMMARY FOR SEPTEMBER 19 2017...

CLIMATE NORMAL PERIOD 1981 TO 2010
CLIMATE RECORD PERIOD 1931 TO 2017


WEATHER ITEM   OBSERVED TIME   RECORD YEAR NORMAL DEPARTURE LAST
                VALUE   (LST)  VALUE       VALUE  FROM      YEAR
                                                  NORMAL
..................................................................
TEMPERATURE (F)
 YESTERDAY
  MAXIMUM         80   1246 PM 102    1995  90    -10       99
  MINIMUM         60   1159 PM  38    1978  56      4       62
  AVERAGE         70                        73     -3       81

PRECIPITATION (IN)
  YESTERDAY        0.00          0.40 1989   0.01  -0.01     0.00
  MONTH TO DATE    0.40                      0.17   0.23     0.00
  SINCE OCT 1      6.35                      8.18  -1.83     4.28
  SINCE JAN 1      4.56                      5.73  -1.17     2.47

SNOWFALL (IN)
  YESTERDAY        0.0           0.0  1973  MM               0.0
  MONTH TO DATE    0.0                      MM               0.0
  SINCE SEP 1      0.0                      MM               0.0
  SINCE JUL 1      0.0                      MM               0.0
  SNOW DEPTH       0

DEGREE DAYS
 HEATING
  YESTERDAY        0                         0      0        0
  MONTH TO DATE    0                         0      0        4
  SINCE SEP 1      0                         0      0        4
  SINCE JUL 1      0                         0      0        4

 COOLING
  YESTERDAY        5                         8     -3       16
  MONTH TO DATE  260                       204     56      188
  SINCE SEP 1    260                       204     56      188
  SINCE JAN 1   2173                      1686    487     1952
..................................................................


WIND (MPH)
  HIGHEST WIND SPEED    26   HIGHEST WIND DIRECTION    SW (230)
  HIGHEST GUST SPEED    41   HIGHEST GUST DIRECTION    SW (220)
  AVERAGE WIND SPEED    14.1


SKY COVER
  POSSIBLE SUNSHINE  MM
  AVERAGE SKY COVER 0.0


WEATHER CONDITIONS
 THE FOLLOWING WEATHER WAS RECORDED YESTERDAY.
  NO SIGNIFICANT WEATHER WAS OBSERVED.


RELATIVE HUMIDITY (PERCENT)
 HIGHEST    67           400 AM
 LOWEST     32          1200 PM
 AVERAGE    50

..........................................................


THE PALMDALE AIRPORT CA CLIMATE NORMALS FOR TODAY
                         NORMAL    RECORD    YEAR
 MAXIMUM TEMPERATURE (F)   89       101      1995
 MINIMUM TEMPERATURE (F)   56        34      1978


SUNRISE AND SUNSET
SEPTEMBER 20 2017.....SUNRISE   639 AM PDT   SUNSET   651 PM PDT
SEPTEMBER 21 2017.....SUNRISE   640 AM PDT   SUNSET   650 PM PDT


-  INDICATES NEGATIVE NUMBERS.
R  INDICATES RECORD WAS SET OR TIED.
MM INDICATES DATA IS MISSING.
T  INDICATES TRACE AMOUNT.




$$
