000
CDUS46 KLOX 270130
CLIPMD


CLIMATE REPORT
NATIONAL WEATHER SERVICE LOS ANGELES/OXNARD CA
530 PM PST SUN FEB 26 2017


...................................

...THE PALMDALE AIRPORT CA CLIMATE SUMMARY FOR FEBRUARY 26 2017...
VALID TODAY AS OF 0500 PM LOCAL TIME.

CLIMATE NORMAL PERIOD 1981 TO 2010
CLIMATE RECORD PERIOD 1931 TO 2017


WEATHER ITEM   OBSERVED TIME   RECORD YEAR NORMAL DEPARTURE LAST
                VALUE   (LST)  VALUE       VALUE  FROM      YEAR
                                                  NORMAL
..................................................................
TEMPERATURE (F)
 TODAY
  MAXIMUM         54    321 PM  82    1986  64    -10       76
  MINIMUM         38    626 AM  20    1964  38      0       37
  AVERAGE         46                        51     -5       57

PRECIPITATION (IN)
  TODAY            0.07          0.50 2004   0.05   0.02     0.00
  MONTH TO DATE    1.78                      1.64   0.14     0.09
  SINCE OCT 1      5.89                      5.66   0.23     3.26
  SINCE JAN 1      4.10                      3.21   0.89     1.45

SNOWFALL (IN)
  TODAY           MM             T    1962  MM               0.0
  MONTH TO DATE    0.0                      MM               0.0
  SINCE DEC 1      0.0                      MM                T
  SINCE JUL 1      0.0                      MM                T
  SNOW DEPTH       0

DEGREE DAYS
 HEATING
  TODAY           19                        14      5        8
  MONTH TO DATE  317                       432   -115      360
  SINCE DEC 1   1487                      1689   -202     1629
  SINCE JUL 1   1870                      2216   -346     2152

 COOLING
  TODAY            0                         0      0        0
  MONTH TO DATE    0                         0      0        0
  SINCE DEC 1      0                         0      0        0
  SINCE JAN 1      0                         0      0        0
..................................................................


WIND (MPH)
  HIGHEST WIND SPEED    21   HIGHEST WIND DIRECTION    SW (230)
  HIGHEST GUST SPEED    27   HIGHEST GUST DIRECTION    SW (240)
  AVERAGE WIND SPEED     8.1


SKY COVER
  POSSIBLE SUNSHINE  MM
  AVERAGE SKY COVER 0.7


WEATHER CONDITIONS
 THE FOLLOWING WEATHER WAS RECORDED TODAY.
  LIGHT RAIN
  FOG


RELATIVE HUMIDITY (PERCENT)
 HIGHEST   100           600 AM
 LOWEST     54           200 PM
 AVERAGE    77

..........................................................


THE PALMDALE AIRPORT CA CLIMATE NORMALS FOR TOMORROW
                         NORMAL    RECORD    YEAR
 MAXIMUM TEMPERATURE (F)   64        83      1986
 MINIMUM TEMPERATURE (F)   38        15      1971


SUNRISE AND SUNSET
FEBRUARY 26 2017......SUNRISE   625 AM PST   SUNSET   546 PM PST
FEBRUARY 27 2017......SUNRISE   624 AM PST   SUNSET   547 PM PST


-  INDICATES NEGATIVE NUMBERS.
R  INDICATES RECORD WAS SET OR TIED.
MM INDICATES DATA IS MISSING.
T  INDICATES TRACE AMOUNT.




$$
