000
CDUS46 KLOX 170115
CLIPMD


CLIMATE REPORT
NATIONAL WEATHER SERVICE LOS ANGELES/OXNARD CA
515 PM PST MON JAN 16 2017


...................................

...THE PALMDALE AIRPORT CA CLIMATE SUMMARY FOR JANUARY 16 2017...
VALID TODAY AS OF 0500 PM LOCAL TIME.

CLIMATE NORMAL PERIOD 1981 TO 2010
CLIMATE RECORD PERIOD 1931 TO 2017


WEATHER ITEM   OBSERVED TIME   RECORD YEAR NORMAL DEPARTURE LAST
                VALUE   (LST)  VALUE       VALUE  FROM      YEAR
                                                  NORMAL
..................................................................
TEMPERATURE (F)
 TODAY
  MAXIMUM         56    357 PM  76    1975  59     -3       65
  MINIMUM         32    721 AM  13    1949  31      1       37
  AVERAGE         44                        45     -1       51

PRECIPITATION (IN)
  TODAY            0.00          0.97 1979   0.04  -0.04     0.00
  MONTH TO DATE    0.94                      0.96  -0.02     1.15
  SINCE OCT 1      2.73                      3.41  -0.68     2.96
  SINCE JAN 1      0.94                      0.96  -0.02     1.15

SNOWFALL (IN)
  TODAY            0.0           0.0  1974  MM               0.0
  MONTH TO DATE    0.0                      MM               0.0
  SINCE DEC 1      0.0                      MM               0.0
  SINCE JUL 1      0.0                      MM               0.0
  SNOW DEPTH       0

DEGREE DAYS
 HEATING
  TODAY           21                        20      1       14
  MONTH TO DATE  301                       329    -28      350
  SINCE DEC 1    873                       966    -93     1028
  SINCE JUL 1   1256                      1493   -237     1551

 COOLING
  TODAY            0                         0      0        0
  MONTH TO DATE    0                         0      0        0
  SINCE DEC 1      0                         0      0        0
  SINCE JAN 1      0                         0      0        0
..................................................................


WIND (MPH)
  HIGHEST WIND SPEED    17   HIGHEST WIND DIRECTION     E (80)
  HIGHEST GUST SPEED    22   HIGHEST GUST DIRECTION     E (80)
  AVERAGE WIND SPEED     5.8


SKY COVER
  POSSIBLE SUNSHINE  MM
  AVERAGE SKY COVER 0.1


WEATHER CONDITIONS
 THE FOLLOWING WEATHER WAS RECORDED TODAY.
  FOG
  FOG W/VISIBILITY <= 1/4 MILE


RELATIVE HUMIDITY (PERCENT)
 HIGHEST   100           400 AM
 LOWEST     30           200 PM
 AVERAGE    65

..........................................................


THE PALMDALE AIRPORT CA CLIMATE NORMALS FOR TOMORROW
                         NORMAL    RECORD    YEAR
 MAXIMUM TEMPERATURE (F)   59        76      2011
 MINIMUM TEMPERATURE (F)   31        12      1949


SUNRISE AND SUNSET
JANUARY 16 2017.......SUNRISE   659 AM PST   SUNSET   506 PM PST
JANUARY 17 2017.......SUNRISE   658 AM PST   SUNSET   507 PM PST


-  INDICATES NEGATIVE NUMBERS.
R  INDICATES RECORD WAS SET OR TIED.
MM INDICATES DATA IS MISSING.
T  INDICATES TRACE AMOUNT.




$$
