000
CDUS46 KLOX 290916
CLIPMD


CLIMATE REPORT
NATIONAL WEATHER SERVICE LOS ANGELES/OXNARD CA
216 AM PDT WED MAR 29 2017


...................................

...THE PALMDALE AIRPORT CA CLIMATE SUMMARY FOR MARCH 28 2017...

CLIMATE NORMAL PERIOD 1981 TO 2010
CLIMATE RECORD PERIOD 1931 TO 2017


WEATHER ITEM   OBSERVED TIME   RECORD YEAR NORMAL DEPARTURE LAST
                VALUE   (LST)  VALUE       VALUE  FROM      YEAR
                                                  NORMAL
..................................................................
TEMPERATURE (F)
 YESTERDAY
  MAXIMUM         72    336 PM  86    2015  68      4       63
  MINIMUM         37    530 AM  24    1975  40     -3       42
  AVERAGE         55                        54      1       53

PRECIPITATION (IN)
  YESTERDAY        0.00          0.58 1979   0.03  -0.03     0.00
  MONTH TO DATE    0.02                      1.15  -1.13     0.83
  SINCE OCT 1      5.91                      6.89  -0.98     4.09
  SINCE JAN 1      4.12                      4.44  -0.32     2.28

SNOWFALL (IN)
  YESTERDAY        0.0           0.0  1974  MM               0.0
  MONTH TO DATE    0.0                      MM               0.0
  SINCE MAR 1      0.0                      MM               0.0
  SINCE JUL 1      0.0                      MM                T
  SNOW DEPTH       0

DEGREE DAYS
 HEATING
  YESTERDAY       10                        11     -1       12
  MONTH TO DATE  219                       343   -124      226
  SINCE MAR 1    219                       343   -124      226
  SINCE JUL 1   2128                      2588   -460     2387

 COOLING
  YESTERDAY        0                         0      0        0
  MONTH TO DATE    7                         0      7        0
  SINCE MAR 1      7                         0      7        0
  SINCE JAN 1      7                         0      7        0
..................................................................


WIND (MPH)
  HIGHEST WIND SPEED    21   HIGHEST WIND DIRECTION    NW (300)
  HIGHEST GUST SPEED    24   HIGHEST GUST DIRECTION    NE (30)
  AVERAGE WIND SPEED     8.2


SKY COVER
  POSSIBLE SUNSHINE  MM
  AVERAGE SKY COVER 0.0


WEATHER CONDITIONS
 THE FOLLOWING WEATHER WAS RECORDED YESTERDAY.
  NO SIGNIFICANT WEATHER WAS OBSERVED.


RELATIVE HUMIDITY (PERCENT)
 HIGHEST    85           600 AM
 LOWEST     13           400 PM
 AVERAGE    49

..........................................................


THE PALMDALE AIRPORT CA CLIMATE NORMALS FOR TODAY
                         NORMAL    RECORD    YEAR
 MAXIMUM TEMPERATURE (F)   68        87      2015
 MINIMUM TEMPERATURE (F)   40        23      1975


SUNRISE AND SUNSET
MARCH 29 2017.........SUNRISE   643 AM PDT   SUNSET   711 PM PDT
MARCH 30 2017.........SUNRISE   642 AM PDT   SUNSET   712 PM PDT


-  INDICATES NEGATIVE NUMBERS.
R  INDICATES RECORD WAS SET OR TIED.
MM INDICATES DATA IS MISSING.
T  INDICATES TRACE AMOUNT.




$$
