000
CDUS46 KLOX 220204
CLIPMD


CLIMATE REPORT
NATIONAL WEATHER SERVICE LOS ANGELES/OXNARD CA
604 PM PST SUN JAN 21 2018


...................................

...THE PALMDALE AIRPORT CA CLIMATE SUMMARY FOR JANUARY 21 2018...
VALID TODAY AS OF 0600 PM LOCAL TIME.

CLIMATE NORMAL PERIOD 1981 TO 2010
CLIMATE RECORD PERIOD 1931 TO 2018


WEATHER ITEM   OBSERVED TIME   RECORD YEAR NORMAL DEPARTURE LAST
                VALUE   (LST)  VALUE       VALUE  FROM      YEAR
                                                  NORMAL
..................................................................
TEMPERATURE (F)
 TODAY
  MAXIMUM         53    355 PM  74    1950  59     -6       53
  MINIMUM         27    724 AM   9    1937  32     -5       39
  AVERAGE         40                        45     -5       46

PRECIPITATION (IN)
  TODAY            0.00          0.84 2010   0.05  -0.05     0.02
  MONTH TO DATE    0.60                      1.18  -0.58     1.53
  SINCE OCT 1      0.60                      3.63  -3.03     3.32
  SINCE JAN 1      0.60                      1.18  -0.58     1.53

SNOWFALL (IN)
  TODAY            0.0           0.2  1962  MM              MM
  MONTH TO DATE    0.0                      MM               0.0
  SINCE DEC 1      0.0                      MM               0.0
  SINCE JUL 1      0.0                      MM               0.0
  SNOW DEPTH       0

DEGREE DAYS
 HEATING
  TODAY           25                        20      5       19
  MONTH TO DATE  266                       429   -163      393
  SINCE DEC 1    795                      1066   -271      965
  SINCE JUL 1   1080                      1593   -513     1348

 COOLING
  TODAY            0                         0      0        0
  MONTH TO DATE    0                         0      0        0
  SINCE DEC 1      0                         0      0        0
  SINCE JAN 1      0                         0      0        0
..................................................................


WIND (MPH)
  HIGHEST WIND SPEED     9   HIGHEST WIND DIRECTION     N (10)
  HIGHEST GUST SPEED    12   HIGHEST GUST DIRECTION     N (20)
  AVERAGE WIND SPEED     4.6


SKY COVER
  POSSIBLE SUNSHINE  MM
  AVERAGE SKY COVER 0.0


WEATHER CONDITIONS
 THE FOLLOWING WEATHER WAS RECORDED TODAY.
  NO SIGNIFICANT WEATHER WAS OBSERVED.


RELATIVE HUMIDITY (PERCENT)
 HIGHEST    81           700 AM
 LOWEST     19           400 PM
 AVERAGE    50

..........................................................


THE PALMDALE AIRPORT CA CLIMATE NORMALS FOR TOMORROW
                         NORMAL    RECORD    YEAR
 MAXIMUM TEMPERATURE (F)   59        72      1970
 MINIMUM TEMPERATURE (F)   32        10      1937


SUNRISE AND SUNSET
JANUARY 21 2018.......SUNRISE   657 AM PST   SUNSET   511 PM PST
JANUARY 22 2018.......SUNRISE   656 AM PST   SUNSET   512 PM PST


-  INDICATES NEGATIVE NUMBERS.
R  INDICATES RECORD WAS SET OR TIED.
MM INDICATES DATA IS MISSING.
T  INDICATES TRACE AMOUNT.




$$
