000
CDUS46 KLOX 270122
CLIPMD


CLIMATE REPORT
NATIONAL WEATHER SERVICE LOS ANGELES/OXNARD CA
621 PM PDT FRI MAY 26 2017


...................................

...THE PALMDALE AIRPORT CA CLIMATE SUMMARY FOR MAY 26 2017...
VALID TODAY AS OF 0600 PM LOCAL TIME.

CLIMATE NORMAL PERIOD 1981 TO 2010
CLIMATE RECORD PERIOD 1931 TO 2017


WEATHER ITEM   OBSERVED TIME   RECORD YEAR NORMAL DEPARTURE LAST
                VALUE   (LST)  VALUE       VALUE  FROM      YEAR
                                                  NORMAL
..................................................................
TEMPERATURE (F)
 TODAY
  MAXIMUM         71    306 PM 100    1974  86    -15       79
  MINIMUM         52    508 AM  38    1980  55     -3       53
  AVERAGE         62                        70     -8       66

PRECIPITATION (IN)
  TODAY            0.00          0.07 1937   0.00   0.00     0.00
  MONTH TO DATE    0.02                      0.23  -0.21      T
  SINCE OCT 1      5.93                      7.66  -1.73     4.28
  SINCE JAN 1      4.14                      5.21  -1.07     2.47

SNOWFALL (IN)
  TODAY            0.0          MM      MM  MM               0.0
  MONTH TO DATE    0.0                      MM               0.0
  SINCE MAR 1      0.0                      MM               0.0
  SINCE JUL 1      0.0                      MM                T
  SNOW DEPTH       0

DEGREE DAYS
 HEATING
  TODAY            3                         1      2        0
  MONTH TO DATE   62                        63     -1       61
  SINCE MAR 1    415                       668   -253      444
  SINCE JUL 1   2324                      2913   -589     2605

 COOLING
  TODAY            0                         7     -7        1
  MONTH TO DATE  121                       111     10       73
  SINCE MAR 1    135                       134      1       93
  SINCE JAN 1    135                       134      1       93
..................................................................


WIND (MPH)
  HIGHEST WIND SPEED    32   HIGHEST WIND DIRECTION    SW (240)
  HIGHEST GUST SPEED    37   HIGHEST GUST DIRECTION    SW (230)
  AVERAGE WIND SPEED    21.2


SKY COVER
  POSSIBLE SUNSHINE  MM
  AVERAGE SKY COVER 0.0


WEATHER CONDITIONS
 THE FOLLOWING WEATHER WAS RECORDED TODAY.
  NO SIGNIFICANT WEATHER WAS OBSERVED.


RELATIVE HUMIDITY (PERCENT)
 HIGHEST    71          1200 AM
 LOWEST     35           100 PM
 AVERAGE    53

..........................................................


THE PALMDALE AIRPORT CA CLIMATE NORMALS FOR TOMORROW
                         NORMAL    RECORD    YEAR
 MAXIMUM TEMPERATURE (F)   86       102      1984
 MINIMUM TEMPERATURE (F)   55        41      1934


SUNRISE AND SUNSET
MAY 26 2017...........SUNRISE   543 AM PDT   SUNSET   756 PM PDT
MAY 27 2017...........SUNRISE   542 AM PDT   SUNSET   757 PM PDT


-  INDICATES NEGATIVE NUMBERS.
R  INDICATES RECORD WAS SET OR TIED.
MM INDICATES DATA IS MISSING.
T  INDICATES TRACE AMOUNT.




$$
