000
CDUS44 KMOB 130645
CLIPNS


CLIMATE REPORT
NATIONAL WEATHER SERVICE MOBILE AL
1245 AM CST WED DEC 13 2017


...................................

...THE PENSACOLA CLIMATE SUMMARY FOR DECEMBER 12 2017...

CLIMATE NORMAL PERIOD 1981 TO 2010
CLIMATE RECORD PERIOD 1879 TO 2017


WEATHER ITEM   OBSERVED TIME   RECORD YEAR NORMAL DEPARTURE LAST
                VALUE   (LST)  VALUE       VALUE  FROM      YEAR
                                                  NORMAL
..................................................................
TEMPERATURE (F)
 YESTERDAY
  MAXIMUM         63    125 PM  80    2016  63      0       80
  MINIMUM         44   1053 PM  15    1962  45     -1       54
  AVERAGE         54                        54      0       67

PRECIPITATION (IN)
  YESTERDAY        0.00          2.65 1909   0.14  -0.14      T
  MONTH TO DATE    3.02                      1.87   1.15     6.09
  SINCE MAR 1     75.92                     52.90  23.02    52.44
  SINCE JAN 1     91.27                     62.59  28.68    61.09

SNOWFALL (IN)
  YESTERDAY        0.0           0.0  2002   0.0    0.0      0.0
                                      2001
                                      2000
  MONTH TO DATE    0.0                       0.0    0.0      0.0
  SINCE MAR 1      0.0                       0.0    0.0      0.0
  SINCE JUL 1      0.0                       0.0    0.0      0.0
  SNOW DEPTH       0

DEGREE DAYS
 HEATING
  YESTERDAY       11                        11      0        0
  MONTH TO DATE  128                       123      5       88
  SINCE DEC 1    128                       123      5       88
  SINCE JUL 1    263                       335    -72      157

 COOLING
  YESTERDAY        0                         0      0        2
  MONTH TO DATE   10                         7      3        9
  SINCE DEC 1     10                         7      3        9
  SINCE JAN 1   3343                      2603    740     3217
..................................................................


WIND (MPH)
  HIGHEST WIND SPEED    26   HIGHEST WIND DIRECTION    NW (330)
  HIGHEST GUST SPEED    31   HIGHEST GUST DIRECTION    NW (330)
  AVERAGE WIND SPEED    12.2


SKY COVER
  POSSIBLE SUNSHINE  MM
  AVERAGE SKY COVER 0.0


WEATHER CONDITIONS
 THE FOLLOWING WEATHER WAS RECORDED YESTERDAY.
  NO SIGNIFICANT WEATHER WAS OBSERVED.


RELATIVE HUMIDITY (PERCENT)
 HIGHEST    83          1200 AM
 LOWEST     32           200 PM
 AVERAGE    58

..........................................................


THE PENSACOLA CLIMATE NORMALS FOR TODAY
                         NORMAL    RECORD    YEAR
 MAXIMUM TEMPERATURE (F)   63        80      2016
 MINIMUM TEMPERATURE (F)   45        11      1962


SUNRISE AND SUNSET
DECEMBER 13 2017......SUNRISE   637 AM CST   SUNSET   449 PM CST
DECEMBER 14 2017......SUNRISE   638 AM CST   SUNSET   450 PM CST


-  INDICATES NEGATIVE NUMBERS.
R  INDICATES RECORD WAS SET OR TIED.
MM INDICATES DATA IS MISSING.
T  INDICATES TRACE AMOUNT.




$$
