602
CDUS44 KMOB 300645
CLIPNS


CLIMATE REPORT
NATIONAL WEATHER SERVICE MOBILE AL
145 AM CDT SAT APR 30 2016


...................................

...THE PENSACOLA CLIMATE SUMMARY FOR APRIL 29 2016...

CLIMATE NORMAL PERIOD 1981 TO 2010
CLIMATE RECORD PERIOD 1879 TO 2016


WEATHER ITEM   OBSERVED TIME   RECORD YEAR NORMAL DEPARTURE LAST
                VALUE   (LST)  VALUE       VALUE  FROM      YEAR
                                                  NORMAL
..................................................................
TEMPERATURE (F)
 YESTERDAY
  MAXIMUM         85    154 PM  93    1952  79      6       70
  MINIMUM         66    224 AM  44    1992  61      5       59
  AVERAGE         76                        70      6       65

PRECIPITATION (IN)
  YESTERDAY        0.00         15.55 2014   0.13  -0.13     0.00
  MONTH TO DATE    5.97                      4.20   1.77     9.98
  SINCE MAR 1     13.62                     10.01   3.61    12.36
  SINCE JAN 1     22.27                     19.70   2.57    22.77

DEGREE DAYS
 HEATING
  YESTERDAY        0                         0      0        0
  MONTH TO DATE   11                        51    -40        1
  SINCE MAR 1     83                       227   -144      101
  SINCE JUL 1    965                      1535   -570     1544

 COOLING
  YESTERDAY       11                         6      5        0
  MONTH TO DATE  129                        96     33      197
  SINCE MAR 1    215                       129     86      299
  SINCE JAN 1    233                       143     90      306
..................................................................


WIND (MPH)
  HIGHEST WIND SPEED    17   HIGHEST WIND DIRECTION    SE (150)
  HIGHEST GUST SPEED    21   HIGHEST GUST DIRECTION    SE (150)
  AVERAGE WIND SPEED     8.0


SKY COVER
  POSSIBLE SUNSHINE  MM
  AVERAGE SKY COVER 0.1


WEATHER CONDITIONS
 THE FOLLOWING WEATHER WAS RECORDED YESTERDAY.
  NO SIGNIFICANT WEATHER WAS OBSERVED.


RELATIVE HUMIDITY (PERCENT)
 HIGHEST    94          1000 PM
 LOWEST     51          1200 PM
 AVERAGE    73

..........................................................


THE PENSACOLA CLIMATE NORMALS FOR TODAY
                         NORMAL    RECORD    YEAR
 MAXIMUM TEMPERATURE (F)   79        93      1952
 MINIMUM TEMPERATURE (F)   62        50      1965


SUNRISE AND SUNSET
APRIL 30 2016.........SUNRISE   606 AM CDT   SUNSET   727 PM CDT
MAY  1 2016...........SUNRISE   605 AM CDT   SUNSET   727 PM CDT


-  INDICATES NEGATIVE NUMBERS.
R  INDICATES RECORD WAS SET OR TIED.
MM INDICATES DATA IS MISSING.
T  INDICATES TRACE AMOUNT.




$$
