000
CDUS44 KMOB 252226
CLIPNS


CLIMATE REPORT
NATIONAL WEATHER SERVICE MOBILE AL
525 PM CDT SAT OCT 25 2014


...................................

...THE PENSACOLA CLIMATE SUMMARY FOR OCTOBER 25 2014...
VALID TODAY AS OF 0500 PM LOCAL TIME.

CLIMATE NORMAL PERIOD 1981 TO 2010
CLIMATE RECORD PERIOD 1879 TO 2014


WEATHER ITEM   OBSERVED TIME   RECORD YEAR NORMAL DEPARTURE LAST
                VALUE   (LST)  VALUE       VALUE  FROM      YEAR
                                                  NORMAL
..................................................................
TEMPERATURE (F)
 TODAY
  MAXIMUM         79    316 PM  87    1992  76      3       69
  MINIMUM         53    625 AM  37    1982  57     -4       52
  AVERAGE         66                        67     -1       61

PRECIPITATION (IN)
  TODAY            0.00          2.96 1981   0.17  -0.17     0.00
  MONTH TO DATE    3.68                      4.24  -0.56     1.89
  SINCE MAR 1     66.38                     45.30  21.08    51.28
  SINCE JAN 1     77.71                     54.99  22.72    65.55

DEGREE DAYS
 HEATING
  TODAY            0                         2     -2        4
  MONTH TO DATE    6                        20    -14        6
  SINCE SEP 1      6                        21    -15        6
  SINCE JUL 1      6                        21    -15        6

 COOLING
  TODAY            1                         4     -3        0
  MONTH TO DATE  149                       159    -10      204
  SINCE SEP 1    550                       562    -12      680
  SINCE JAN 1   2506                      2529    -23     2662
..................................................................


WIND (MPH)
  HIGHEST WIND SPEED    18   HIGHEST WIND DIRECTION     N (350)
  HIGHEST GUST SPEED    25   HIGHEST GUST DIRECTION     N (360)
  AVERAGE WIND SPEED     9.1


SKY COVER
  POSSIBLE SUNSHINE  MM
  AVERAGE SKY COVER 0.0


WEATHER CONDITIONS
 THE FOLLOWING WEATHER WAS RECORDED TODAY.
  NO SIGNIFICANT WEATHER WAS OBSERVED.


RELATIVE HUMIDITY (PERCENT)
 HIGHEST    72           300 AM
 LOWEST     30           300 PM
 AVERAGE    51

..........................................................


THE PENSACOLA CLIMATE NORMALS FOR TOMORROW
                         NORMAL    RECORD    YEAR
 MAXIMUM TEMPERATURE (F)   76        87      1984
 MINIMUM TEMPERATURE (F)   57        39      1980


SUNRISE AND SUNSET
OCTOBER 25 2014.......SUNRISE   658 AM CDT   SUNSET   607 PM CDT
OCTOBER 26 2014.......SUNRISE   659 AM CDT   SUNSET   606 PM CDT


-  INDICATES NEGATIVE NUMBERS.
R  INDICATES RECORD WAS SET OR TIED.
MM INDICATES DATA IS MISSING.
T  INDICATES TRACE AMOUNT.




$$
