000
CDUS44 KMOB 010633
CLIPNS


CLIMATE REPORT
NATIONAL WEATHER SERVICE MOBILE AL
132 AM CDT TUE SEP 1 2015


...................................

...THE PENSACOLA CLIMATE SUMMARY FOR AUGUST 31 2015...

CLIMATE NORMAL PERIOD 1981 TO 2010
CLIMATE RECORD PERIOD 1879 TO 2015


WEATHER ITEM   OBSERVED TIME   RECORD YEAR NORMAL DEPARTURE LAST
                VALUE   (LST)  VALUE       VALUE  FROM      YEAR
                                                  NORMAL
..................................................................
TEMPERATURE (F)
 YESTERDAY
  MAXIMUM         93    212 PM 101    1954  89      4       90
  MINIMUM         72    600 AM  64    1986  74     -2       78
                                      1946
  AVERAGE         83                        81      2       84

PRECIPITATION (IN)
  YESTERDAY        0.00          2.93 1892   0.19  -0.19     0.00
  MONTH TO DATE    6.71                      6.76  -0.05     1.37
  SINCE MAR 1     35.30                     35.08   0.22    57.42
  SINCE JAN 1     45.71                     44.77   0.94    68.75

DEGREE DAYS
 COOLING
  YESTERDAY       18                        16      2       19
  MONTH TO DATE  553                       521     32      532
  SINCE JUN 1   1647                      1519    128     1505
  SINCE JAN 1   2300                      1967    333     1956
..................................................................


WIND (MPH)
  HIGHEST WIND SPEED    13   HIGHEST WIND DIRECTION     S (190)
  HIGHEST GUST SPEED    15   HIGHEST GUST DIRECTION     S (190)
  AVERAGE WIND SPEED     4.5


SKY COVER
  POSSIBLE SUNSHINE  MM
  AVERAGE SKY COVER 0.1


WEATHER CONDITIONS
 THE FOLLOWING WEATHER WAS RECORDED YESTERDAY.
  NO SIGNIFICANT WEATHER WAS OBSERVED.


RELATIVE HUMIDITY (PERCENT)
 HIGHEST    93           200 AM
 LOWEST     41           100 PM
 AVERAGE    67

..........................................................


THE PENSACOLA CLIMATE NORMALS FOR TODAY
                         NORMAL    RECORD    YEAR
 MAXIMUM TEMPERATURE (F)   89        98      1907
 MINIMUM TEMPERATURE (F)   74        64      1946


SUNRISE AND SUNSET
SEPTEMBER  1 2015.....SUNRISE   625 AM CDT   SUNSET   712 PM CDT
SEPTEMBER  2 2015.....SUNRISE   626 AM CDT   SUNSET   711 PM CDT


-  INDICATES NEGATIVE NUMBERS.
R  INDICATES RECORD WAS SET OR TIED.
MM INDICATES DATA IS MISSING.
T  INDICATES TRACE AMOUNT.




$$
