000
CDUS44 KMOB 220645
CLIPNS


CLIMATE REPORT
NATIONAL WEATHER SERVICE MOBILE AL
1245 AM CST WED FEB 22 2017


...................................

...THE PENSACOLA CLIMATE SUMMARY FOR FEBRUARY 21 2017...

CLIMATE NORMAL PERIOD 1981 TO 2010
CLIMATE RECORD PERIOD 1879 TO 2017


WEATHER ITEM   OBSERVED TIME   RECORD YEAR NORMAL DEPARTURE LAST
                VALUE   (LST)  VALUE       VALUE  FROM      YEAR
                                                  NORMAL
..................................................................
TEMPERATURE (F)
 YESTERDAY
  MAXIMUM         69    527 AM  79    2005  65      4       76
  MINIMUM         61   1159 PM  21    1958  47     14       60
  AVERAGE         65                        56      9       68

PRECIPITATION (IN)
  YESTERDAY        1.97          3.51 2008   0.18   1.79     0.00
  MONTH TO DATE    3.58                      3.77  -0.19     2.27
  SINCE MAR 1     71.28                     63.98   7.30    71.48
  SINCE JAN 1     15.31                      8.40   6.91     6.21

SNOWFALL (IN)
  YESTERDAY        0.0          MM      MM   0.0    0.0      0.0
  MONTH TO DATE    0.0                       0.0    0.0      0.0
  SINCE MAR 1      0.0                       0.0    0.0      0.0
  SINCE JUL 1      0.0                       0.0    0.0      0.0
  SNOW DEPTH       0

DEGREE DAYS
 HEATING
  YESTERDAY        0                         9     -9        0
  MONTH TO DATE   74                       237   -163      195
  SINCE DEC 1    457                      1036   -579      747
  SINCE JUL 1    526                      1248   -722      824

 COOLING
  YESTERDAY        0                         0      0        3
  MONTH TO DATE   29                         0     29       13
  SINCE DEC 1    140                        19    121       88
  SINCE JAN 1     93                         6     87       13
..................................................................


WIND (MPH)
  HIGHEST WIND SPEED    21   HIGHEST WIND DIRECTION     W (290)
  HIGHEST GUST SPEED    27   HIGHEST GUST DIRECTION     W (280)
  AVERAGE WIND SPEED     6.5


SKY COVER
  POSSIBLE SUNSHINE  MM
  AVERAGE SKY COVER 0.9


WEATHER CONDITIONS
 THE FOLLOWING WEATHER WAS RECORDED YESTERDAY.
  HEAVY RAIN
  RAIN
  LIGHT RAIN
  FOG


RELATIVE HUMIDITY (PERCENT)
 HIGHEST    93          1200 AM
 LOWEST     87           200 AM
 AVERAGE    90

..........................................................


THE PENSACOLA CLIMATE NORMALS FOR TODAY
                         NORMAL    RECORD    YEAR
 MAXIMUM TEMPERATURE (F)   65        81      2007
 MINIMUM TEMPERATURE (F)   47        25      1978


SUNRISE AND SUNSET
FEBRUARY 22 2017......SUNRISE   622 AM CST   SUNSET   543 PM CST
FEBRUARY 23 2017......SUNRISE   621 AM CST   SUNSET   543 PM CST


-  INDICATES NEGATIVE NUMBERS.
R  INDICATES RECORD WAS SET OR TIED.
MM INDICATES DATA IS MISSING.
T  INDICATES TRACE AMOUNT.




$$
