000
CDUS44 KMOB 230645
CLIPNS


CLIMATE REPORT
NATIONAL WEATHER SERVICE MOBILE AL
1245 AM CST MON JAN 23 2017


...................................

...THE PENSACOLA CLIMATE SUMMARY FOR JANUARY 22 2017...

CLIMATE NORMAL PERIOD 1981 TO 2010
CLIMATE RECORD PERIOD 1879 TO 2017


WEATHER ITEM   OBSERVED TIME   RECORD YEAR NORMAL DEPARTURE LAST
                VALUE   (LST)  VALUE       VALUE  FROM      YEAR
                                                  NORMAL
..................................................................
TEMPERATURE (F)
 YESTERDAY
  MAXIMUM         73    534 AM  77    2012  61     12       68
                                      1993
  MINIMUM         58   1145 PM  20    1935  42     16       36
  AVERAGE         66                        51     15       52

PRECIPITATION (IN)
  YESTERDAY        0.49          2.40 1998   0.15   0.34     0.76
  MONTH TO DATE   11.69                      3.16   8.53     3.36
  SINCE MAR 1     67.66                     58.74   8.92    68.63
  SINCE JAN 1     11.69                      3.16   8.53     3.36

SNOWFALL (IN)
  YESTERDAY        0.0          MM      MM   0.0    0.0      0.0
  MONTH TO DATE    0.0                       0.0    0.0      0.0
  SINCE MAR 1      0.0                       0.0    0.0      0.0
  SINCE JUL 1      0.0                       0.0    0.0      0.0
  SNOW DEPTH       0

DEGREE DAYS
 HEATING
  YESTERDAY        0                        14    -14       13
  MONTH TO DATE  118                       308   -190      315
  SINCE DEC 1    312                       678   -366      432
  SINCE JUL 1    381                       890   -509      509

 COOLING
  YESTERDAY        1                         0      1        0
  MONTH TO DATE   64                         0     64        0
  SINCE DEC 1    111                        13     98       75
  SINCE JAN 1     64                         0     64        0
..................................................................


WIND (MPH)
  HIGHEST WIND SPEED    31   HIGHEST WIND DIRECTION     W (290)
  HIGHEST GUST SPEED    41   HIGHEST GUST DIRECTION     W (280)
  AVERAGE WIND SPEED    14.5


SKY COVER
  POSSIBLE SUNSHINE  MM
  AVERAGE SKY COVER 0.6


WEATHER CONDITIONS
 THE FOLLOWING WEATHER WAS RECORDED YESTERDAY.
  THUNDERSTORM
  LIGHT RAIN
  FOG
  HAZE


RELATIVE HUMIDITY (PERCENT)
 HIGHEST    90           600 AM
 LOWEST     42           300 PM
 AVERAGE    66

..........................................................


THE PENSACOLA CLIMATE NORMALS FOR TODAY
                         NORMAL    RECORD    YEAR
 MAXIMUM TEMPERATURE (F)   61        78      1971
 MINIMUM TEMPERATURE (F)   42        20      1963
                                             1935


SUNRISE AND SUNSET
JANUARY 23 2017.......SUNRISE   644 AM CST   SUNSET   518 PM CST
JANUARY 24 2017.......SUNRISE   644 AM CST   SUNSET   519 PM CST


-  INDICATES NEGATIVE NUMBERS.
R  INDICATES RECORD WAS SET OR TIED.
MM INDICATES DATA IS MISSING.
T  INDICATES TRACE AMOUNT.




$$
