000
CDUS44 KMOB 260645
CLIPNS


CLIMATE REPORT
NATIONAL WEATHER SERVICE MOBILE AL
1245 AM CST FRI DEC 26 2014


...................................

...THE PENSACOLA CLIMATE SUMMARY FOR DECEMBER 25 2014...

CLIMATE NORMAL PERIOD 1981 TO 2010
CLIMATE RECORD PERIOD 1879 TO 2014


WEATHER ITEM   OBSERVED TIME   RECORD YEAR NORMAL DEPARTURE LAST
                VALUE   (LST)  VALUE       VALUE  FROM      YEAR
                                                  NORMAL
..................................................................
TEMPERATURE (F)
 YESTERDAY
  MAXIMUM         58    246 PM  78    1974  61     -3       52
                                      1955
  MINIMUM         38    710 AM  11    1983  43     -5       32
  AVERAGE         48                        52     -4       42

PRECIPITATION (IN)
  YESTERDAY        0.00          3.26 1964   0.15  -0.15     0.00
  MONTH TO DATE    2.90                      3.73  -0.83     2.05
  SINCE MAR 1     71.24                     54.76  16.48    58.63
  SINCE JAN 1     82.57                     64.45  18.12    72.90

SNOWFALL (IN)
  YESTERDAY        0.0           0.0  2001   0.0    0.0      0.0
                                      2000
  MONTH TO DATE    0.0                       0.0    0.0      0.0
  SINCE MAR 1      0.0                       0.0    0.0      0.0
  SINCE JUL 1      0.0                       0.0    0.0      0.0
  SNOW DEPTH       0

DEGREE DAYS
 HEATING
  YESTERDAY       17                        13      4       23
  MONTH TO DATE  215                       286    -71      205
  SINCE DEC 1    215                       286    -71      205
  SINCE JUL 1    542                       498     44      410

 COOLING
  YESTERDAY        0                         0      0        0
  MONTH TO DATE    8                         7      1       38
  SINCE DEC 1      8                         7      1       38
  SINCE JAN 1   2552                      2603    -51     2756
..................................................................


WIND (MPH)
  HIGHEST WIND SPEED    12   HIGHEST WIND DIRECTION    NW (320)
  HIGHEST GUST SPEED    16   HIGHEST GUST DIRECTION    NW (320)
  AVERAGE WIND SPEED     4.4


SKY COVER
  POSSIBLE SUNSHINE  MM
  AVERAGE SKY COVER 0.0


WEATHER CONDITIONS
 THE FOLLOWING WEATHER WAS RECORDED YESTERDAY.
  NO SIGNIFICANT WEATHER WAS OBSERVED.


RELATIVE HUMIDITY (PERCENT)
 HIGHEST    93          1100 PM
 LOWEST     43           200 PM
 AVERAGE    68

..........................................................


THE PENSACOLA CLIMATE NORMALS FOR TODAY
                         NORMAL    RECORD    YEAR
 MAXIMUM TEMPERATURE (F)   61        78      1987
 MINIMUM TEMPERATURE (F)   43        15      1983


SUNRISE AND SUNSET
DECEMBER 26 2014......SUNRISE   644 AM CST   SUNSET   455 PM CST
DECEMBER 27 2014......SUNRISE   644 AM CST   SUNSET   456 PM CST


-  INDICATES NEGATIVE NUMBERS.
R  INDICATES RECORD WAS SET OR TIED.
MM INDICATES DATA IS MISSING.
T  INDICATES TRACE AMOUNT.




$$
