000
CDUS41 KALY 280622
CLIPOU


CLIMATE REPORT
NATIONAL WEATHER SERVICE ALBANY NY
221 AM EDT SUN AUG 28 2016


...................................

...THE POUGHKEEPSIE NY CLIMATE SUMMARY FOR AUGUST 27 2016...

CLIMATE NORMAL PERIOD 1981 TO 2010
CLIMATE RECORD PERIOD 1949 TO 2016


WEATHER ITEM   OBSERVED TIME   RECORD YEAR NORMAL DEPARTURE LAST
                VALUE   (LST)  VALUE       VALUE  FROM      YEAR
                                                  NORMAL
..................................................................
TEMPERATURE (F)
 YESTERDAY
  MAXIMUM         86    408 PM  95    1980  81      5       79
  MINIMUM         58    546 AM  42    1954  58      0       57
  AVERAGE         72                        69      3       68

PRECIPITATION (IN)
  YESTERDAY        0.00          3.32 1971   0.12  -0.12     0.00
  MONTH TO DATE    1.50                      3.75  -2.25     2.12
  SINCE JUN 1      9.46                     12.83  -3.37     8.20
  SINCE JAN 1     21.62                     30.33  -8.71    18.87

DEGREE DAYS
 HEATING
  YESTERDAY        0                         1     -1        0
  MONTH TO DATE    0                         5     -5        0
  SINCE JUN 1      8                        59    -51       46
  SINCE JUL 1      0                        10    -10        0

 COOLING
  YESTERDAY        7                         5      2        3
  MONTH TO DATE  278                       183     95      247
  SINCE JUN 1    813                       550    263      665
  SINCE JAN 1    894                       586    308      778
..................................................................


WIND (MPH)
  HIGHEST WIND SPEED    10   HIGHEST WIND DIRECTION    SW (240)
  HIGHEST GUST SPEED    12   HIGHEST GUST DIRECTION    SW (230)
  AVERAGE WIND SPEED     1.3


SKY COVER
  AVERAGE SKY COVER 0.1



RELATIVE HUMIDITY (PERCENT)
 HIGHEST   100           200 AM
 LOWEST     40           500 PM
 AVERAGE    70

..........................................................


THE POUGHKEEPSIE NY CLIMATE NORMALS FOR TODAY
                         NORMAL    RECORD    YEAR
 MAXIMUM TEMPERATURE (F)   81        98      1973
 MINIMUM TEMPERATURE (F)   58        45      1986


SUNRISE AND SUNSET
AUGUST 28 2016........SUNRISE   618 AM EDT   SUNSET   734 PM EDT
AUGUST 29 2016........SUNRISE   619 AM EDT   SUNSET   733 PM EDT


-  INDICATES NEGATIVE NUMBERS.
R  INDICATES RECORD WAS SET OR TIED.
MM INDICATES DATA IS MISSING.
T  INDICATES TRACE AMOUNT.




RECORDS FOR KPOU DATE BACK TO 1949...
HOWEVER...DATA IS MISSING FROM JANUARY 1993 - JULY 2000.
$$
