000
CDUS46 KLOX 210127
CLIPRB


CLIMATE REPORT
NATIONAL WEATHER SERVICE LOS ANGELES/OXNARD CA
627 PM PDT FRI OCT 20 2017


...................................

...THE PASO ROBLES AIRPORT CA CLIMATE SUMMARY FOR OCTOBER 20 2017...
VALID TODAY AS OF 0600 PM LOCAL TIME.

CLIMATE NORMAL PERIOD 1981 TO 2010
CLIMATE RECORD PERIOD 1948 TO 2017


WEATHER ITEM   OBSERVED TIME   RECORD YEAR NORMAL DEPARTURE LAST
                VALUE   (LST)  VALUE       VALUE  FROM      YEAR
                                                  NORMAL
..................................................................
TEMPERATURE (F)
 TODAY
  MAXIMUM         69    211 PM  95    2003  78     -9       87
                                      1964
  MINIMUM         49    136 AM  26    1949  44      5       41
  AVERAGE         59                        61     -2       64

PRECIPITATION (IN)
  TODAY           MM             0.32 1979   0.02  MM        0.00
  MONTH TO DATE    T                         0.31  -0.31     0.15
  SINCE OCT 1      T                         0.31  -0.31     0.15
  SINCE JAN 1     12.49                      9.43   3.06     6.15

SNOWFALL (IN)
  TODAY           MM
  MONTH TO DATE    0.0
  SINCE SEP 1      0.0
  SINCE JUL 1      0.0

DEGREE DAYS
 HEATING
  TODAY            6                         5      1        1
  MONTH TO DATE   64                        67     -3       65
  SINCE SEP 1     80                        91    -11       83
  SINCE JUL 1     81                        99    -18       83

 COOLING
  TODAY            0                         1     -1        0
  MONTH TO DATE   16                        34    -18       10
  SINCE SEP 1    240                       192     48      174
  SINCE JAN 1   1340                       925    415     1063
..................................................................


WIND (MPH)
  HIGHEST WIND SPEED    25   HIGHEST WIND DIRECTION    NW (330)
  HIGHEST GUST SPEED    33   HIGHEST GUST DIRECTION    NW (320)
  AVERAGE WIND SPEED    13.3


SKY COVER
  POSSIBLE SUNSHINE  MM
  AVERAGE SKY COVER 0.3


WEATHER CONDITIONS
 THE FOLLOWING WEATHER WAS RECORDED TODAY.
  RAIN
  LIGHT RAIN
  FOG


RELATIVE HUMIDITY (PERCENT)
 HIGHEST   100           400 AM
 LOWEST     33           200 PM
 AVERAGE    67

..........................................................


THE PASO ROBLES AIRPORT CA CLIMATE NORMALS FOR TOMORROW
                         NORMAL    RECORD    YEAR
 MAXIMUM TEMPERATURE (F)   77        98      2003
 MINIMUM TEMPERATURE (F)   43        27      1949


SUNRISE AND SUNSET
OCTOBER 20 2017.......SUNRISE   714 AM PDT   SUNSET   620 PM PDT
OCTOBER 21 2017.......SUNRISE   715 AM PDT   SUNSET   619 PM PDT


-  INDICATES NEGATIVE NUMBERS.
R  INDICATES RECORD WAS SET OR TIED.
MM INDICATES DATA IS MISSING.
T  INDICATES TRACE AMOUNT.




$$
