000
CDUS46 KLOX 200112
CLIPRB


CLIMATE REPORT
NATIONAL WEATHER SERVICE LOS ANGELES/OXNARD CA
611 PM PDT SAT AUG 19 2017


...................................

...THE PASO ROBLES AIRPORT CA CLIMATE SUMMARY FOR AUGUST 19 2017...
VALID TODAY AS OF 0600 PM LOCAL TIME.

CLIMATE NORMAL PERIOD 1981 TO 2010
CLIMATE RECORD PERIOD 1948 TO 2017


WEATHER ITEM   OBSERVED TIME   RECORD YEAR NORMAL DEPARTURE LAST
                VALUE   (LST)  VALUE       VALUE  FROM      YEAR
                                                  NORMAL
..................................................................
TEMPERATURE (F)
 TODAY
  MAXIMUM         87   1236 PM 109    1992  93     -6       91
  MINIMUM         55    602 AM  44    1996  53      2       51
  AVERAGE         71                        73     -2       71

PRECIPITATION (IN)
  TODAY            0.00          0.89 1976   0.00   0.00     0.00
  MONTH TO DATE    T                         0.05  -0.05     0.00
  SINCE OCT 1     16.14                     12.50   3.64     8.06
  SINCE JAN 1     12.46                      8.84   3.62     6.00

SNOWFALL (IN)
  TODAY            0.0
  MONTH TO DATE    0.0
  SINCE JUN 1      0.0
  SINCE JUL 1      0.0

DEGREE DAYS
 HEATING
  TODAY            0                         0      0        0
  MONTH TO DATE    1                         0      1        0
  SINCE JUN 1     13                        31    -18        8
  SINCE JUL 1      1                         4     -3        0

 COOLING
  TODAY            6                         8     -2        6
  MONTH TO DATE  210                       165     45      146
  SINCE JUN 1    845                       574    271      731
  SINCE JAN 1    937                       642    295      792
..................................................................


WIND (MPH)
  HIGHEST WIND SPEED    24   HIGHEST WIND DIRECTION     S (200)
  HIGHEST GUST SPEED    32   HIGHEST GUST DIRECTION    SW (210)
  AVERAGE WIND SPEED     8.4


SKY COVER
  POSSIBLE SUNSHINE  MM
  AVERAGE SKY COVER 0.0


WEATHER CONDITIONS
 THE FOLLOWING WEATHER WAS RECORDED TODAY.
  NO SIGNIFICANT WEATHER WAS OBSERVED.


RELATIVE HUMIDITY (PERCENT)
 HIGHEST    93           500 AM
 LOWEST     37          1200 PM
 AVERAGE    65

..........................................................


THE PASO ROBLES AIRPORT CA CLIMATE NORMALS FOR TOMORROW
                         NORMAL    RECORD    YEAR
 MAXIMUM TEMPERATURE (F)   93       107      1992
 MINIMUM TEMPERATURE (F)   53        46      1978


SUNRISE AND SUNSET
AUGUST 19 2017........SUNRISE   625 AM PDT   SUNSET   747 PM PDT
AUGUST 20 2017........SUNRISE   626 AM PDT   SUNSET   745 PM PDT


-  INDICATES NEGATIVE NUMBERS.
R  INDICATES RECORD WAS SET OR TIED.
MM INDICATES DATA IS MISSING.
T  INDICATES TRACE AMOUNT.




$$
