000
CDUS46 KLOX 090130
CLIPRB


CLIMATE REPORT
NATIONAL WEATHER SERVICE LOS ANGELES/OXNARD CA
530 PM PST MON FEB 8 2016


...................................

...THE PASO ROBLES AIRPORT CA CLIMATE SUMMARY FOR FEBRUARY 8 2016...
VALID TODAY AS OF 0500 PM LOCAL TIME.

CLIMATE NORMAL PERIOD 1981 TO 2010
CLIMATE RECORD PERIOD 1948 TO 2016


WEATHER ITEM   OBSERVED TIME   RECORD YEAR NORMAL DEPARTURE LAST
                VALUE   (LST)  VALUE       VALUE  FROM      YEAR
                                                  NORMAL
..................................................................
TEMPERATURE (F)
 TODAY
  MAXIMUM         75    216 PM  79    1991  61     14       70
  MINIMUM         38    724 AM  23    2003  37      1       55
  AVERAGE         57                        49      8       63

PRECIPITATION (IN)
  TODAY            0.00          1.33 1978   0.09  -0.09     0.35
  MONTH TO DATE    0.00                      0.73  -0.73     1.71
  SINCE OCT 1      5.55                      7.14  -1.59     7.67
  SINCE JAN 1      3.49                      3.48   0.01     1.95

SNOWFALL (IN)
  TODAY            0.0
  MONTH TO DATE    0.0
  SINCE DEC 1      0.0
  SINCE JUL 1      0.0

DEGREE DAYS
 HEATING
  TODAY            8                        16     -8        2
  MONTH TO DATE  136                       129      7       67
  SINCE DEC 1   1165                      1256    -91      894
  SINCE JUL 1   1601                      1805   -204     1173

 COOLING
  TODAY            0                         0      0        0
  MONTH TO DATE    0                         0      0        0
  SINCE DEC 1      0                         0      0        0
  SINCE JAN 1      0                         0      0        0
..................................................................


WIND (MPH)
  HIGHEST WIND SPEED    20   HIGHEST WIND DIRECTION     E (80)
  HIGHEST GUST SPEED    24   HIGHEST GUST DIRECTION     E (90)
  AVERAGE WIND SPEED     4.5


SKY COVER
  POSSIBLE SUNSHINE  MM
  AVERAGE SKY COVER 0.0


WEATHER CONDITIONS
 THE FOLLOWING WEATHER WAS RECORDED TODAY.
  FOG


RELATIVE HUMIDITY (PERCENT)
 HIGHEST    96          1200 AM
 LOWEST     35           300 PM
 AVERAGE    66

..........................................................


THE PASO ROBLES AIRPORT CA CLIMATE NORMALS FOR TOMORROW
                         NORMAL    RECORD    YEAR
 MAXIMUM TEMPERATURE (F)   61        81      2006
 MINIMUM TEMPERATURE (F)   38        23      2003


SUNRISE AND SUNSET
FEBRUARY  8 2016......SUNRISE   657 AM PST   SUNSET   537 PM PST
FEBRUARY  9 2016......SUNRISE   656 AM PST   SUNSET   538 PM PST


-  INDICATES NEGATIVE NUMBERS.
R  INDICATES RECORD WAS SET OR TIED.
MM INDICATES DATA IS MISSING.
T  INDICATES TRACE AMOUNT.




$$
