000
CDUS46 KLOX 260915
CLIPRB


CLIMATE REPORT
NATIONAL WEATHER SERVICE LOS ANGELES/OXNARD CA
215 AM PDT THU MAY 26 2016


...................................

...THE PASO ROBLES AIRPORT CA CLIMATE SUMMARY FOR MAY 25 2016...

CLIMATE NORMAL PERIOD 1981 TO 2010
CLIMATE RECORD PERIOD 1948 TO 2016


WEATHER ITEM   OBSERVED TIME   RECORD YEAR NORMAL DEPARTURE LAST
                VALUE   (LST)  VALUE       VALUE  FROM      YEAR
                                                  NORMAL
..................................................................
TEMPERATURE (F)
 YESTERDAY
  MAXIMUM         75    228 PM 100    1951  83     -8       74
  MINIMUM         51    542 AM  33    1980  47      4       52
  AVERAGE         63                        65     -2       63

PRECIPITATION (IN)
  YESTERDAY        0.00          0.01 2008   0.01  -0.01     0.00
  MONTH TO DATE    T                         0.24  -0.24     0.15
  SINCE OCT 1      8.06                     12.41  -4.35     8.63
  SINCE JAN 1      6.00                      8.75  -2.75     2.91

SNOWFALL (IN)
  YESTERDAY        0.0
  MONTH TO DATE    0.0
  SINCE MAR 1      0.0
  SINCE JUL 1      0.0

DEGREE DAYS
 HEATING
  YESTERDAY        2                         2      0        2
  MONTH TO DATE   69                        96    -27      113
  SINCE MAR 1    471                       715   -244      441
  SINCE JUL 1   2258                      2808   -550     1801

 COOLING
  YESTERDAY        0                         3     -3        0
  MONTH TO DATE   28                        41    -13        8
  SINCE MAR 1     33                        50    -17       48
  SINCE JAN 1     33                        50    -17       48
..................................................................


WIND (MPH)
  HIGHEST WIND SPEED    23   HIGHEST WIND DIRECTION    NW (300)
  HIGHEST GUST SPEED    29   HIGHEST GUST DIRECTION    NW (300)
  AVERAGE WIND SPEED    10.9


SKY COVER
  POSSIBLE SUNSHINE  MM
  AVERAGE SKY COVER 0.3


WEATHER CONDITIONS
 THE FOLLOWING WEATHER WAS RECORDED YESTERDAY.
  NO SIGNIFICANT WEATHER WAS OBSERVED.


RELATIVE HUMIDITY (PERCENT)
 HIGHEST    89           200 AM
 LOWEST     35          1200 PM
 AVERAGE    62

..........................................................


THE PASO ROBLES AIRPORT CA CLIMATE NORMALS FOR TODAY
                         NORMAL    RECORD    YEAR
 MAXIMUM TEMPERATURE (F)   83       103      1974
 MINIMUM TEMPERATURE (F)   48        36      1980


SUNRISE AND SUNSET
MAY 26 2016...........SUNRISE   550 AM PDT   SUNSET   809 PM PDT
MAY 27 2016...........SUNRISE   550 AM PDT   SUNSET   810 PM PDT


-  INDICATES NEGATIVE NUMBERS.
R  INDICATES RECORD WAS SET OR TIED.
MM INDICATES DATA IS MISSING.
T  INDICATES TRACE AMOUNT.




$$
