000
CDUS45 KFGZ 070749
CLIPRC
CLIMATE REPORT
NATIONAL WEATHER SERVICE FLAGSTAFF, AZ
1244 AM MST TUE JUL 7 2015


...................................

...THE PRESCOTT AZ AIRPORT CLIMATE SUMMARY FOR JULY 6 2015...

CLIMATE NORMAL PERIOD 1981 TO 2010
CLIMATE RECORD PERIOD 1948 TO 2015


WEATHER ITEM   OBSERVED TIME   RECORD YEAR NORMAL DEPARTURE LAST
                VALUE   (LST)  VALUE       VALUE  FROM      YEAR
                                                  NORMAL
..................................................................
TEMPERATURE (F)
 YESTERDAY
  MAXIMUM         85    217 PM 103    1989  90     -5       88
  MINIMUM         62    647 AM  50    1978  61      1       64
  AVERAGE         74                        75     -1

PRECIPITATION (IN)
  YESTERDAY        T             1.27 1950   0.04  -0.04     0.09
  MONTH TO DATE    0.30                      0.25   0.05     0.63
  SINCE SEP 1     12.27                      9.49   2.78     6.32
  SINCE JAN 1      7.59                      5.18   2.41     1.60

DEGREE DAYS
 HEATING
  YESTERDAY        0                                0
  MONTH TO DATE    0                                0
  SINCE JUL 1      0                                0

 COOLING
  YESTERDAY        9                               -1
  MONTH TO DATE   71                               11
  SINCE JAN 1    385                               97
..................................................................


WIND (MPH)
  HIGHEST WIND SPEED    24   HIGHEST WIND DIRECTION     N (350)
  HIGHEST GUST SPEED    30   HIGHEST GUST DIRECTION     N (360)
  AVERAGE WIND SPEED     7.2


SKY COVER
  AVERAGE SKY COVER 0.3


WEATHER CONDITIONS
 THE FOLLOWING WEATHER WAS RECORDED YESTERDAY.
  THUNDERSTORM


RELATIVE HUMIDITY (PERCENT)
 HIGHEST    93
 LOWEST     33

..........................................................


THE PRESCOTT AZ AIRPORT CLIMATE NORMALS FOR TODAY
                         NORMAL    RECORD    YEAR
 MAXIMUM TEMPERATURE (F)   90        99      1995
 MINIMUM TEMPERATURE (F)   61        50      1979


SUNRISE AND SUNSET
JULY  7 2015..........SUNRISE   523 AM MST   SUNSET   746 PM MST
JULY  8 2015..........SUNRISE   524 AM MST   SUNSET   746 PM MST


-  INDICATES NEGATIVE NUMBERS.
R  INDICATES RECORD WAS SET OR TIED.
MM INDICATES DATA IS MISSING.
T  INDICATES TRACE AMOUNT.




$$
