000
CDUS45 KFGZ 160800
CLIPRC
CLIMATE REPORT
NATIONAL WEATHER SERVICE FLAGSTAFF, AZ
1258 AM MST WED APR 16 2014


...................................

...THE PRESCOTT AZ AIRPORT CLIMATE SUMMARY FOR APRIL 15 2014...

CLIMATE NORMAL PERIOD 1981 TO 2010
CLIMATE RECORD PERIOD 1948 TO 2014


WEATHER ITEM   OBSERVED TIME   RECORD YEAR NORMAL DEPARTURE LAST
                VALUE   (LST)  VALUE       VALUE  FROM      YEAR
                                                  NORMAL
..................................................................
TEMPERATURE (F)
 YESTERDAY
  MAXIMUM         73    121 PM  84    1962  67      6       66
  MINIMUM         33    546 AM  24    1970  38     -5       48
  AVERAGE         53                        52      1

PRECIPITATION (IN)
  YESTERDAY        0.00          0.38 1976   0.02  -0.02     0.00
  MONTH TO DATE    T                         0.30  -0.30     0.08
  SINCE SEP 1      5.40                      8.19  -2.79     4.43
  SINCE JAN 1      0.68                      3.88  -3.20     2.47

DEGREE DAYS
 HEATING
  YESTERDAY       12                               -1
  MONTH TO DATE  171                              -44
  SINCE JUL 1   3545                             -417

 COOLING
  YESTERDAY        0                                0
  MONTH TO DATE    0                                0
  SINCE JAN 1      0                                0
..................................................................


WIND (MPH)
  HIGHEST WIND SPEED    16   HIGHEST WIND DIRECTION     W (250)
  HIGHEST GUST SPEED    20   HIGHEST GUST DIRECTION     W (260)
  AVERAGE WIND SPEED     4.6


SKY COVER
  AVERAGE SKY COVER 0.0


WEATHER CONDITIONS
 THE FOLLOWING WEATHER WAS RECORDED YESTERDAY.
  NO SIGNIFICANT WEATHER WAS OBSERVED.


RELATIVE HUMIDITY (PERCENT)
 HIGHEST    38
 LOWEST      7

..........................................................


THE PRESCOTT AZ AIRPORT CLIMATE NORMALS FOR TODAY
                         NORMAL    RECORD    YEAR
 MAXIMUM TEMPERATURE (F)   67        85      1948
 MINIMUM TEMPERATURE (F)   38        25      1998


SUNRISE AND SUNSET
APRIL 16 2014.........SUNRISE   557 AM MST   SUNSET   703 PM MST
APRIL 17 2014.........SUNRISE   556 AM MST   SUNSET   703 PM MST


-  INDICATES NEGATIVE NUMBERS.
R  INDICATES RECORD WAS SET OR TIED.
MM INDICATES DATA IS MISSING.
T  INDICATES TRACE AMOUNT.




$$
