000
CDUS45 KFGZ 210758
CLIPRC
CLIMATE REPORT
NATIONAL WEATHER SERVICE FLAGSTAFF, AZ
1257 AM MST WED FEB 21 2018


...................................

...THE PRESCOTT AZ AIRPORT CLIMATE SUMMARY FOR FEBRUARY 20 2018...

CLIMATE NORMAL PERIOD 1981 TO 2010
CLIMATE RECORD PERIOD 1948 TO 2018


WEATHER ITEM   OBSERVED TIME   RECORD YEAR NORMAL DEPARTURE LAST
                VALUE   (LST)  VALUE       VALUE  FROM      YEAR
                                                  NORMAL
..................................................................
TEMPERATURE (F)
 YESTERDAY
  MAXIMUM         41    446 PM  72    1981  56    -15       57
  MINIMUM         17    735 AM   8    1955  29    -12       38
  AVERAGE         29                        42    -13

PRECIPITATION (IN)
  YESTERDAY        T             0.60 1993   0.05  -0.05     0.00
  MONTH TO DATE    0.20                      0.96  -0.76     0.48
  SINCE SEP 1      1.44                      6.39  -4.95     9.16
  SINCE JAN 1      0.91                      2.08  -1.17     2.41

DEGREE DAYS
 HEATING
  YESTERDAY       36                               13
  MONTH TO DATE  387                              -93
  SINCE JUL 1   2236                             -761

 COOLING
  YESTERDAY        0                                0
  MONTH TO DATE    0                                0
  SINCE JAN 1      0                                0
..................................................................


WIND (MPH)
  HIGHEST WIND SPEED    15   HIGHEST WIND DIRECTION    NW (310)
  HIGHEST GUST SPEED    18   HIGHEST GUST DIRECTION     W (280)
  AVERAGE WIND SPEED     3.7


SKY COVER
  AVERAGE SKY COVER 0.1


WEATHER CONDITIONS
 THE FOLLOWING WEATHER WAS RECORDED YESTERDAY.
  NO SIGNIFICANT WEATHER WAS OBSERVED.


RELATIVE HUMIDITY (PERCENT)
 HIGHEST    74
 LOWEST     17

..........................................................


THE PRESCOTT AZ AIRPORT CLIMATE NORMALS FOR TODAY
                         NORMAL    RECORD    YEAR
 MAXIMUM TEMPERATURE (F)   56        73      2016
 MINIMUM TEMPERATURE (F)   29         7      1955


SUNRISE AND SUNSET
FEBRUARY 21 2018......SUNRISE   708 AM MST   SUNSET   619 PM MST
FEBRUARY 22 2018......SUNRISE   707 AM MST   SUNSET   620 PM MST


-  INDICATES NEGATIVE NUMBERS.
R  INDICATES RECORD WAS SET OR TIED.
MM INDICATES DATA IS MISSING.
T  INDICATES TRACE AMOUNT.




$$
