000
CDUS45 KFGZ 230825
CLIPRC
CLIMATE REPORT
NATIONAL WEATHER SERVICE FLAGSTAFF, AZ
124 AM MST SAT MAY 23 2015


...................................

...THE PRESCOTT AZ AIRPORT CLIMATE SUMMARY FOR MAY 22 2015...

CLIMATE NORMAL PERIOD 1981 TO 2010
CLIMATE RECORD PERIOD 1948 TO 2015


WEATHER ITEM   OBSERVED TIME   RECORD YEAR NORMAL DEPARTURE LAST
                VALUE   (LST)  VALUE       VALUE  FROM      YEAR
                                                  NORMAL
..................................................................
TEMPERATURE (F)
 YESTERDAY
  MAXIMUM         63    116 PM  93    2005  79    -16       73
  MINIMUM         46    419 AM  33    1975  48     -2       40
  AVERAGE         55                        63     -8

PRECIPITATION (IN)
  YESTERDAY        T             0.01 2006   0.02  -0.02     0.00
  MONTH TO DATE    1.03                      0.33   0.70      T
  SINCE SEP 1      9.80                      8.72   1.08     5.69
  SINCE JAN 1      5.12                      4.41   0.71     0.97

DEGREE DAYS
 HEATING
  YESTERDAY       10                                7
  MONTH TO DATE  195                               73
  SINCE JUL 1   3454                             -787

 COOLING
  YESTERDAY        0                               -2
  MONTH TO DATE    2                              -17
  SINCE JAN 1      3                              -18
..................................................................


WIND (MPH)
  HIGHEST WIND SPEED    26   HIGHEST WIND DIRECTION    SW (210)
  HIGHEST GUST SPEED    34   HIGHEST GUST DIRECTION    SW (230)
  AVERAGE WIND SPEED    10.6


SKY COVER
  AVERAGE SKY COVER 0.5


WEATHER CONDITIONS
 THE FOLLOWING WEATHER WAS RECORDED YESTERDAY.
  LIGHT RAIN


RELATIVE HUMIDITY (PERCENT)
 HIGHEST    68
 LOWEST     30

..........................................................


THE PRESCOTT AZ AIRPORT CLIMATE NORMALS FOR TODAY
                         NORMAL    RECORD    YEAR
 MAXIMUM TEMPERATURE (F)   79        93      2000
 MINIMUM TEMPERATURE (F)   48        32      1965


SUNRISE AND SUNSET
MAY 23 2015...........SUNRISE   522 AM MST   SUNSET   731 PM MST
MAY 24 2015...........SUNRISE   521 AM MST   SUNSET   732 PM MST


-  INDICATES NEGATIVE NUMBERS.
R  INDICATES RECORD WAS SET OR TIED.
MM INDICATES DATA IS MISSING.
T  INDICATES TRACE AMOUNT.




$$
