000
CDUS45 KFGZ 270818
CLIPRC
CLIMATE REPORT
NATIONAL WEATHER SERVICE FLAGSTAFF, AZ
117 AM MST SAT MAY 27 2017


...................................

...THE PRESCOTT AZ AIRPORT CLIMATE SUMMARY FOR MAY 26 2017...

CLIMATE NORMAL PERIOD 1981 TO 2010
CLIMATE RECORD PERIOD 1948 TO 2017


WEATHER ITEM   OBSERVED TIME   RECORD YEAR NORMAL DEPARTURE LAST
                VALUE   (LST)  VALUE       VALUE  FROM      YEAR
                                                  NORMAL
..................................................................
TEMPERATURE (F)
 YESTERDAY
  MAXIMUM         77    419 PM  97    1951  80     -3       71
  MINIMUM         51    441 AM  33    1996  49      2       41
  AVERAGE         64                        65     -1

PRECIPITATION (IN)
  YESTERDAY        0.00          0.18 1964   0.02  -0.02     0.00
  MONTH TO DATE    0.40                      0.39   0.01     0.48
  SINCE SEP 1     11.40                      8.78   2.62     7.27
  SINCE JAN 1      4.65                      4.47   0.18     3.78

DEGREE DAYS
 HEATING
  YESTERDAY        1                               -2
  MONTH TO DATE  151                               17
  SINCE JUL 1   3537                             -716

 COOLING
  YESTERDAY        0                               -2
  MONTH TO DATE   21                               -6
  SINCE JAN 1     21                               -8
..................................................................


WIND (MPH)
  HIGHEST WIND SPEED    22   HIGHEST WIND DIRECTION    SE (140)
  HIGHEST GUST SPEED    29   HIGHEST GUST DIRECTION    SE (140)
  AVERAGE WIND SPEED    10.0


SKY COVER
  AVERAGE SKY COVER 0.0


WEATHER CONDITIONS
 THE FOLLOWING WEATHER WAS RECORDED YESTERDAY.
  NO SIGNIFICANT WEATHER WAS OBSERVED.


RELATIVE HUMIDITY (PERCENT)
 HIGHEST    47
 LOWEST     10

..........................................................


THE PRESCOTT AZ AIRPORT CLIMATE NORMALS FOR TODAY
                         NORMAL    RECORD    YEAR
 MAXIMUM TEMPERATURE (F)   80        96      2003
 MINIMUM TEMPERATURE (F)   49        35      1987


SUNRISE AND SUNSET
MAY 27 2017...........SUNRISE   520 AM MST   SUNSET   735 PM MST
MAY 28 2017...........SUNRISE   519 AM MST   SUNSET   735 PM MST


-  INDICATES NEGATIVE NUMBERS.
R  INDICATES RECORD WAS SET OR TIED.
MM INDICATES DATA IS MISSING.
T  INDICATES TRACE AMOUNT.




$$
