000
CDUS45 KFGZ 010759
CLIPRC
CLIMATE REPORT
NATIONAL WEATHER SERVICE FLAGSTAFF, AZ
1258 AM MST FRI AUG 1 2014


...................................

...THE PRESCOTT AZ AIRPORT CLIMATE SUMMARY FOR JULY 31 2014...

CLIMATE NORMAL PERIOD 1981 TO 2010
CLIMATE RECORD PERIOD 1948 TO 2014


WEATHER ITEM   OBSERVED TIME   RECORD YEAR NORMAL DEPARTURE LAST
                VALUE   (LST)  VALUE       VALUE  FROM      YEAR
                                                  NORMAL
..................................................................
TEMPERATURE (F)
 YESTERDAY
  MAXIMUM         90    441 PM 100    1977  88      2       91
  MINIMUM         66    548 PM  55    1979  62      4       64
  AVERAGE         78                        75      3

PRECIPITATION (IN)
  YESTERDAY        0.05          0.96 1955   0.09  -0.04     0.00
  MONTH TO DATE    1.83                      2.11  -0.28     3.31
  SINCE SEP 1      7.52                     11.35  -3.83     7.79
  SINCE JAN 1      2.80                      7.04  -4.24     5.83

DEGREE DAYS
 HEATING
  YESTERDAY        0                                0
  MONTH TO DATE    0                                0
  SINCE JUL 1      0                                0

 COOLING
  YESTERDAY       13                                3
  MONTH TO DATE  374                               47
  SINCE JAN 1    680                              125
..................................................................


WIND (MPH)
  HIGHEST WIND SPEED    37   HIGHEST WIND DIRECTION    NE (30)
  HIGHEST GUST SPEED    49   HIGHEST GUST DIRECTION     N (20)
  AVERAGE WIND SPEED     6.6


SKY COVER
  AVERAGE SKY COVER 0.5


WEATHER CONDITIONS
 THE FOLLOWING WEATHER WAS RECORDED YESTERDAY.
  THUNDERSTORM
  RAIN
  LIGHT RAIN


RELATIVE HUMIDITY (PERCENT)
 HIGHEST    73
 LOWEST     24

..........................................................


THE PRESCOTT AZ AIRPORT CLIMATE NORMALS FOR TODAY
                         NORMAL    RECORD    YEAR
 MAXIMUM TEMPERATURE (F)   88        99      1993
 MINIMUM TEMPERATURE (F)   62        52      1950


SUNRISE AND SUNSET
AUGUST  1 2014........SUNRISE   540 AM MST   SUNSET   732 PM MST
AUGUST  2 2014........SUNRISE   541 AM MST   SUNSET   731 PM MST


-  INDICATES NEGATIVE NUMBERS.
R  INDICATES RECORD WAS SET OR TIED.
MM INDICATES DATA IS MISSING.
T  INDICATES TRACE AMOUNT.




$$
