000
CDUS46 KPDT 170853
CLIPSC

CLIMATE REPORT
NATIONAL WEATHER SERVICE PENDLETON OR
1253 AM PST WED JAN 17 2018

...................................

...THE PASCO WA CLIMATE SUMMARY FOR JANUARY 16 2018...

CLIMATE NORMAL PERIOD 1981 TO 2010
CLIMATE RECORD PERIOD 1948 TO 2018


WEATHER ITEM   OBSERVED TIME   RECORD YEAR NORMAL DEPARTURE LAST
                VALUE   (LST)  VALUE       VALUE  FROM      YEAR
                                                  NORMAL
..................................................................
TEMPERATURE (F)
 YESTERDAY
  MAXIMUM         55    315 PM  64    2011  42     13       18
  MINIMUM         30   1124 PM   2    2017  28      2        2
  AVERAGE         43                        35      8       10

PRECIPITATION (IN)
  YESTERDAY        0.22          0.30 1971   0.03   0.19      T
                                      1896
  MONTH TO DATE    0.81                      0.76   0.05     0.63
  SINCE OCT 1      3.53                      3.71  -0.18     4.40
  SINCE JAN 1      0.81                      0.76   0.05     0.63

SNOWFALL (IN)
  YESTERDAY        0.0
  SNOW DEPTH       0

DEGREE DAYS
 HEATING
  YESTERDAY       22                        30     -8       55
  MONTH TO DATE  467                       500    -33      806
  SINCE DEC 1   1486                      1487     -1     1947
  SINCE JUL 1   2654                      2716    -62     2893

 COOLING
  YESTERDAY        0                         0      0        0
  MONTH TO DATE    0                         0      0        0
  SINCE DEC 1      0                         0      0        0
  SINCE JAN 1      0                         0      0        0
..................................................................


WIND (MPH)
  RESULTANT WIND SPEED   1   RESULTANT WIND DIRECTION   E (110)
  HIGHEST WIND SPEED    15   HIGHEST WIND DIRECTION     S (170)
  HIGHEST GUST SPEED    18   HIGHEST GUST DIRECTION    SE (120)


SKY COVER
  POSSIBLE SUNSHINE  MM
  AVERAGE SKY COVER 0.5


WEATHER CONDITIONS
 THE FOLLOWING WEATHER WAS RECORDED YESTERDAY.
  RAIN
  LIGHT RAIN
  FOG
  FOG W/VISIBILITY <= 1/4 MILE


RELATIVE HUMIDITY (PERCENT)
 HIGHEST   100
 LOWEST     55
 AVERAGE    78

..........................................................


THE PASCO WA CLIMATE NORMALS FOR TODAY
                         NORMAL    RECORD    YEAR
 MAXIMUM TEMPERATURE (F)   42        65      1919
 MINIMUM TEMPERATURE (F)   28       -18      1916


SUNRISE AND SUNSET
JANUARY 17 2018.......SUNRISE   734 AM PST   SUNSET   440 PM PST
JANUARY 18 2018.......SUNRISE   733 AM PST   SUNSET   441 PM PST


-  INDICATES NEGATIVE NUMBERS.
R  INDICATES RECORD WAS SET OR TIED.
MM INDICATES DATA IS MISSING.
T  INDICATES TRACE AMOUNT.

$$
