000
CDUS46 KPDT 300103
CLIPSC

CLIMATE REPORT
NATIONAL WEATHER SERVICE PENDLETON OR
601 PM PDT MON MAY 29 2017


...................................

...THE PASCO WA CLIMATE SUMMARY FOR MAY 29 2017...
VALID TODAY AS OF 0500 PM LOCAL TIME.

CLIMATE NORMAL PERIOD 1981 TO 2010
CLIMATE RECORD PERIOD 1948 TO 2017


WEATHER ITEM   OBSERVED TIME   RECORD YEAR NORMAL DEPARTURE LAST
                VALUE   (LST)  VALUE       VALUE  FROM      YEAR
                                                  NORMAL
..................................................................
TEMPERATURE (F)
 TODAY
  MAXIMUM         95    124 PM 103    1983  79     16       82
  MINIMUM         51    358 AM  32    1922  50      1       50
  AVERAGE         73                        64      9       66

PRECIPITATION (IN)
  TODAY            0.00          0.70 1906   0.03  -0.03     0.00
  MONTH TO DATE    0.48                      0.67  -0.19     1.52
  SINCE OCT 1      9.44                      7.14   2.30     7.31
  SINCE JAN 1      5.67                      4.19   1.48     4.55

SNOWFALL (IN)
  TODAY            0.0
  SNOW DEPTH       0

DEGREE DAYS
 HEATING
  TODAY            0                         3     -3        0
  MONTH TO DATE  154                       160     -6       70
  SINCE MAR 1   1059                      1101    -42      791
  SINCE JUL 1   5381                      4984    397     4309

 COOLING
  TODAY            8                         2      6        1
  MONTH TO DATE   37                        28      9       29
  SINCE MAR 1     37                        29      8       33
  SINCE JAN 1     37                        29      8       33
..................................................................


WIND (MPH)
  RESULTANT WIND SPEED   2   RESULTANT WIND DIRECTION   N (350)
  HIGHEST WIND SPEED    12   HIGHEST WIND DIRECTION    NW (330)
  HIGHEST GUST SPEED    14   HIGHEST GUST DIRECTION    NW (320)


SKY COVER
  POSSIBLE SUNSHINE  MM
  AVERAGE SKY COVER 0.0


WEATHER CONDITIONS
 THE FOLLOWING WEATHER WAS RECORDED TODAY.
  NO SIGNIFICANT WEATHER WAS OBSERVED.


RELATIVE HUMIDITY (PERCENT)
 HIGHEST    96
 LOWEST     22
 AVERAGE    59

..........................................................


THE PASCO WA CLIMATE NORMALS FOR TOMORROW
                         NORMAL    RECORD    YEAR
 MAXIMUM TEMPERATURE (F)   79       104      1983
 MINIMUM TEMPERATURE (F)   50        37      1920


SUNRISE AND SUNSET
MAY 29 2017...........SUNRISE   510 AM PDT   SUNSET   838 PM PDT
MAY 30 2017...........SUNRISE   509 AM PDT   SUNSET   839 PM PDT


-  INDICATES NEGATIVE NUMBERS.
R  INDICATES RECORD WAS SET OR TIED.
MM INDICATES DATA IS MISSING.
T  INDICATES TRACE AMOUNT.




$$
