000
CDUS46 KPDT 030837
CLIPSC

CLIMATE REPORT
NATIONAL WEATHER SERVICE PENDLETON OR
125 AM PDT FRI JUL 3 2015


...................................

...THE PASCO WA CLIMATE SUMMARY FOR JULY 2 2015...

CLIMATE NORMAL PERIOD 1981 TO 2010
CLIMATE RECORD PERIOD 1948 TO 2015


WEATHER ITEM   OBSERVED TIME   RECORD YEAR NORMAL DEPARTURE LAST
                VALUE   (LST)  VALUE       VALUE  FROM      YEAR
                                                  NORMAL
..................................................................
TEMPERATURE (F)
 YESTERDAY
  MAXIMUM        105    542 PM 107    2013  88     17       98
  MINIMUM         61    319 AM  45    2002  54      7       60
  AVERAGE         83                        71     12       79

PRECIPITATION (IN)
  YESTERDAY        0.00          0.45 1966   0.01  -0.01      T
  MONTH TO DATE    0.00                      0.03  -0.03      T
  SINCE OCT 1      5.57                      7.91  -2.34     3.14
  SINCE JAN 1      3.20                      4.96  -1.76     2.56

SNOWFALL (IN)
  YESTERDAY        0.0
  SNOW DEPTH       0

DEGREE DAYS
 HEATING
  YESTERDAY        0                         0      0        0
  MONTH TO DATE    0                         1     -1        0
  SINCE JUN 1      1                        33    -32       18
  SINCE JUL 1      0                         1     -1        0

 COOLING
  YESTERDAY       18                         6     12       14
  MONTH TO DATE   36                        12     24       23
  SINCE JUN 1    352                       121    231      134
  SINCE JAN 1    434                       154    280      168
..................................................................


WIND (MPH)
  RESULTANT WIND SPEED   3   RESULTANT WIND DIRECTION   N (0)
  HIGHEST WIND SPEED    13   HIGHEST WIND DIRECTION    NW (330)
  HIGHEST GUST SPEED    15   HIGHEST GUST DIRECTION    NW (330)


SKY COVER
  POSSIBLE SUNSHINE  MM
  AVERAGE SKY COVER 0.0


WEATHER CONDITIONS
 THE FOLLOWING WEATHER WAS RECORDED YESTERDAY.
  NO SIGNIFICANT WEATHER WAS OBSERVED.


RELATIVE HUMIDITY (PERCENT)
 HIGHEST    90
 LOWEST     12
 AVERAGE    51

..........................................................


THE PASCO WA CLIMATE NORMALS FOR TODAY
                         NORMAL    RECORD    YEAR
 MAXIMUM TEMPERATURE (F)   88       109      1991
 MINIMUM TEMPERATURE (F)   54        46      1999


SUNRISE AND SUNSET
JULY  3 2015..........SUNRISE   510 AM PDT   SUNSET   851 PM PDT
JULY  4 2015..........SUNRISE   510 AM PDT   SUNSET   851 PM PDT


-  INDICATES NEGATIVE NUMBERS.
R  INDICATES RECORD WAS SET OR TIED.
MM INDICATES DATA IS MISSING.
T  INDICATES TRACE AMOUNT.




$$
