000
CDUS46 KPDT 100837
CLIPSC

CLIMATE REPORT
NATIONAL WEATHER SERVICE PENDLETON OR
1237 AM PST SAT DEC 10 2016


...................................

...THE PASCO WA CLIMATE SUMMARY FOR DECEMBER 9 2016...

CLIMATE NORMAL PERIOD 1981 TO 2010
CLIMATE RECORD PERIOD 1948 TO 2016


WEATHER ITEM   OBSERVED TIME   RECORD YEAR NORMAL DEPARTURE LAST
                VALUE   (LST)  VALUE       VALUE  FROM      YEAR
                                                  NORMAL
..................................................................
TEMPERATURE (F)
 YESTERDAY
  MAXIMUM         27    337 PM  65    2015  41    -14       65
  MINIMUM         22   1133 PM   2    2009  27     -5       40
  AVERAGE         25                        34     -9       53

PRECIPITATION (IN)
  YESTERDAY        0.02          0.35 1955   0.03  -0.01     0.05
  MONTH TO DATE    0.15                      0.27  -0.12     0.97
  SINCE OCT 1      3.27                      2.01   1.26     2.00
  SINCE JAN 1      8.89                      7.89   1.00     5.35

SNOWFALL (IN)
  YESTERDAY       MM
  SNOW DEPTH      MM

DEGREE DAYS
 HEATING
  YESTERDAY       40                        31      9       12
  MONTH TO DATE  290                       272     18      222
  SINCE DEC 1    290                       272     18      222
  SINCE JUL 1   1236                      1501   -265     1324

 COOLING
  YESTERDAY        0                         0      0        0
  MONTH TO DATE    0                         0      0        0
  SINCE DEC 1      0                         0      0        0
  SINCE JAN 1    778                       710     68     1122
..................................................................


WIND (MPH)
  RESULTANT WIND SPEED   5   RESULTANT WIND DIRECTION  NW (300)
  HIGHEST WIND SPEED    14   HIGHEST WIND DIRECTION    NW (310)
  HIGHEST GUST SPEED    16   HIGHEST GUST DIRECTION    NW (310)


SKY COVER
  POSSIBLE SUNSHINE  MM
  AVERAGE SKY COVER 1.0


WEATHER CONDITIONS
 THE FOLLOWING WEATHER WAS RECORDED YESTERDAY.
  SNOW
  LIGHT SNOW
  FOG


RELATIVE HUMIDITY (PERCENT)
 HIGHEST   100
 LOWEST     81
 AVERAGE    91

..........................................................


THE PASCO WA CLIMATE NORMALS FOR TODAY
                         NORMAL    RECORD    YEAR
 MAXIMUM TEMPERATURE (F)   40        65      1993
 MINIMUM TEMPERATURE (F)   27        -2      2009


SUNRISE AND SUNSET
DECEMBER 10 2016......SUNRISE   729 AM PST   SUNSET   410 PM PST
DECEMBER 11 2016......SUNRISE   730 AM PST   SUNSET   410 PM PST


-  INDICATES NEGATIVE NUMBERS.
R  INDICATES RECORD WAS SET OR TIED.
MM INDICATES DATA IS MISSING.
T  INDICATES TRACE AMOUNT.


$$
