000
CDUS46 KPDT 220900 RRA
CLIPSC

CLIMATE REPORT
NATIONAL WEATHER SERVICE PENDLETON OR
200 AM PDT SAT JUL 22 2017


...................................

...THE PASCO WA CLIMATE SUMMARY FOR JULY 21 2017...

CLIMATE NORMAL PERIOD 1981 TO 2010
CLIMATE RECORD PERIOD 1948 TO 2017


WEATHER ITEM   OBSERVED TIME   RECORD YEAR NORMAL DEPARTURE LAST
                VALUE   (LST)  VALUE       VALUE  FROM      YEAR
                                                  NORMAL
..................................................................
TEMPERATURE (F)
 YESTERDAY
  MAXIMUM         88    542 PM 110    1908  93     -5       99
                                      1905
  MINIMUM         51    437 AM  46    1926  57     -6       53
  AVERAGE         70                        75     -5       76

PRECIPITATION (IN)
  YESTERDAY        0.00          0.10 1992   0.01  -0.01     0.00
  MONTH TO DATE    T                         0.24  -0.24     0.33
  SINCE OCT 1      9.94                      8.12   1.82     8.10
  SINCE JAN 1      6.17                      5.17   1.00     5.34

SNOWFALL (IN)
  YESTERDAY        0.0
  SNOW DEPTH       0

DEGREE DAYS
 HEATING
  YESTERDAY        0                         0      0        0
  MONTH TO DATE    0                         1     -1        0
  SINCE JUN 1     26                        33     -7       30
  SINCE JUL 1      0                         1     -1        0

 COOLING
  YESTERDAY        5                        10     -5       11
  MONTH TO DATE  235                       167     68      144
  SINCE JUN 1    381                       276    105      320
  SINCE JAN 1    430                       309    121      353
..................................................................


WIND (MPH)
  RESULTANT WIND SPEED   2   RESULTANT WIND DIRECTION  NE (40)
  HIGHEST WIND SPEED    12   HIGHEST WIND DIRECTION     N (10)
  HIGHEST GUST SPEED    14   HIGHEST GUST DIRECTION     E (90)


SKY COVER
  POSSIBLE SUNSHINE  MM
  AVERAGE SKY COVER 0.0


WEATHER CONDITIONS
 THE FOLLOWING WEATHER WAS RECORDED YESTERDAY.
  NO SIGNIFICANT WEATHER WAS OBSERVED.


RELATIVE HUMIDITY (PERCENT)
 HIGHEST    83
 LOWEST     23
 AVERAGE    53

..........................................................


THE PASCO WA CLIMATE NORMALS FOR TODAY
                         NORMAL    RECORD    YEAR
 MAXIMUM TEMPERATURE (F)   93       109      2006
                                             1905
 MINIMUM TEMPERATURE (F)   57        47      2011
                                             1921


SUNRISE AND SUNSET
JULY 22 2017..........SUNRISE   527 AM PDT   SUNSET   838 PM PDT
JULY 23 2017..........SUNRISE   528 AM PDT   SUNSET   837 PM PDT


-  INDICATES NEGATIVE NUMBERS.
R  INDICATES RECORD WAS SET OR TIED.
MM INDICATES DATA IS MISSING.
T  INDICATES TRACE AMOUNT.

$$
