000
CDUS46 KPDT 280827
CLIPSC

CLIMATE REPORT
NATIONAL WEATHER SERVICE PENDLETON OR
1227 AM PST FRI NOV 28 2014


...................................

...THE PASCO WA CLIMATE SUMMARY FOR NOVEMBER 27 2014...

CLIMATE NORMAL PERIOD 1981 TO 2010
CLIMATE RECORD PERIOD 1948 TO 2014


WEATHER ITEM   OBSERVED TIME   RECORD YEAR NORMAL DEPARTURE LAST
                VALUE   (LST)  VALUE       VALUE  FROM      YEAR
                                                  NORMAL
..................................................................
TEMPERATURE (F)
 YESTERDAY
  MAXIMUM         66R   224 PM  61    2011  45     21       38
  MINIMUM         36    404 AM  10    1993  30      6       19
  AVERAGE         51                        37     14       29

PRECIPITATION (IN)
  YESTERDAY        0.00          0.36 1955   0.04  -0.04     0.00
  MONTH TO DATE    0.48                      0.95  -0.47     0.40
  SINCE OCT 1      1.19                      1.60  -0.41     0.44
  SINCE JAN 1      4.30                      7.48  -3.18     4.75

SNOWFALL (IN)
  YESTERDAY        0.0
  SNOW DEPTH       0

DEGREE DAYS
 HEATING
  YESTERDAY       14                        28    -14       36
  MONTH TO DATE  699                       625     74      685
  SINCE SEP 1    980                      1131   -151     1238
  SINCE JUL 1    980                      1143   -163     1238

 COOLING
  YESTERDAY        0                         0      0        0
  MONTH TO DATE    0                         0      0        0
  SINCE SEP 1     73                        53     20      133
  SINCE JAN 1    991                       710    281      995
..................................................................


WIND (MPH)
  RESULTANT WIND SPEED   7   RESULTANT WIND DIRECTION   S (200)
  HIGHEST WIND SPEED    21   HIGHEST WIND DIRECTION    SW (240)
  HIGHEST GUST SPEED    25   HIGHEST GUST DIRECTION    SW (230)


SKY COVER
  POSSIBLE SUNSHINE  MM
  AVERAGE SKY COVER 0.8


WEATHER CONDITIONS
 THE FOLLOWING WEATHER WAS RECORDED YESTERDAY.
  FOG
  FOG W/VISIBILITY <= 1/4 MILE


RELATIVE HUMIDITY (PERCENT)
 HIGHEST   100
 LOWEST     48
 AVERAGE    74

..........................................................


THE PASCO WA CLIMATE NORMALS FOR TODAY
                         NORMAL    RECORD    YEAR
 MAXIMUM TEMPERATURE (F)   44        63      1995
 MINIMUM TEMPERATURE (F)   30        16      2013


SUNRISE AND SUNSET
NOVEMBER 28 2014......SUNRISE   715 AM PST   SUNSET   413 PM PST
NOVEMBER 29 2014......SUNRISE   716 AM PST   SUNSET   413 PM PST


-  INDICATES NEGATIVE NUMBERS.
R  INDICATES RECORD WAS SET OR TIED.
MM INDICATES DATA IS MISSING.
T  INDICATES TRACE AMOUNT.




$$
