000
CDUS46 KPDT 190830
CLIPSC

CLIMATE REPORT
NATIONAL WEATHER SERVICE PENDLETON OR
1226 AM PST SUN NOV 19 2017


...................................

...THE PASCO WA CLIMATE SUMMARY FOR NOVEMBER 18 2017...

CLIMATE NORMAL PERIOD 1981 TO 2010
CLIMATE RECORD PERIOD 1948 TO 2017


WEATHER ITEM   OBSERVED TIME   RECORD YEAR NORMAL DEPARTURE LAST
                VALUE   (LST)  VALUE       VALUE  FROM      YEAR
                                                  NORMAL
..................................................................
TEMPERATURE (F)
 YESTERDAY
  MAXIMUM         55    305 PM  78    1897  49      6       43
  MINIMUM         31   1047 PM  14    1916  32     -1       26
  AVERAGE         43                        40      3       35

PRECIPITATION (IN)
  YESTERDAY        0.00          0.33 1954   0.03  -0.03     0.00
  MONTH TO DATE    0.72                      0.60   0.12     0.39
  SINCE OCT 1      1.39                      1.25   0.14     2.97
  SINCE JAN 1      7.74                      7.13   0.61     8.59

SNOWFALL (IN)
  YESTERDAY        0.0
  SNOW DEPTH       0

DEGREE DAYS
 HEATING
  YESTERDAY       22                        25     -3       30
  MONTH TO DATE  398                       388     10      277
  SINCE SEP 1    899                       894      5      685
  SINCE JUL 1    899                       906     -7      685

 COOLING
  YESTERDAY        0                         0      0        0
  MONTH TO DATE    0                         0      0        0
  SINCE SEP 1    103                        53     50       27
  SINCE JAN 1    981                       710    271      778
..................................................................


WIND (MPH)
  RESULTANT WIND SPEED   2   RESULTANT WIND DIRECTION   S (200)
  HIGHEST WIND SPEED    17   HIGHEST WIND DIRECTION    SW (240)
  HIGHEST GUST SPEED    21   HIGHEST GUST DIRECTION    SW (240)


SKY COVER
  POSSIBLE SUNSHINE  MM
  AVERAGE SKY COVER 0.0


WEATHER CONDITIONS
 THE FOLLOWING WEATHER WAS RECORDED YESTERDAY.
  HAZE


RELATIVE HUMIDITY (PERCENT)
 HIGHEST    92
 LOWEST     38
 AVERAGE    65

..........................................................


THE PASCO WA CLIMATE NORMALS FOR TODAY
                         NORMAL    RECORD    YEAR
 MAXIMUM TEMPERATURE (F)   48        66      2012
 MINIMUM TEMPERATURE (F)   32        13      1929


SUNRISE AND SUNSET
NOVEMBER 19 2017......SUNRISE   704 AM PST   SUNSET   420 PM PST
NOVEMBER 20 2017......SUNRISE   705 AM PST   SUNSET   419 PM PST


-  INDICATES NEGATIVE NUMBERS.
R  INDICATES RECORD WAS SET OR TIED.
MM INDICATES DATA IS MISSING.
T  INDICATES TRACE AMOUNT.




$$
