000
CDUS46 KPDT 250900
CLIPSC

CLIMATE REPORT
NATIONAL WEATHER SERVICE PENDLETON OR
200 AM PDT SAT OCT 25 2014


...................................

...THE PASCO WA CLIMATE SUMMARY FOR OCTOBER 24 2014...

CLIMATE NORMAL PERIOD 1981 TO 2010
CLIMATE RECORD PERIOD 1948 TO 2014


WEATHER ITEM   OBSERVED TIME   RECORD YEAR NORMAL DEPARTURE LAST
                VALUE   (LST)  VALUE       VALUE  FROM      YEAR
                                                  NORMAL
..................................................................
TEMPERATURE (F)
 YESTERDAY
  MAXIMUM         59    121 PM  77    2007  62     -3       64
  MINIMUM         45    634 AM  22    2002  36      9       32
  AVERAGE         52                        49      3       48

PRECIPITATION (IN)
  YESTERDAY        0.06          0.33 1996   0.02   0.04      T
  MONTH TO DATE    0.59                      0.51   0.08     0.03
  SINCE OCT 1      0.59                      0.51   0.08     0.03
  SINCE JAN 1      3.70                      6.39  -2.69     4.34

SNOWFALL (IN)
  YESTERDAY        0.0
  SNOW DEPTH       0

DEGREE DAYS
 HEATING
  YESTERDAY       13                        16     -3       17
  MONTH TO DATE  144                       285   -141      348
  SINCE SEP 1    186                       384   -198      416
  SINCE JUL 1    186                       396   -210      416

 COOLING
  YESTERDAY        0                         0      0        0
  MONTH TO DATE   11                         0     11        0
  SINCE SEP 1     73                        52     21      133
  SINCE JAN 1    991                       709    282      995
..................................................................


WIND (MPH)
  RESULTANT WIND SPEED   4   RESULTANT WIND DIRECTION  NW (320)
  HIGHEST WIND SPEED    16   HIGHEST WIND DIRECTION    NW (310)
  HIGHEST GUST SPEED    21   HIGHEST GUST DIRECTION    NW (310)


SKY COVER
  POSSIBLE SUNSHINE  MM
  AVERAGE SKY COVER 0.4


WEATHER CONDITIONS
 THE FOLLOWING WEATHER WAS RECORDED YESTERDAY.
  LIGHT RAIN
  FOG
  HAZE


RELATIVE HUMIDITY (PERCENT)
 HIGHEST   100
 LOWEST     67
 AVERAGE    84

..........................................................


THE PASCO WA CLIMATE NORMALS FOR TODAY
                         NORMAL    RECORD    YEAR
 MAXIMUM TEMPERATURE (F)   61        71      1998
 MINIMUM TEMPERATURE (F)   36        21      2002


SUNRISE AND SUNSET
OCTOBER 25 2014.......SUNRISE   728 AM PDT   SUNSET   553 PM PDT
OCTOBER 26 2014.......SUNRISE   729 AM PDT   SUNSET   551 PM PDT


-  INDICATES NEGATIVE NUMBERS.
R  INDICATES RECORD WAS SET OR TIED.
MM INDICATES DATA IS MISSING.
T  INDICATES TRACE AMOUNT.




$$
