000
CDUS41 KALY 222147
CLIPSF


CLIMATE REPORT
NATIONAL WEATHER SERVICE ALBANY NY
446 PM EST SUN JAN 22 2017


...................................

...THE PITTSFIELD MA CLIMATE SUMMARY FOR JANUARY 22 2017...
VALID TODAY AS OF 0400 PM LOCAL TIME.

CLIMATE NORMAL PERIOD 1981 TO 2010
CLIMATE RECORD PERIOD 9999 TO 9999


WEATHER ITEM   OBSERVED TIME   NORMAL DEPARTURE LAST
                VALUE   (LST)  VALUE  FROM      YEAR
                                      NORMAL
......................................................
TEMPERATURE (F)
 TODAY
  MAXIMUM         45    136 PM  29     16       23
  MINIMUM         33    553 AM  11     22        9
  AVERAGE         39            20     19       16

PRECIPITATION (IN)
  TODAY            0.05          0.08  -0.03     0.00
  MONTH TO DATE    1.97          2.15  -0.18     1.09
  SINCE DEC 1      4.99          5.15  -0.16     4.77
  SINCE JAN 1      1.97          2.15  -0.18     1.09

DEGREE DAYS
 HEATING
  TODAY           26            45    -19       49
  MONTH TO DATE  823           983   -160      860
  SINCE DEC 1   2001          2170   -169     1637
  SINCE JUL 1   3408          3821   -413     3010

 COOLING
  TODAY            0             0      0        0
  MONTH TO DATE    0             0      0        0
  SINCE DEC 1      0             0      0        0
  SINCE JAN 1      0             0      0        0
......................................................


WIND (MPH)
  HIGHEST WIND SPEED    10   HIGHEST WIND DIRECTION    NE (60)
  HIGHEST GUST SPEED    13   HIGHEST GUST DIRECTION    NE (60)
  AVERAGE WIND SPEED     1.8


SKY COVER
  AVERAGE SKY COVER 1.0



RELATIVE HUMIDITY (PERCENT)
 HIGHEST   100
 LOWEST     83
 AVERAGE    92

..........................................................


THE PITTSFIELD MA CLIMATE NORMALS FOR TOMORROW
                         NORMAL
 MAXIMUM TEMPERATURE (F)   29
 MINIMUM TEMPERATURE (F)   11


SUNRISE AND SUNSET
JANUARY 22 2017.......SUNRISE   716 AM EST   SUNSET   455 PM EST
JANUARY 23 2017.......SUNRISE   715 AM EST   SUNSET   456 PM EST


-  INDICATES NEGATIVE NUMBERS.
R  INDICATES RECORD WAS SET OR TIED.
MM INDICATES DATA IS MISSING.
T  INDICATES TRACE AMOUNT.




$$
