448
CDUS41 KALY 290636
CLIPSF


CLIMATE REPORT
NATIONAL WEATHER SERVICE ALBANY NY
235 AM EDT MON MAY 29 2017


...................................

...THE PITTSFIELD MA CLIMATE SUMMARY FOR MAY 28 2017...

CLIMATE NORMAL PERIOD 1981 TO 2010
CLIMATE RECORD PERIOD 9999 TO 9999


WEATHER ITEM   OBSERVED TIME   NORMAL DEPARTURE LAST
                VALUE   (LST)  VALUE  FROM      YEAR
                                      NORMAL
......................................................
TEMPERATURE (F)
 YESTERDAY
  MAXIMUM         68    100 PM  70     -2       89
  MINIMUM         51   1158 PM  47      4       63
  AVERAGE         60            58      2       76

PRECIPITATION (IN)
  YESTERDAY        0.00          0.16  -0.16      T
  MONTH TO DATE    6.11          3.73   2.38     1.99
  SINCE MAR 1     12.51         10.96   1.55     6.74
  SINCE JAN 1     18.09         16.56   1.53    12.11

DEGREE DAYS
 HEATING
  YESTERDAY        5             7     -2        0
  MONTH TO DATE  339           305     34      313
  SINCE MAR 1   1946          1960    -14     1762
  SINCE JUL 1   6648          7340   -692     6129

 COOLING
  YESTERDAY        0             1     -1       11
  MONTH TO DATE   12             2     10       24
  SINCE MAR 1     14             4     10       24
  SINCE JAN 1     14             4     10       24
......................................................


WIND (MPH)
  HIGHEST WIND SPEED    14   HIGHEST WIND DIRECTION    SE (150)
  HIGHEST GUST SPEED    20   HIGHEST GUST DIRECTION    SE (150)
  AVERAGE WIND SPEED     4.4


SKY COVER
  AVERAGE SKY COVER  MM



RELATIVE HUMIDITY (PERCENT)
 HIGHEST    MM
 LOWEST     MM
 AVERAGE    MM

..........................................................


THE PITTSFIELD MA CLIMATE NORMALS FOR TODAY
                         NORMAL
 MAXIMUM TEMPERATURE (F)   70
 MINIMUM TEMPERATURE (F)   47


SUNRISE AND SUNSET
MAY 29 2017...........SUNRISE   520 AM EDT   SUNSET   822 PM EDT
MAY 30 2017...........SUNRISE   520 AM EDT   SUNSET   822 PM EDT


-  INDICATES NEGATIVE NUMBERS.
R  INDICATES RECORD WAS SET OR TIED.
MM INDICATES DATA IS MISSING.
T  INDICATES TRACE AMOUNT.




$$
