000
CDUS41 KALY 170627
CLIPSF


CLIMATE REPORT
NATIONAL WEATHER SERVICE ALBANY NY
226 AM EDT THU APR 17 2014


...................................

...THE PITTSFIELD MA CLIMATE SUMMARY FOR APRIL 16 2014...

CLIMATE NORMAL PERIOD 1981 TO 2010
CLIMATE RECORD PERIOD 9999 TO 9999


WEATHER ITEM   OBSERVED TIME   NORMAL DEPARTURE LAST
                VALUE   (LST)  VALUE  FROM      YEAR
                                      NORMAL
......................................................
TEMPERATURE (F)
 YESTERDAY
  MAXIMUM         37    508 PM  55    -18       61
  MINIMUM         22    557 AM  34    -12       41
  AVERAGE         30            44    -14       51

PRECIPITATION (IN)
  YESTERDAY        T             0.12  -0.12     0.22
  MONTH TO DATE    1.73          2.41  -0.68     1.40
  SINCE MAR 1      4.86          5.78  -0.92     3.19
  SINCE JAN 1     11.24         11.38  -0.14     6.82

DEGREE DAYS
 HEATING
  YESTERDAY       35            21     14       14
  MONTH TO DATE  335           381    -46      396
  SINCE MAR 1   1566          1408    158     1451
  SINCE JUL 1   7118          6788    330     6390

 COOLING
  YESTERDAY        0             0      0        0
  MONTH TO DATE    1             0      1        0
  SINCE MAR 1      1             0      1        0
  SINCE JAN 1      1             0      1        0
......................................................


WIND (MPH)
  HIGHEST WIND SPEED    29   HIGHEST WIND DIRECTION    NW (300)
  HIGHEST GUST SPEED    44   HIGHEST GUST DIRECTION     W (290)
  AVERAGE WIND SPEED    10.3


SKY COVER
  AVERAGE SKY COVER 0.3



RELATIVE HUMIDITY (PERCENT)
 HIGHEST    81
 LOWEST     39
 AVERAGE    60

..........................................................


THE PITTSFIELD MA CLIMATE NORMALS FOR TODAY
                         NORMAL
 MAXIMUM TEMPERATURE (F)   55
 MINIMUM TEMPERATURE (F)   35


SUNRISE AND SUNSET
APRIL 17 2014.........SUNRISE   609 AM EDT   SUNSET   737 PM EDT
APRIL 18 2014.........SUNRISE   608 AM EDT   SUNSET   738 PM EDT


-  INDICATES NEGATIVE NUMBERS.
R  INDICATES RECORD WAS SET OR TIED.
MM INDICATES DATA IS MISSING.
T  INDICATES TRACE AMOUNT.




$$
