000
CDUS46 KSGX 190020
CLIPSP


CLIMATE REPORT
NATIONAL WEATHER SERVICE SAN DIEGO, CA
420 PM PST THU DEC 18 2014


...................................

...THE PALM SPRINGS INTL AIRPORT CA CLIMATE SUMMARY FOR DECEMBER 18 2014...
VALID TODAY AS OF 0400 PM LOCAL TIME.

CLIMATE NORMAL PERIOD 1981 TO 2010
CLIMATE RECORD PERIOD 1893 TO 2014


WEATHER ITEM   OBSERVED TIME   RECORD YEAR NORMAL DEPARTURE LAST
                VALUE   (LST)  VALUE       VALUE  FROM      YEAR
                                                  NORMAL
..................................................................
TEMPERATURE (F)
 TODAY
  MAXIMUM         68    214 PM  86    1998  66      2       76
  MINIMUM         48    614 AM  31    1968  44      4       52
  AVERAGE         58                        55      3       64

PRECIPITATION (IN)
  TODAY            0.00          0.94 1952   0.03  -0.03     0.00
  MONTH TO DATE    0.74                      0.40   0.34      T
  SINCE JUL 1      2.00                      2.32  -0.32     1.26
  SINCE JAN 1      2.75                      5.26  -2.51     2.23

SNOWFALL (IN)
  TODAY            0.0
  MONTH TO DATE    0.0
  SINCE JAN 1      0.0
  SINCE JUL 1      0.0
  SNOW DEPTH       0

DEGREE DAYS
 HEATING
  TODAY            7                        10     -3        1
  MONTH TO DATE   82                       163    -81      158
  SINCE DEC 1     82                       163    -81      158
  SINCE JUL 1    115                       259   -144      219

 COOLING
  TODAY            0                         0      0        0
  MONTH TO DATE   19                         0     19        1
  SINCE DEC 1     19                         0     19        1
  SINCE JAN 1   4943                      4137    806     4507
..................................................................


WIND (MPH)
  RESULTANT WIND SPEED   1   RESULTANT WIND DIRECTION   N (350)
  HIGHEST WIND SPEED    14   HIGHEST WIND DIRECTION    NW (330)
  HIGHEST GUST SPEED    16   HIGHEST GUST DIRECTION    NW (310)
  AVERAGE WIND SPEED     2.9


SKY COVER
  POSSIBLE SUNSHINE  MM
  AVERAGE SKY COVER 0.1


WEATHER CONDITIONS
 THE FOLLOWING WEATHER WAS RECORDED TODAY.
  FOG
  HAZE


RELATIVE HUMIDITY (PERCENT)
 HIGHEST    89           200 AM
 LOWEST     32           200 PM
 AVERAGE    61

..........................................................


THE PALM SPRINGS INTL AIRPORT CA CLIMATE NORMALS FOR TOMORROW
                         NORMAL    RECORD    YEAR
 MAXIMUM TEMPERATURE (F)   66        83      1937
 MINIMUM TEMPERATURE (F)   44        29      1968


SUNRISE AND SUNSET
DECEMBER 18 2014......SUNRISE   645 AM PST   SUNSET   440 PM PST
DECEMBER 19 2014......SUNRISE   646 AM PST   SUNSET   440 PM PST


-  INDICATES NEGATIVE NUMBERS.
R  INDICATES RECORD WAS SET OR TIED.
MM INDICATES DATA IS MISSING.
T  INDICATES TRACE AMOUNT.




$$
