000
CDUS46 KSGX 220124
CLIPSP


CLIMATE REPORT
NATIONAL WEATHER SERVICE SAN DIEGO, CA
523 PM PST WED FEB 21 2018


...................................

...THE PALM SPRINGS INTL AIRPORT CA CLIMATE SUMMARY FOR FEBRUARY 21 2018...
VALID TODAY AS OF 0500 PM LOCAL TIME.

CLIMATE NORMAL PERIOD 1981 TO 2010
CLIMATE RECORD PERIOD 1893 TO 2018


WEATHER ITEM   OBSERVED TIME   RECORD YEAR NORMAL DEPARTURE LAST
                VALUE   (LST)  VALUE       VALUE  FROM      YEAR
                                                  NORMAL
..................................................................
TEMPERATURE (F)
 TODAY
  MAXIMUM         65    235 PM  93    1977  74     -9       76
  MINIMUM         43    543 AM  24    1953  49     -6       56
  AVERAGE         54                        61     -7       66

PRECIPITATION (IN)
  TODAY            0.00          0.91 2005   0.04  -0.04     0.00
  MONTH TO DATE    0.00                      0.74  -0.74     0.48
  SINCE OCT 1      1.45                      3.59  -2.14     5.80
  SINCE JAN 1      1.45                      1.74  -0.29     4.01

DEGREE DAYS
 HEATING
  TODAY           11                         5      6        0
  MONTH TO DATE   56                       125    -69       39
  SINCE DEC 1    220                       656   -436      551
  SINCE JUL 1    220                       752   -532      612

 COOLING
  TODAY            0                         1     -1        1
  MONTH TO DATE   64                        20     44       45
  SINCE DEC 1    142                        32    110       46
  SINCE JAN 1    113                        28     85       45
..................................................................


WIND (MPH)
  RESULTANT WIND SPEED   2   RESULTANT WIND DIRECTION  NW (330)
  HIGHEST WIND SPEED     9   HIGHEST WIND DIRECTION    SW (240)
  HIGHEST GUST SPEED    12   HIGHEST GUST DIRECTION    NW (300)
  AVERAGE WIND SPEED     4.1


SKY COVER
  POSSIBLE SUNSHINE  MM
  AVERAGE SKY COVER 0.3


WEATHER CONDITIONS
 THE FOLLOWING WEATHER WAS RECORDED TODAY.
  NO SIGNIFICANT WEATHER WAS OBSERVED.


RELATIVE HUMIDITY (PERCENT)
 HIGHEST    37           200 AM
 LOWEST     16           200 PM
 AVERAGE    27

..........................................................


THE PALM SPRINGS INTL AIRPORT CA CLIMATE NORMALS FOR TOMORROW
                         NORMAL    RECORD    YEAR
 MAXIMUM TEMPERATURE (F)   74        90      1968
                                             1954
 MINIMUM TEMPERATURE (F)   49        28      1955


SUNRISE AND SUNSET
FEBRUARY 21 2018......SUNRISE   624 AM PST   SUNSET   536 PM PST
FEBRUARY 22 2018......SUNRISE   623 AM PST   SUNSET   537 PM PST


-  INDICATES NEGATIVE NUMBERS.
R  INDICATES RECORD WAS SET OR TIED.
MM INDICATES DATA IS MISSING.
T  INDICATES TRACE AMOUNT.




$$
