000
CDUS46 KSGX 230017
CLIPSP


CLIMATE REPORT
NATIONAL WEATHER SERVICE SAN DIEGO, CA
517 PM PDT TUE APR 22 2014


...................................

...THE PALM SPRINGS INTL AIRPORT CA CLIMATE SUMMARY FOR APRIL 22 2014...
VALID TODAY AS OF 0500 PM LOCAL TIME.

CLIMATE NORMAL PERIOD 1981 TO 2010
CLIMATE RECORD PERIOD 1893 TO 2014


WEATHER ITEM   OBSERVED TIME   RECORD YEAR NORMAL DEPARTURE LAST
                VALUE   (LST)  VALUE       VALUE  FROM      YEAR
                                                  NORMAL
..................................................................
TEMPERATURE (F)
 TODAY
  MAXIMUM         89    155 PM 105    1949  86      3       96
  MINIMUM         66    521 AM  38    1932  59      7       64
  AVERAGE         78                        72      6       80

PRECIPITATION (IN)
  TODAY            0.00          1.25 1942   0.01  -0.01     0.00
  MONTH TO DATE    T                         0.09  -0.09     0.00
  SINCE JUL 1      1.96                      5.53  -3.57     2.19
  SINCE JAN 1      0.70                      2.73  -2.03     0.97

SNOWFALL (IN)
  TODAY            0.0
  MONTH TO DATE    0.0
  SINCE JAN 1      0.0
  SINCE JUL 1      0.0
  SNOW DEPTH       0

DEGREE DAYS
 HEATING
  TODAY            0                         0      0        0
  MONTH TO DATE    8                        17     -9        0
  SINCE MAR 1     20                        90    -70       22
  SINCE JUL 1    431                       868   -437      760

 COOLING
  TODAY           13                         8      5       15
  MONTH TO DATE  224                       129     95      178
  SINCE MAR 1    391                       222    169      398
  SINCE JAN 1    499                       249    250      410
..................................................................


WIND (MPH)
  RESULTANT WIND SPEED   7   RESULTANT WIND DIRECTION  NW (320)
  HIGHEST WIND SPEED    28   HIGHEST WIND DIRECTION    NW (320)
  HIGHEST GUST SPEED    35   HIGHEST GUST DIRECTION    NW (320)
  AVERAGE WIND SPEED     8.8


SKY COVER
  POSSIBLE SUNSHINE  MM
  AVERAGE SKY COVER 0.4


WEATHER CONDITIONS
 THE FOLLOWING WEATHER WAS RECORDED TODAY.
  NO SIGNIFICANT WEATHER WAS OBSERVED.


RELATIVE HUMIDITY (PERCENT)
 HIGHEST    40           500 AM
 LOWEST      8           200 PM
 AVERAGE    24

..........................................................


THE PALM SPRINGS INTL AIRPORT CA CLIMATE NORMALS FOR TOMORROW
                         NORMAL    RECORD    YEAR
 MAXIMUM TEMPERATURE (F)   87       105      1949
 MINIMUM TEMPERATURE (F)   59        41      1967


SUNRISE AND SUNSET
APRIL 22 2014.........SUNRISE   607 AM PDT   SUNSET   723 PM PDT
APRIL 23 2014.........SUNRISE   606 AM PDT   SUNSET   723 PM PDT


-  INDICATES NEGATIVE NUMBERS.
R  INDICATES RECORD WAS SET OR TIED.
MM INDICATES DATA IS MISSING.
T  INDICATES TRACE AMOUNT.




$$
