000
CDUS46 KSGX 010022
CLIPSP


CLIMATE REPORT
NATIONAL WEATHER SERVICE SAN DIEGO, CA
522 PM PDT SUN APR 30 2017


...................................

...THE PALM SPRINGS INTL AIRPORT CA CLIMATE SUMMARY FOR APRIL 30 2017...
VALID TODAY AS OF 0500 PM LOCAL TIME.

CLIMATE NORMAL PERIOD 1981 TO 2010
CLIMATE RECORD PERIOD 1893 TO 2017


WEATHER ITEM   OBSERVED TIME   RECORD YEAR NORMAL DEPARTURE LAST
                VALUE   (LST)  VALUE       VALUE  FROM      YEAR
                                                  NORMAL
..................................................................
TEMPERATURE (F)
 TODAY
  MAXIMUM         94    354 PM 106    1996  89      5       77
  MINIMUM         61    459 AM  40    1942  61      0       60
  AVERAGE         78                        75      3       69

PRECIPITATION (IN)
  TODAY            0.00          0.17 1951   0.00   0.00     0.00
  MONTH TO DATE    0.00                      0.11  -0.11     0.14
  SINCE OCT 1      6.97                      4.60   2.37     2.61
  SINCE JAN 1      5.18                      2.75   2.43     2.42

DEGREE DAYS
 HEATING
  TODAY            0                         0      0        0
  MONTH TO DATE    0                        17    -17        0
  SINCE MAR 1     19                        94    -75       28
  SINCE JUL 1    679                       872   -193      738

 COOLING
  TODAY           13                        10      3        4
  MONTH TO DATE  349                       200    149      280
  SINCE MAR 1    595                       293    302      467
  SINCE JAN 1    640                       320    320      617
..................................................................


WIND (MPH)
  RESULTANT WIND SPEED   3   RESULTANT WIND DIRECTION   N (10)
  HIGHEST WIND SPEED    13   HIGHEST WIND DIRECTION    SE (130)
  HIGHEST GUST SPEED    20   HIGHEST GUST DIRECTION     E (90)
  AVERAGE WIND SPEED     6.8


SKY COVER
  POSSIBLE SUNSHINE  MM
  AVERAGE SKY COVER 0.0


WEATHER CONDITIONS
 THE FOLLOWING WEATHER WAS RECORDED TODAY.
  NO SIGNIFICANT WEATHER WAS OBSERVED.


RELATIVE HUMIDITY (PERCENT)
 HIGHEST    19           400 AM
 LOWEST      5          1000 AM
 AVERAGE    12

..........................................................


THE PALM SPRINGS INTL AIRPORT CA CLIMATE NORMALS FOR TOMORROW
                         NORMAL    RECORD    YEAR
 MAXIMUM TEMPERATURE (F)   89       108      1947
 MINIMUM TEMPERATURE (F)   61        44      1967
                                             1953
                                             1935


SUNRISE AND SUNSET
APRIL 30 2017.........SUNRISE   558 AM PDT   SUNSET   729 PM PDT
MAY  1 2017...........SUNRISE   557 AM PDT   SUNSET   730 PM PDT


-  INDICATES NEGATIVE NUMBERS.
R  INDICATES RECORD WAS SET OR TIED.
MM INDICATES DATA IS MISSING.
T  INDICATES TRACE AMOUNT.




$$
