000
CDUS45 KPUB 261149
CLIPUB


CLIMATE REPORT
NATIONAL WEATHER SERVICE PUEBLO
448 AM MST SUN FEB 26 2017


...................................

...THE PUEBLO CO CLIMATE SUMMARY FOR FEBRUARY 25 2017...

CLIMATE NORMAL PERIOD 1981 TO 2010
CLIMATE RECORD PERIOD 1888 TO 2017


WEATHER ITEM   OBSERVED TIME   RECORD YEAR NORMAL DEPARTURE LAST
                VALUE   (LST)  VALUE       VALUE  FROM      YEAR
                                                  NORMAL
..................................................................
TEMPERATURE (F)
 YESTERDAY
  MAXIMUM         48    232 PM  80    1986  53     -5       48
  MINIMUM          9    531 AM  -7    1960  20    -11       18
  AVERAGE         29                        37     -8       33

PRECIPITATION (IN)
  YESTERDAY        0.00          0.32 1977   0.02  -0.02     0.00
  MONTH TO DATE    0.17                      0.26  -0.09     0.33
  SINCE DEC 1      1.68                      0.99   0.69     1.26
  SINCE JAN 1      0.92                      0.61   0.31     0.86

SNOWFALL (IN)
  YESTERDAY        0.0           3.6  1977   0.1   -0.1      0.0
  MONTH TO DATE    0.0                       3.4   -3.4      5.8
  SINCE DEC 1     14.2                      15.4   -1.2     17.8
  SINCE JUL 1     14.2                      21.4   -7.2     24.2
  SNOW DEPTH       0

DEGREE DAYS
 HEATING
  YESTERDAY       36                        28      8       32
  MONTH TO DATE  539                       788   -249      636
  SINCE DEC 1   2623                      2939   -316     2567
  SINCE JUL 1   3405                      4220   -815     3441

 COOLING
  YESTERDAY        0                         0      0        0
  MONTH TO DATE    0                         0      0        0
  SINCE DEC 1      0                         0      0        0
  SINCE JAN 1      0                         0      0        0
..................................................................


WIND (MPH)
  HIGHEST WIND SPEED    32   HIGHEST WIND DIRECTION     W (280)
  HIGHEST GUST SPEED    41   HIGHEST GUST DIRECTION     W (290)
  AVERAGE WIND SPEED    12.3


SKY COVER
  POSSIBLE SUNSHINE  MM
  AVERAGE SKY COVER 0.1


WEATHER CONDITIONS
 THE FOLLOWING WEATHER WAS RECORDED YESTERDAY.
  NO SIGNIFICANT WEATHER WAS OBSERVED.


RELATIVE HUMIDITY (PERCENT)
 HIGHEST    80           700 AM
 LOWEST     11           300 PM
 AVERAGE    46

..........................................................


THE PUEBLO CO CLIMATE NORMALS FOR TODAY
                         NORMAL    RECORD    YEAR
 MAXIMUM TEMPERATURE (F)   54        80      1986
 MINIMUM TEMPERATURE (F)   20        -7      1964


SUNRISE AND SUNSET
FEBRUARY 26 2017......SUNRISE   634 AM MST   SUNSET   549 PM MST
FEBRUARY 27 2017......SUNRISE   632 AM MST   SUNSET   550 PM MST


-  INDICATES NEGATIVE NUMBERS.
R  INDICATES RECORD WAS SET OR TIED.
MM INDICATES DATA IS MISSING.
T  INDICATES TRACE AMOUNT.




$$
