000
CDUS45 KPUB 221044
CLIPUB


CLIMATE REPORT
NATIONAL WEATHER SERVICE PUEBLO
444 AM MDT THU JUN 22 2017


...................................

...THE PUEBLO CO CLIMATE SUMMARY FOR JUNE 21 2017...

CLIMATE NORMAL PERIOD 1981 TO 2010
CLIMATE RECORD PERIOD 1888 TO 2017


WEATHER ITEM   OBSERVED TIME   RECORD YEAR NORMAL DEPARTURE LAST
                VALUE   (LST)  VALUE       VALUE  FROM      YEAR
                                                  NORMAL
..................................................................
TEMPERATURE (F)
 YESTERDAY
  MAXIMUM        102   1228 PM 105    2016  89     13      105
  MINIMUM         64   1150 PM  46    1982  54     10       65
                                      1906
  AVERAGE         83                        72     11       85

PRECIPITATION (IN)
  YESTERDAY        0.05          1.58 1994   0.04   0.01      T
  MONTH TO DATE    1.51                      0.95   0.56     0.33
  SINCE JUN 1      1.51                      0.95   0.56     0.33
  SINCE JAN 1     10.57                      5.44   5.13     7.50

SNOWFALL (IN)
  YESTERDAY        0.0           0.0  2002   0.0    0.0      0.0
                                      2001
  MONTH TO DATE    0.0                       0.0    0.0       T
  SINCE JUN 1      0.0                       0.0    0.0       T
  SINCE JUL 1     28.2                      31.8   -3.6     31.4
  SNOW DEPTH       0

DEGREE DAYS
 HEATING
  YESTERDAY        0                         0      0        0
  MONTH TO DATE    0                        22    -22        1
  SINCE JUN 1      0                        22    -22        1
  SINCE JUL 1   4538                      5635  -1097     4624

 COOLING
  YESTERDAY       18                         7     11       20
  MONTH TO DATE  156                        99     57      211
  SINCE JUN 1    156                        99     57      211
  SINCE JAN 1    166                       133     33      241
..................................................................


WIND (MPH)
  HIGHEST WIND SPEED    28   HIGHEST WIND DIRECTION     E (70)
  HIGHEST GUST SPEED    32   HIGHEST GUST DIRECTION     E (70)
  AVERAGE WIND SPEED     8.6


SKY COVER
  POSSIBLE SUNSHINE  MM
  AVERAGE SKY COVER 0.0


WEATHER CONDITIONS
 THE FOLLOWING WEATHER WAS RECORDED YESTERDAY.
  THUNDERSTORM
  HEAVY RAIN
  RAIN
  LIGHT RAIN


RELATIVE HUMIDITY (PERCENT)
 HIGHEST    63           500 AM
 LOWEST     14          1100 AM
 AVERAGE    39

..........................................................


THE PUEBLO CO CLIMATE NORMALS FOR TODAY
                         NORMAL    RECORD    YEAR
 MAXIMUM TEMPERATURE (F)   90       105      2012
 MINIMUM TEMPERATURE (F)   55        43      2004
                                             1957


SUNRISE AND SUNSET
JUNE 22 2017..........SUNRISE   535 AM MDT   SUNSET   825 PM MDT
JUNE 23 2017..........SUNRISE   535 AM MDT   SUNSET   825 PM MDT


-  INDICATES NEGATIVE NUMBERS.
R  INDICATES RECORD WAS SET OR TIED.
MM INDICATES DATA IS MISSING.
T  INDICATES TRACE AMOUNT.




$$
