921
CDUS45 KPUB 261048
CLIPUB


CLIMATE REPORT
NATIONAL WEATHER SERVICE PUEBLO
448 AM MDT TUE JUL 26 2016


...................................

...THE PUEBLO CO CLIMATE SUMMARY FOR JULY 25 2016...

CLIMATE NORMAL PERIOD 1981 TO 2010
CLIMATE RECORD PERIOD 1888 TO 2016


WEATHER ITEM   OBSERVED TIME   RECORD YEAR NORMAL DEPARTURE LAST
                VALUE   (LST)  VALUE       VALUE  FROM      YEAR
                                                  NORMAL
..................................................................
TEMPERATURE (F)
 YESTERDAY
  MAXIMUM         96    405 PM 107    2003  93      3      100
  MINIMUM         64    539 AM  48    1995  60      4       68
  AVERAGE         80                        76      4       84

PRECIPITATION (IN)
  YESTERDAY        0.46          1.96 1977   0.07   0.39     0.00
  MONTH TO DATE    1.01                      1.60  -0.59     0.64
  SINCE JUN 1      1.79                      2.96  -1.17     1.86
  SINCE JAN 1      8.96                      7.45   1.51    10.78

SNOWFALL (IN)
  YESTERDAY        0.0           0.0  2001   0.0    0.0      0.0
  MONTH TO DATE    T                         0.0    0.0      0.0
  SINCE JUN 1      T                         0.0    0.0      0.0
  SINCE JUL 1      T                         0.0    0.0      0.0
  SNOW DEPTH       0

DEGREE DAYS
 HEATING
  YESTERDAY        0                         0      0        0
  MONTH TO DATE    0                         0      0        0
  SINCE JUN 1      1                        25    -24        0
  SINCE JUL 1      0                         0      0        0

 COOLING
  YESTERDAY       15                        11      4       19
  MONTH TO DATE  394                       270    124      310
  SINCE JUN 1    733                       445    288      553
  SINCE JAN 1    763                       479    284      557
..................................................................


WIND (MPH)
  HIGHEST WIND SPEED    51   HIGHEST WIND DIRECTION    NW (330)
  HIGHEST GUST SPEED    63   HIGHEST GUST DIRECTION    NW (330)
  AVERAGE WIND SPEED    10.0


SKY COVER
  POSSIBLE SUNSHINE  MM
  AVERAGE SKY COVER 0.0


WEATHER CONDITIONS
 THE FOLLOWING WEATHER WAS RECORDED YESTERDAY.
  THUNDERSTORM
  HEAVY RAIN
  RAIN
  LIGHT RAIN


RELATIVE HUMIDITY (PERCENT)
 HIGHEST    78           500 AM
 LOWEST     24           400 PM
 AVERAGE    51

..........................................................


THE PUEBLO CO CLIMATE NORMALS FOR TODAY
                         NORMAL    RECORD    YEAR
 MAXIMUM TEMPERATURE (F)   92       101      2015
                                             2003
                                             1995
 MINIMUM TEMPERATURE (F)   60        52      1993


SUNRISE AND SUNSET
JULY 26 2016..........SUNRISE   556 AM MDT   SUNSET   813 PM MDT
JULY 27 2016..........SUNRISE   557 AM MDT   SUNSET   812 PM MDT


-  INDICATES NEGATIVE NUMBERS.
R  INDICATES RECORD WAS SET OR TIED.
MM INDICATES DATA IS MISSING.
T  INDICATES TRACE AMOUNT.




$$
