000
CDUS45 KPUB 031033
CLIPUB


CLIMATE REPORT
NATIONAL WEATHER SERVICE PUEBLO
433 AM MDT THU SEP 3 2015


...................................

...THE PUEBLO CO CLIMATE SUMMARY FOR SEPTEMBER 2 2015...

CLIMATE NORMAL PERIOD 1981 TO 2010
CLIMATE RECORD PERIOD 1888 TO 2015


WEATHER ITEM   OBSERVED TIME   RECORD YEAR NORMAL DEPARTURE LAST
                VALUE   (LST)  VALUE       VALUE  FROM      YEAR
                                                  NORMAL
..................................................................
TEMPERATURE (F)
 YESTERDAY
  MAXIMUM         96    224 PM  98    1995  87      9       90
                                      1983
                                      1964
  MINIMUM         62    530 AM  43    1952  54      8       58
  AVERAGE         79                        70      9       74

PRECIPITATION (IN)
  YESTERDAY        0.00          0.42 1906   0.04  -0.04     0.00
  MONTH TO DATE    0.02                      0.09  -0.07     0.00
  SINCE SEP 1      0.02                      0.09  -0.07     0.00
  SINCE JAN 1     15.04                     10.32   4.72     9.60

SNOWFALL (IN)
  YESTERDAY        0.0           0.0  2002   0.0    0.0      0.0
  MONTH TO DATE    0.0                       0.0    0.0      0.0
  SINCE SEP 1      0.0                       0.0    0.0      0.0
  SINCE JUL 1      0.0                       0.0    0.0       T
  SNOW DEPTH       0

DEGREE DAYS
 HEATING
  YESTERDAY        0                         1     -1        0
  MONTH TO DATE    0                         2     -2        0
  SINCE SEP 1      0                         2     -2        0
  SINCE JUL 1      0                         7     -7        1

 COOLING
  YESTERDAY       14                         6      8        9
  MONTH TO DATE   25                        12     13       16
  SINCE SEP 1     25                        12     13       16
  SINCE JAN 1   1071                       823    248      891
..................................................................


WIND (MPH)
  HIGHEST WIND SPEED    25   HIGHEST WIND DIRECTION     W (280)
  HIGHEST GUST SPEED    30   HIGHEST GUST DIRECTION     W (290)
  AVERAGE WIND SPEED     9.2


SKY COVER
  POSSIBLE SUNSHINE  MM
  AVERAGE SKY COVER 0.0


WEATHER CONDITIONS
 THE FOLLOWING WEATHER WAS RECORDED YESTERDAY.
  NO SIGNIFICANT WEATHER WAS OBSERVED.


RELATIVE HUMIDITY (PERCENT)
 HIGHEST    63           100 AM
 LOWEST     14           200 PM
 AVERAGE    39

..........................................................


THE PUEBLO CO CLIMATE NORMALS FOR TODAY
                         NORMAL    RECORD    YEAR
 MAXIMUM TEMPERATURE (F)   86       100      2014
 MINIMUM TEMPERATURE (F)   53        39      1934


SUNRISE AND SUNSET
SEPTEMBER  3 2015.....SUNRISE   629 AM MDT   SUNSET   725 PM MDT
SEPTEMBER  4 2015.....SUNRISE   630 AM MDT   SUNSET   724 PM MDT


-  INDICATES NEGATIVE NUMBERS.
R  INDICATES RECORD WAS SET OR TIED.
MM INDICATES DATA IS MISSING.
T  INDICATES TRACE AMOUNT.




$$
