466
CDUS45 KPUB 241100
CLIPUB


CLIMATE REPORT
NATIONAL WEATHER SERVICE PUEBLO
500 AM MDT WED MAY 24 2017


...................................

...THE PUEBLO CO CLIMATE SUMMARY FOR MAY 23 2017...

CLIMATE NORMAL PERIOD 1981 TO 2010
CLIMATE RECORD PERIOD 1888 TO 2017


WEATHER ITEM   OBSERVED TIME   RECORD YEAR NORMAL DEPARTURE LAST
                VALUE   (LST)  VALUE       VALUE  FROM      YEAR
                                                  NORMAL
..................................................................
TEMPERATURE (F)
 YESTERDAY
  MAXIMUM         68    353 PM 100    2000  79    -11       80
  MINIMUM         42    440 AM  32    1893  46     -4       47
  AVERAGE         55                        63     -8       64

PRECIPITATION (IN)
  YESTERDAY        0.00          1.00 1936   0.05  -0.05     0.00
  MONTH TO DATE    2.93                      1.12   1.81     0.78
  SINCE MAR 1      8.07                      3.45   4.62     4.33
  SINCE JAN 1      8.99                      4.10   4.89     5.19

SNOWFALL (IN)
  YESTERDAY        0.0           0.0  2015   0.0    0.0      0.0
  MONTH TO DATE    T                         0.5   -0.5      0.0
  SINCE MAR 1     14.0                      10.0    4.0      7.2
  SINCE JUL 1     28.2                      31.8   -3.6     31.4
  SNOW DEPTH       0

DEGREE DAYS
 HEATING
  YESTERDAY       10                         4      6        1
  MONTH TO DATE  178                       149     29      133
  SINCE MAR 1   1022                      1286   -264     1097
  SINCE JUL 1   4522                      5589  -1067     4606

 COOLING
  YESTERDAY        0                         1     -1        0
  MONTH TO DATE    4                        14    -10       22
  SINCE MAR 1      4                        16    -12       22
  SINCE JAN 1      4                        16    -12       22
..................................................................


WIND (MPH)
  HIGHEST WIND SPEED    23   HIGHEST WIND DIRECTION     N (360)
  HIGHEST GUST SPEED    28   HIGHEST GUST DIRECTION     N (20)
  AVERAGE WIND SPEED     8.4


SKY COVER
  POSSIBLE SUNSHINE  MM
  AVERAGE SKY COVER 0.3


WEATHER CONDITIONS
 THE FOLLOWING WEATHER WAS RECORDED YESTERDAY.
  NO SIGNIFICANT WEATHER WAS OBSERVED.


RELATIVE HUMIDITY (PERCENT)
 HIGHEST    83           400 AM
 LOWEST     26           100 PM
 AVERAGE    55

..........................................................


THE PUEBLO CO CLIMATE NORMALS FOR TODAY
                         NORMAL    RECORD    YEAR
 MAXIMUM TEMPERATURE (F)   79        97      1984
 MINIMUM TEMPERATURE (F)   47        36      2008
                                             2007
                                             2002


SUNRISE AND SUNSET
MAY 24 2017...........SUNRISE   540 AM MDT   SUNSET   810 PM MDT
MAY 25 2017...........SUNRISE   540 AM MDT   SUNSET   811 PM MDT


-  INDICATES NEGATIVE NUMBERS.
R  INDICATES RECORD WAS SET OR TIED.
MM INDICATES DATA IS MISSING.
T  INDICATES TRACE AMOUNT.




$$
