000
CDUS46 KOTX 200821
CLIPUW


CLIMATE REPORT
NATIONAL WEATHER SERVICE SPOKANE, WA
121 AM PDT WED AUG 20 2014


...................................

...THE PULLMAN-MOSCOW  AIRPORT CLIMATE SUMMARY FOR AUGUST 19 2014...

CLIMATE NORMAL PERIOD 1981 TO 2010
CLIMATE RECORD PERIOD 9999 TO 9999


WEATHER ITEM   OBSERVED TIME   RECORD YEAR NORMAL DEPARTURE LAST
                VALUE   (LST)  VALUE       VALUE  FROM      YEAR
                                                  NORMAL
..................................................................
TEMPERATURE (F)
 YESTERDAY
  MAXIMUM         87    113 PM 103    1961  82      5       85
  MINIMUM         50    437 AM  35    1973  49      1       50
  AVERAGE         69                        66      3       68

PRECIPITATION (IN)
  YESTERDAY        0.00          0.29 1989   0.02  -0.02     0.00
  MONTH TO DATE    0.38                      0.40  -0.02     0.30
  SINCE OCT 1     14.66                     15.88  -1.22    16.27
  SINCE JAN 1     11.32                     10.68   0.64     8.73

SNOWFALL (IN)
  YESTERDAY       MM            MM      MM  MM     MM       MM
  MONTH TO DATE   MM                        MM     MM       MM
  SINCE JUN 1     MM                        MM     MM       MM
  SINCE JUL 1     MM                        MM     MM       MM
  SNOW DEPTH      MM

DEGREE DAYS
 HEATING
  YESTERDAY        0                         2     -2        0
  MONTH TO DATE    1                        28    -27       12
  SINCE JUN 1    215                       298    -83      226
  SINCE JUL 1     11                        92    -81       36

 COOLING
  YESTERDAY        4                         3      1        3
  MONTH TO DATE  124                        64     60       94
  SINCE JUN 1    314                       159    155      232
  SINCE JAN 1    315                       164    151      244
..................................................................


WIND (MPH)
  HIGHEST WIND SPEED    18   HIGHEST WIND DIRECTION     W (250)
  HIGHEST GUST SPEED    23   HIGHEST GUST DIRECTION     W (250)
  AVERAGE WIND SPEED     5.0


SKY COVER
  POSSIBLE SUNSHINE  MM
  AVERAGE SKY COVER 0.0


WEATHER CONDITIONS
 THE FOLLOWING WEATHER WAS RECORDED YESTERDAY.
  NO SIGNIFICANT WEATHER WAS OBSERVED.


RELATIVE HUMIDITY (PERCENT)
 HIGHEST    77           300 AM
 LOWEST     22           600 PM
 AVERAGE    50

..........................................................


THE PULLMAN-MOSCOW  AIRPORT CLIMATE NORMALS FOR TODAY
                         NORMAL    RECORD    YEAR
 MAXIMUM TEMPERATURE (F)   82        98      2009
 MINIMUM TEMPERATURE (F)   49        30      1945


SUNRISE AND SUNSET
AUGUST 20 2014........SUNRISE   553 AM PDT   SUNSET   750 PM PDT
AUGUST 21 2014........SUNRISE   554 AM PDT   SUNSET   748 PM PDT


-  INDICATES NEGATIVE NUMBERS.
R  INDICATES RECORD WAS SET OR TIED.
MM INDICATES DATA IS MISSING.
T  INDICATES TRACE AMOUNT.




$$
