000
CDUS46 KOTX 240826
CLIPUW


CLIMATE REPORT
NATIONAL WEATHER SERVICE SPOKANE, WA
126 AM PDT THU AUG 24 2017


...................................

...THE PULLMAN-MOSCOW  AIRPORT CLIMATE SUMMARY FOR AUGUST 23 2017...

CLIMATE NORMAL PERIOD 1981 TO 2010
CLIMATE RECORD PERIOD 9999 TO 9999


WEATHER ITEM   OBSERVED TIME   RECORD YEAR NORMAL DEPARTURE LAST
                VALUE   (LST)  VALUE       VALUE  FROM      YEAR
                                                  NORMAL
..................................................................
TEMPERATURE (F)
 YESTERDAY
  MAXIMUM         85   1154 AM  98    1894  81      4       76
  MINIMUM         53    448 AM  36    1992  48      5       40
  AVERAGE         69                        65      4       58

PRECIPITATION (IN)
  YESTERDAY        T                         0.01  -0.01     0.00
  MONTH TO DATE    0.06                      0.47  -0.41     0.24
  SINCE OCT 1     23.33                     15.95   7.38    19.95
  SINCE JAN 1     14.92                     10.75   4.17    11.96

SNOWFALL (IN)
  YESTERDAY       MM

DEGREE DAYS
 HEATING
  YESTERDAY        0                         3     -3        7
  MONTH TO DATE   11                        39    -28       32
  SINCE JUN 1    151                       309   -158      265
  SINCE JUL 1     17                       103    -86       97

 COOLING
  YESTERDAY        4                         2      2        0
  MONTH TO DATE  142                        75     67       73
  SINCE JUN 1    372                       170    202      174
  SINCE JAN 1    392                       175    217      175
..................................................................


WIND (MPH)
  HIGHEST WIND SPEED    14   HIGHEST WIND DIRECTION     W (270)
  HIGHEST GUST SPEED    18   HIGHEST GUST DIRECTION     W (260)
  AVERAGE WIND SPEED     2.4


SKY COVER
  POSSIBLE SUNSHINE  MM
  AVERAGE SKY COVER 0.1


WEATHER CONDITIONS
 THE FOLLOWING WEATHER WAS RECORDED YESTERDAY.
  LIGHT RAIN
  HAZE


RELATIVE HUMIDITY (PERCENT)
 HIGHEST    66           500 AM
 LOWEST     23           400 PM
 AVERAGE    45

..........................................................


THE PULLMAN-MOSCOW  AIRPORT CLIMATE NORMALS FOR TODAY
                         NORMAL    RECORD    YEAR
 MAXIMUM TEMPERATURE (F)   81       100      1966
 MINIMUM TEMPERATURE (F)   48        32      1908


SUNRISE AND SUNSET
AUGUST 24 2017........SUNRISE   558 AM PDT   SUNSET   742 PM PDT
AUGUST 25 2017........SUNRISE   600 AM PDT   SUNSET   740 PM PDT


-  INDICATES NEGATIVE NUMBERS.
R  INDICATES RECORD WAS SET OR TIED.
MM INDICATES DATA IS MISSING.
T  INDICATES TRACE AMOUNT.




$$
