000
CDUS46 KOTX 200826
CLIPUW


CLIMATE REPORT
NATIONAL WEATHER SERVICE SPOKANE, WA
1226 AM PST SAT DEC 20 2014


...................................

...THE PULLMAN-MOSCOW  AIRPORT CLIMATE SUMMARY FOR DECEMBER 19 2014...

CLIMATE NORMAL PERIOD 1981 TO 2010
CLIMATE RECORD PERIOD 9999 TO 9999


WEATHER ITEM   OBSERVED TIME   RECORD YEAR NORMAL DEPARTURE LAST
                VALUE   (LST)  VALUE       VALUE  FROM      YEAR
                                                  NORMAL
..................................................................
TEMPERATURE (F)
 YESTERDAY
  MAXIMUM         42    900 AM  53    1941  35      7       30
  MINIMUM         34   1159 PM -10    1984  24     10       19
  AVERAGE         38                        30      8       25

PRECIPITATION (IN)
  YESTERDAY        0.48          1.16 1953   0.05   0.43     0.00
  MONTH TO DATE    1.78                      1.03   0.75     0.81
  SINCE OCT 1      5.58                      4.66   0.92     2.74
  SINCE JAN 1     17.46                     16.35   1.11    14.28

SNOWFALL (IN)
  YESTERDAY       MM

DEGREE DAYS
 HEATING
  YESTERDAY       27                        35     -8       40
  MONTH TO DATE  515                       654   -139      775
  SINCE DEC 1    515                       654   -139      775
  SINCE JUL 1   1852                      2398   -546     2464

 COOLING
  YESTERDAY        0                         0      0        0
  MONTH TO DATE    0                         0      0        0
  SINCE DEC 1      0                         0      0        0
  SINCE JAN 1    346                       213    133      334
..................................................................


WIND (MPH)
  HIGHEST WIND SPEED    20   HIGHEST WIND DIRECTION    SW (240)
  HIGHEST GUST SPEED    24   HIGHEST GUST DIRECTION    SW (230)
  AVERAGE WIND SPEED     8.9


SKY COVER
  POSSIBLE SUNSHINE  MM
  AVERAGE SKY COVER 0.8


WEATHER CONDITIONS
 THE FOLLOWING WEATHER WAS RECORDED YESTERDAY.
  RAIN
  LIGHT RAIN
  FOG


RELATIVE HUMIDITY (PERCENT)
 HIGHEST   100          1000 AM
 LOWEST     79           300 PM
 AVERAGE    90

..........................................................


THE PULLMAN-MOSCOW  AIRPORT CLIMATE NORMALS FOR TODAY
                         NORMAL    RECORD    YEAR
 MAXIMUM TEMPERATURE (F)   35        50      1940
 MINIMUM TEMPERATURE (F)   24       -11      1950


SUNRISE AND SUNSET
DECEMBER 20 2014......SUNRISE   730 AM PST   SUNSET   402 PM PST
DECEMBER 21 2014......SUNRISE   730 AM PST   SUNSET   403 PM PST


-  INDICATES NEGATIVE NUMBERS.
R  INDICATES RECORD WAS SET OR TIED.
MM INDICATES DATA IS MISSING.
T  INDICATES TRACE AMOUNT.




$$
