000
CDUS46 KOTX 300827
CLIPUW


CLIMATE REPORT
NATIONAL WEATHER SERVICE SPOKANE, WA
125 AM PDT SUN AUG 30 2015


...................................

...THE PULLMAN-MOSCOW  AIRPORT CLIMATE SUMMARY FOR AUGUST 29 2015...

CLIMATE NORMAL PERIOD 1981 TO 2010
CLIMATE RECORD PERIOD 9999 TO 9999


WEATHER ITEM   OBSERVED TIME   RECORD YEAR NORMAL DEPARTURE LAST
                VALUE   (LST)  VALUE       VALUE  FROM      YEAR
                                                  NORMAL
..................................................................
TEMPERATURE (F)
 YESTERDAY
  MAXIMUM         81    946 AM  98    1998  79      2       83
  MINIMUM         55   1113 PM  30    1942  47      8       48
  AVERAGE         68                        63      5       66

PRECIPITATION (IN)
  YESTERDAY        0.13          0.79 1951   0.02   0.11     0.00
  MONTH TO DATE    0.13                      0.59  -0.46     0.50
  SINCE OCT 1     16.76                     16.07   0.69    14.78
  SINCE JAN 1      9.91                     10.87  -0.96    11.44

SNOWFALL (IN)
  YESTERDAY       MM

DEGREE DAYS
 HEATING
  YESTERDAY        0                         4     -4        0
  MONTH TO DATE   26                        59    -33        7
  SINCE JUN 1    124                       329   -205      221
  SINCE JUL 1     45                       123    -78       17

 COOLING
  YESTERDAY        3                         2      1        1
  MONTH TO DATE  134                        87     47      135
  SINCE JUN 1    396                       182    214      325
  SINCE JAN 1    408                       187    221      326
..................................................................


WIND (MPH)
  HIGHEST WIND SPEED    35   HIGHEST WIND DIRECTION    SW (230)
  HIGHEST GUST SPEED    43   HIGHEST GUST DIRECTION     W (250)
  AVERAGE WIND SPEED    10.4


SKY COVER
  POSSIBLE SUNSHINE  MM
  AVERAGE SKY COVER 0.7


WEATHER CONDITIONS
 THE FOLLOWING WEATHER WAS RECORDED YESTERDAY.
  THUNDERSTORM
  RAIN
  LIGHT RAIN
  HAZE


RELATIVE HUMIDITY (PERCENT)
 HIGHEST    77          1100 PM
 LOWEST     31           900 AM
 AVERAGE    54

..........................................................


THE PULLMAN-MOSCOW  AIRPORT CLIMATE NORMALS FOR TODAY
                         NORMAL    RECORD    YEAR
 MAXIMUM TEMPERATURE (F)   79        96      1967
 MINIMUM TEMPERATURE (F)   47        35      1965


SUNRISE AND SUNSET
AUGUST 30 2015........SUNRISE   605 AM PDT   SUNSET   732 PM PDT
AUGUST 31 2015........SUNRISE   607 AM PDT   SUNSET   730 PM PDT


-  INDICATES NEGATIVE NUMBERS.
R  INDICATES RECORD WAS SET OR TIED.
MM INDICATES DATA IS MISSING.
T  INDICATES TRACE AMOUNT.




$$
