000
CDUS46 KOTX 180827
CLIPUW


CLIMATE REPORT
NATIONAL WEATHER SERVICE SPOKANE, WA
126 AM PDT THU SEP 18 2014


...................................

...THE PULLMAN-MOSCOW  AIRPORT CLIMATE SUMMARY FOR SEPTEMBER 17 2014...

CLIMATE NORMAL PERIOD 1981 TO 2010
CLIMATE RECORD PERIOD 9999 TO 9999


WEATHER ITEM   OBSERVED TIME   RECORD YEAR NORMAL DEPARTURE LAST
                VALUE   (LST)  VALUE       VALUE  FROM      YEAR
                                                  NORMAL
..................................................................
TEMPERATURE (F)
 YESTERDAY
  MAXIMUM         86    238 PM  95    1981  73     13       67
  MINIMUM         47    541 AM  25    1965  43      4       44
  AVERAGE         67                        58      9       56

PRECIPITATION (IN)
  YESTERDAY        0.00          0.55 1985   0.03  -0.03     0.23
  MONTH TO DATE    0.03                      0.39  -0.36     0.76
  SINCE OCT 1     14.81                     16.50  -1.69    17.18
  SINCE JAN 1     11.47                     11.30   0.17     9.64

SNOWFALL (IN)
  YESTERDAY       MM            MM      MM  MM     MM       MM
  MONTH TO DATE   MM                        MM     MM       MM
  SINCE SEP 1     MM                        MM     MM       MM
  SINCE JUL 1     MM                        MM     MM       MM
  SNOW DEPTH      MM

DEGREE DAYS
 HEATING
  YESTERDAY        0                         8     -8        9
  MONTH TO DATE   79                        98    -19       25
  SINCE SEP 1     79                        98    -19       25
  SINCE JUL 1    104                       231   -127       65

 COOLING
  YESTERDAY        2                         1      1        0
  MONTH TO DATE    7                        21    -14       69
  SINCE SEP 1      7                        21    -14       69
  SINCE JAN 1    334                       211    123      331
..................................................................


WIND (MPH)
  HIGHEST WIND SPEED    13   HIGHEST WIND DIRECTION     E (110)
  HIGHEST GUST SPEED    18   HIGHEST GUST DIRECTION    SE (130)
  AVERAGE WIND SPEED     3.6


SKY COVER
  POSSIBLE SUNSHINE  MM
  AVERAGE SKY COVER 0.0


WEATHER CONDITIONS
 THE FOLLOWING WEATHER WAS RECORDED YESTERDAY.
  HAZE


RELATIVE HUMIDITY (PERCENT)
 HIGHEST    53           500 AM
 LOWEST     18           500 PM
 AVERAGE    36

..........................................................


THE PULLMAN-MOSCOW  AIRPORT CLIMATE NORMALS FOR TODAY
                         NORMAL    RECORD    YEAR
 MAXIMUM TEMPERATURE (F)   73        98      1981
 MINIMUM TEMPERATURE (F)   42        30      1971


SUNRISE AND SUNSET
SEPTEMBER 18 2014.....SUNRISE   630 AM PDT   SUNSET   654 PM PDT
SEPTEMBER 19 2014.....SUNRISE   631 AM PDT   SUNSET   652 PM PDT


-  INDICATES NEGATIVE NUMBERS.
R  INDICATES RECORD WAS SET OR TIED.
MM INDICATES DATA IS MISSING.
T  INDICATES TRACE AMOUNT.




$$
