000
CDUS46 KOTX 310824
CLIPUW


CLIMATE REPORT
NATIONAL WEATHER SERVICE SPOKANE, WA
122 AM PDT FRI JUL 31 2015


...................................

...THE PULLMAN-MOSCOW  AIRPORT CLIMATE SUMMARY FOR JULY 30 2015...

CLIMATE NORMAL PERIOD 1981 TO 2010
CLIMATE RECORD PERIOD 9999 TO 9999


WEATHER ITEM   OBSERVED TIME   RECORD YEAR NORMAL DEPARTURE LAST
                VALUE   (LST)  VALUE       VALUE  FROM      YEAR
                                                  NORMAL
..................................................................
TEMPERATURE (F)
 YESTERDAY
  MAXIMUM         96    438 PM  98    2003  84     12       96
                                      1998
  MINIMUM         51   1236 AM  39    1986  51      0       55
  AVERAGE         74                        68      6       76

PRECIPITATION (IN)
  YESTERDAY        0.00          0.77 1964   0.02  -0.02     0.00
  MONTH TO DATE    0.54                      0.67  -0.13     0.33
  SINCE OCT 1     16.63                     15.46   1.17    14.28
  SINCE JAN 1      9.78                     10.26  -0.48    10.94

SNOWFALL (IN)
  YESTERDAY       MM

DEGREE DAYS
 HEATING
  YESTERDAY        0                         1     -1        0
  MONTH TO DATE   19                        61    -42       10
  SINCE JUN 1     98                       267   -169      214
  SINCE JUL 1     19                        61    -42       10

 COOLING
  YESTERDAY        9                         4      5       11
  MONTH TO DATE  158                        78     80      179
  SINCE JUN 1    251                        91    160      180
  SINCE JAN 1    263                        96    167      181
..................................................................


WIND (MPH)
  HIGHEST WIND SPEED    16   HIGHEST WIND DIRECTION     E (90)
  HIGHEST GUST SPEED    19   HIGHEST GUST DIRECTION     E (90)
  AVERAGE WIND SPEED     3.6


SKY COVER
  POSSIBLE SUNSHINE  MM
  AVERAGE SKY COVER 0.0


WEATHER CONDITIONS
 THE FOLLOWING WEATHER WAS RECORDED YESTERDAY.
  HAZE


RELATIVE HUMIDITY (PERCENT)
 HIGHEST    46           100 AM
 LOWEST      9           300 PM
 AVERAGE    28

..........................................................


THE PULLMAN-MOSCOW  AIRPORT CLIMATE NORMALS FOR TODAY
                         NORMAL    RECORD    YEAR
 MAXIMUM TEMPERATURE (F)   84        99      1949
 MINIMUM TEMPERATURE (F)   51        32      1945


SUNRISE AND SUNSET
JULY 31 2015..........SUNRISE   527 AM PDT   SUNSET   822 PM PDT
AUGUST  1 2015........SUNRISE   528 AM PDT   SUNSET   820 PM PDT


-  INDICATES NEGATIVE NUMBERS.
R  INDICATES RECORD WAS SET OR TIED.
MM INDICATES DATA IS MISSING.
T  INDICATES TRACE AMOUNT.




$$
