000
CDUS46 KOTX 030847
CLIPUW


CLIMATE REPORT
NATIONAL WEATHER SERVICE SPOKANE, WA
1247 AM PST TUE MAR 3 2015


...................................

...THE PULLMAN-MOSCOW  AIRPORT CLIMATE SUMMARY FOR MARCH 2 2015...

CLIMATE NORMAL PERIOD 1981 TO 2010
CLIMATE RECORD PERIOD 9999 TO 9999


WEATHER ITEM   OBSERVED TIME   RECORD YEAR NORMAL DEPARTURE LAST
                VALUE   (LST)  VALUE       VALUE  FROM      YEAR
                                                  NORMAL
..................................................................
TEMPERATURE (F)
 YESTERDAY
  MAXIMUM         41   1246 PM  60    1968  46     -5       37
  MINIMUM         29   1159 PM   6    1971  30     -1       24
  AVERAGE         35                        38     -3       31

PRECIPITATION (IN)
  YESTERDAY        T             0.57 1972   0.06  -0.06     0.18
  MONTH TO DATE    T                         0.12  -0.12     0.18
  SINCE OCT 1     10.60                      8.66   1.94     7.96
  SINCE JAN 1      3.75                      3.46   0.29     4.62

SNOWFALL (IN)
  YESTERDAY       MM

DEGREE DAYS
 HEATING
  YESTERDAY       30                        27      3       34
  MONTH TO DATE   61                        54      7       73
  SINCE MAR 1     61                        54      7       73
  SINCE JUL 1   3892                      4757   -865     4924

 COOLING
  YESTERDAY        0                         0      0        0
  MONTH TO DATE    0                         0      0        0
  SINCE MAR 1      0                         0      0        0
  SINCE JAN 1      0                         0      0        0
..................................................................


WIND (MPH)
  HIGHEST WIND SPEED    14   HIGHEST WIND DIRECTION    NW (320)
  HIGHEST GUST SPEED    17   HIGHEST GUST DIRECTION    NW (330)
  AVERAGE WIND SPEED     5.8


SKY COVER
  POSSIBLE SUNSHINE  MM
  AVERAGE SKY COVER 0.8


WEATHER CONDITIONS
 THE FOLLOWING WEATHER WAS RECORDED YESTERDAY.
  LIGHT SNOW
  FOG


RELATIVE HUMIDITY (PERCENT)
 HIGHEST    92           900 PM
 LOWEST     47           400 AM
 AVERAGE    70

..........................................................


THE PULLMAN-MOSCOW  AIRPORT CLIMATE NORMALS FOR TODAY
                         NORMAL    RECORD    YEAR
 MAXIMUM TEMPERATURE (F)   46        63      1994
 MINIMUM TEMPERATURE (F)   30         8      1976


SUNRISE AND SUNSET
MARCH  3 2015.........SUNRISE   625 AM PST   SUNSET   537 PM PST
MARCH  4 2015.........SUNRISE   623 AM PST   SUNSET   538 PM PST


-  INDICATES NEGATIVE NUMBERS.
R  INDICATES RECORD WAS SET OR TIED.
MM INDICATES DATA IS MISSING.
T  INDICATES TRACE AMOUNT.




$$
