000
CDUS46 KOTX 200831
CLIPUW


CLIMATE REPORT
NATIONAL WEATHER SERVICE SPOKANE, WA
1231 AM PST FRI JAN 20 2017


...................................

...THE PULLMAN-MOSCOW  AIRPORT CLIMATE SUMMARY FOR JANUARY 19 2017...

CLIMATE NORMAL PERIOD 1981 TO 2010
CLIMATE RECORD PERIOD 9999 TO 9999


WEATHER ITEM   OBSERVED TIME   RECORD YEAR NORMAL DEPARTURE LAST
                VALUE   (LST)  VALUE       VALUE  FROM      YEAR
                                                  NORMAL
..................................................................
TEMPERATURE (F)
 YESTERDAY
  MAXIMUM         38    138 AM  52    2005  37      1       41
                                      1977
  MINIMUM         33   1115 PM -10    1957  27      6       33
  AVERAGE         36                        32      4       37

PRECIPITATION (IN)
  YESTERDAY        0.03                      0.07  -0.04     0.32
  MONTH TO DATE    1.18                      0.98   0.20     1.43
  SINCE OCT 1      9.59                      6.18   3.41     9.42
  SINCE JAN 1      1.18                      0.98   0.20     1.43

SNOWFALL (IN)
  YESTERDAY       MM

DEGREE DAYS
 HEATING
  YESTERDAY       29                        33     -4       28
  MONTH TO DATE  906                       646    260      651
  SINCE DEC 1   2136                      1726    410     1640
  SINCE JUL 1   3484                      3470     14     3097

 COOLING
  YESTERDAY        0                         0      0        0
  MONTH TO DATE    0                         0      0        0
  SINCE DEC 1      0                         0      0        0
  SINCE JAN 1      0                         0      0        0
..................................................................


WIND (MPH)
  HIGHEST WIND SPEED    18   HIGHEST WIND DIRECTION     S (160)
  HIGHEST GUST SPEED    23   HIGHEST GUST DIRECTION     S (160)
  AVERAGE WIND SPEED    10.0


SKY COVER
  POSSIBLE SUNSHINE  MM
  AVERAGE SKY COVER 0.7


WEATHER CONDITIONS
 THE FOLLOWING WEATHER WAS RECORDED YESTERDAY.
  LIGHT RAIN


RELATIVE HUMIDITY (PERCENT)
 HIGHEST    92           800 AM
 LOWEST     76           200 AM
 AVERAGE    84

..........................................................


THE PULLMAN-MOSCOW  AIRPORT CLIMATE NORMALS FOR TODAY
                         NORMAL    RECORD    YEAR
 MAXIMUM TEMPERATURE (F)   37        50      1994
 MINIMUM TEMPERATURE (F)   27       -19      1954


SUNRISE AND SUNSET
JANUARY 20 2017.......SUNRISE   725 AM PST   SUNSET   435 PM PST
JANUARY 21 2017.......SUNRISE   724 AM PST   SUNSET   436 PM PST


-  INDICATES NEGATIVE NUMBERS.
R  INDICATES RECORD WAS SET OR TIED.
MM INDICATES DATA IS MISSING.
T  INDICATES TRACE AMOUNT.




$$
