000
CDUS46 KOTX 230934
CLIPUW


CLIMATE REPORT
NATIONAL WEATHER SERVICE SPOKANE, WA
133 AM PST TUE JAN 23 2018


...................................

...THE PULLMAN-MOSCOW  AIRPORT CLIMATE SUMMARY FOR JANUARY 22 2018...

CLIMATE NORMAL PERIOD 1981 TO 2010
CLIMATE RECORD PERIOD 9999 TO 9999


WEATHER ITEM   OBSERVED TIME   RECORD YEAR NORMAL DEPARTURE LAST
                VALUE   (LST)  VALUE       VALUE  FROM      YEAR
                                                  NORMAL
..................................................................
TEMPERATURE (F)
 YESTERDAY
  MAXIMUM         43   1136 AM  52    1934  37      6       38
  MINIMUM         31   1114 PM  -8    1937  27      4       30
  AVERAGE         37                        32      5       34

PRECIPITATION (IN)
  YESTERDAY        T                         0.08  -0.08     0.20
  MONTH TO DATE    1.82                      1.20   0.62     1.39
  SINCE OCT 1     10.68                      6.40   4.28     9.80
  SINCE JAN 1      1.82                      1.20   0.62     1.39

SNOWFALL (IN)
  YESTERDAY       MM

DEGREE DAYS
 HEATING
  YESTERDAY       28                        33     -5       31
  MONTH TO DATE  615                       745   -130      993
  SINCE DEC 1   1737                      1825    -88     2223
  SINCE JUL 1   3220                      3569   -349     3571

 COOLING
  YESTERDAY        0                         0      0        0
  MONTH TO DATE    0                         0      0        0
  SINCE DEC 1      0                         0      0        0
  SINCE JAN 1      0                         0      0        0
..................................................................


WIND (MPH)
  HIGHEST WIND SPEED    23   HIGHEST WIND DIRECTION    SW (230)
  HIGHEST GUST SPEED    29   HIGHEST GUST DIRECTION    SW (240)
  AVERAGE WIND SPEED     6.3


SKY COVER
  POSSIBLE SUNSHINE  MM
  AVERAGE SKY COVER 0.6


WEATHER CONDITIONS
 THE FOLLOWING WEATHER WAS RECORDED YESTERDAY.
  LIGHT RAIN


RELATIVE HUMIDITY (PERCENT)
 HIGHEST    89          1200 AM
 LOWEST     70          1200 PM
 AVERAGE    80

..........................................................


THE PULLMAN-MOSCOW  AIRPORT CLIMATE NORMALS FOR TODAY
                         NORMAL    RECORD    YEAR
 MAXIMUM TEMPERATURE (F)   37        56      2005
                                             1981
 MINIMUM TEMPERATURE (F)   28       -15      1929


SUNRISE AND SUNSET
JANUARY 23 2018.......SUNRISE   722 AM PST   SUNSET   439 PM PST
JANUARY 24 2018.......SUNRISE   721 AM PST   SUNSET   440 PM PST


-  INDICATES NEGATIVE NUMBERS.
R  INDICATES RECORD WAS SET OR TIED.
MM INDICATES DATA IS MISSING.
T  INDICATES TRACE AMOUNT.




$$
