000
CDUS46 KOTX 210822
CLIPUW


CLIMATE REPORT
NATIONAL WEATHER SERVICE SPOKANE, WA
122 AM PDT SAT OCT 21 2017


...................................

...THE PULLMAN-MOSCOW  AIRPORT CLIMATE SUMMARY FOR OCTOBER 20 2017...

CLIMATE NORMAL PERIOD 1981 TO 2010
CLIMATE RECORD PERIOD 9999 TO 9999


WEATHER ITEM   OBSERVED TIME   RECORD YEAR NORMAL DEPARTURE LAST
                VALUE   (LST)  VALUE       VALUE  FROM      YEAR
                                                  NORMAL
..................................................................
TEMPERATURE (F)
 YESTERDAY
  MAXIMUM         50    156 PM  77    1927  57     -7       54
  MINIMUM         40   1159 PM  21    1984  35      5       45
  AVERAGE         45                        46     -1       50

PRECIPITATION (IN)
  YESTERDAY        0.34                      0.04   0.30     0.22
  MONTH TO DATE    1.60                      0.77   0.83     3.04
  SINCE OCT 1      1.60                      0.77   0.83     3.04
  SINCE JAN 1     17.21                     12.46   4.75    15.36

SNOWFALL (IN)
  YESTERDAY       MM

DEGREE DAYS
 HEATING
  YESTERDAY       20                        19      1       15
  MONTH TO DATE  331                       314     17      297
  SINCE SEP 1    518                       542    -24      513
  SINCE JUL 1    541                       675   -134      615

 COOLING
  YESTERDAY        0                         0      0        0
  MONTH TO DATE    0                         0      0        0
  SINCE SEP 1     83                        22     61        6
  SINCE JAN 1    517                       212    305      203
..................................................................


WIND (MPH)
  HIGHEST WIND SPEED    28   HIGHEST WIND DIRECTION    SW (240)
  HIGHEST GUST SPEED    34   HIGHEST GUST DIRECTION    SW (240)
  AVERAGE WIND SPEED    16.0


SKY COVER
  POSSIBLE SUNSHINE  MM
  AVERAGE SKY COVER 0.8


WEATHER CONDITIONS
 THE FOLLOWING WEATHER WAS RECORDED YESTERDAY.
  RAIN
  LIGHT RAIN
  FOG


RELATIVE HUMIDITY (PERCENT)
 HIGHEST    92          1200 AM
 LOWEST     61           300 PM
 AVERAGE    77

..........................................................


THE PULLMAN-MOSCOW  AIRPORT CLIMATE NORMALS FOR TODAY
                         NORMAL    RECORD    YEAR
 MAXIMUM TEMPERATURE (F)   56        79      2003
 MINIMUM TEMPERATURE (F)   35        19      1984


SUNRISE AND SUNSET
OCTOBER 21 2017.......SUNRISE   715 AM PDT   SUNSET   550 PM PDT
OCTOBER 22 2017.......SUNRISE   717 AM PDT   SUNSET   548 PM PDT


-  INDICATES NEGATIVE NUMBERS.
R  INDICATES RECORD WAS SET OR TIED.
MM INDICATES DATA IS MISSING.
T  INDICATES TRACE AMOUNT.




$$
