000
CDUS41 KBOX 020555
CLIPVD


CLIMATE REPORT
NATIONAL WEATHER SERVICE TAUNTON MA
144 AM EDT THU OCT 2 2014


...................................

...THE PROVIDENCE RI CLIMATE SUMMARY FOR OCTOBER 1 2014...

CLIMATE NORMAL PERIOD 1981 TO 2010
CLIMATE RECORD PERIOD 1904 TO 2014


WEATHER ITEM   OBSERVED TIME   RECORD YEAR NORMAL DEPARTURE LAST
                VALUE   (LST)  VALUE       VALUE  FROM      YEAR
                                                  NORMAL
..................................................................
TEMPERATURE (F)
 YESTERDAY
  MAXIMUM         60    126 PM  87    1927  69     -9       78
  MINIMUM         57    803 PM  34    1974  49      8       47
  AVERAGE         59                        59      0       63

PRECIPITATION (IN)
  YESTERDAY        0.30          1.37 1984   0.13   0.17     0.00
  MONTH TO DATE    0.30                      0.13   0.17     0.00
  SINCE SEP 1      1.04                      4.05  -3.01     4.59
  SINCE JAN 1     32.49                     34.65  -2.16    35.40

SNOWFALL (IN)
  YESTERDAY        0.0           T    1981   0.0    0.0      0.0
  MONTH TO DATE    0.0                       0.0    0.0      0.0
  SINCE SEP 1      0.0                       0.0    0.0      0.0
  SINCE JUL 1      0.0                       0.0    0.0      0.0
  SNOW DEPTH       0

DEGREE DAYS
 HEATING
  YESTERDAY        6                         7     -1        2
  MONTH TO DATE    6                         7     -1        2
  SINCE SEP 1     80                        95    -15      105
  SINCE JUL 1     80                       104    -24      105

 COOLING
  YESTERDAY        0                         1     -1        0
  MONTH TO DATE    0                         1     -1        0
  SINCE SEP 1    115                        81     34       63
  SINCE JAN 1    697                       737    -40      885
..................................................................


WIND (MPH)
  RESULTANT WIND SPEED  13   RESULTANT WIND DIRECTION   N (10)
  HIGHEST WIND SPEED    20   HIGHEST WIND DIRECTION     N (20)
  HIGHEST GUST SPEED    23   HIGHEST GUST DIRECTION     N (20)
  AVERAGE WIND SPEED    12.8


SKY COVER
  POSSIBLE SUNSHINE  MM
  AVERAGE SKY COVER 1.0


WEATHER CONDITIONS
 THE FOLLOWING WEATHER WAS RECORDED YESTERDAY.
  HEAVY RAIN
  RAIN
  LIGHT RAIN
  FOG


RELATIVE HUMIDITY (PERCENT)
 HIGHEST   100           900 PM
 LOWEST     87          1200 PM
 AVERAGE    94

..........................................................


THE PROVIDENCE RI CLIMATE NORMALS FOR TODAY
                         NORMAL    RECORD    YEAR
 MAXIMUM TEMPERATURE (F)   68        87      1927
 MINIMUM TEMPERATURE (F)   49        36      1992
                                             1928


SUNRISE AND SUNSET
OCTOBER  2 2014.......SUNRISE   644 AM EDT   SUNSET   626 PM EDT
OCTOBER  3 2014.......SUNRISE   645 AM EDT   SUNSET   624 PM EDT


-  INDICATES NEGATIVE NUMBERS.
R  INDICATES RECORD WAS SET OR TIED.
MM INDICATES DATA IS MISSING.
T  INDICATES TRACE AMOUNT.




$$
