000
CDUS41 KBOX 020542
CLIPVD


CLIMATE REPORT
NATIONAL WEATHER SERVICE TAUNTON MA
139 AM EDT MON MAY 2 2016


...................................

...THE PROVIDENCE RI CLIMATE SUMMARY FOR MAY 1 2016...

CLIMATE NORMAL PERIOD 1981 TO 2010
CLIMATE RECORD PERIOD 1904 TO 2016


WEATHER ITEM   OBSERVED TIME   RECORD YEAR NORMAL DEPARTURE LAST
                VALUE   (LST)  VALUE       VALUE  FROM      YEAR
                                                  NORMAL
..................................................................
TEMPERATURE (F)
 YESTERDAY
  MAXIMUM         51   1256 PM  82    2001  64    -13       59
                                      1985
  MINIMUM         40    132 AM  30    1978  44     -4       39
  AVERAGE         46                        54     -8       49

PRECIPITATION (IN)
  YESTERDAY        0.10          1.28 1953   0.11  -0.01     0.00
                                      1953
                                      2014
  MONTH TO DATE    0.10                      0.11  -0.01     0.00
  SINCE MAR 1      6.69                      9.48  -2.79     6.91
  SINCE JAN 1     15.04                     16.63  -1.59    13.26

SNOWFALL (IN)
  YESTERDAY        0.0           0.0  2002   0.0    0.0      0.0
                                      2001
                                      2000
  MONTH TO DATE    0.0                       0.0    0.0      0.0
  SINCE MAR 1      9.3                       6.1    3.2     16.3
  SINCE JUL 1     28.7                      33.8   -5.1     76.2
  SNOW DEPTH       0

DEGREE DAYS
 HEATING
  YESTERDAY       19                        11      8       16
  MONTH TO DATE   19                        11      8       16
  SINCE MAR 1   1175                      1299   -124     1480
  SINCE JUL 1   4546                      5361   -815     5842

 COOLING
  YESTERDAY        0                         0      0        0
  MONTH TO DATE    0                         0      0        0
  SINCE MAR 1      0                         2     -2        0
  SINCE JAN 1      0                         2     -2        0
..................................................................


WIND (MPH)
  RESULTANT WIND SPEED   4   RESULTANT WIND DIRECTION   S (170)
  HIGHEST WIND SPEED    14   HIGHEST WIND DIRECTION     S (180)
  HIGHEST GUST SPEED    17   HIGHEST GUST DIRECTION     S (160)
  AVERAGE WIND SPEED     6.0


SKY COVER
  POSSIBLE SUNSHINE  MM
  AVERAGE SKY COVER 0.8


WEATHER CONDITIONS
 THE FOLLOWING WEATHER WAS RECORDED YESTERDAY.
  LIGHT RAIN
  FOG


RELATIVE HUMIDITY (PERCENT)
 HIGHEST    89           700 PM
 LOWEST     38          1000 AM
 AVERAGE    64

..........................................................


THE PROVIDENCE RI CLIMATE NORMALS FOR TODAY
                         NORMAL    RECORD    YEAR
 MAXIMUM TEMPERATURE (F)   64        92      2001
 MINIMUM TEMPERATURE (F)   45        34      1978
                                             1943
                                             1905


SUNRISE AND SUNSET
MAY  2 2016...........SUNRISE   540 AM EDT   SUNSET   746 PM EDT
MAY  3 2016...........SUNRISE   539 AM EDT   SUNSET   747 PM EDT


-  INDICATES NEGATIVE NUMBERS.
R  INDICATES RECORD WAS SET OR TIED.
MM INDICATES DATA IS MISSING.
T  INDICATES TRACE AMOUNT.




$$
