000
CDUS41 KBOX 250530
CLIPVD


CLIMATE REPORT
NATIONAL WEATHER SERVICE TAUNTON MA
130 AM EDT MON JUL 25 2016


...................................

...THE PROVIDENCE RI CLIMATE SUMMARY FOR JULY 24 2016...

CLIMATE NORMAL PERIOD 1981 TO 2010
CLIMATE RECORD PERIOD 1904 TO 2016


WEATHER ITEM   OBSERVED TIME   RECORD YEAR NORMAL DEPARTURE LAST
                VALUE   (LST)  VALUE       VALUE  FROM      YEAR
                                                  NORMAL
..................................................................
TEMPERATURE (F)
 YESTERDAY
  MAXIMUM         88    130 PM  94    1987  83      5       82
                                      1933
  MINIMUM         70    509 AM  52    1950  65      5       61
                                      1923
  AVERAGE         79                        74      5       72

PRECIPITATION (IN)
  YESTERDAY        0.00          1.52 2008   0.11  -0.11     0.03
  MONTH TO DATE    3.78                      2.43   1.35     1.77
  SINCE JUN 1      4.83                      6.07  -1.24     7.12
  SINCE JAN 1     22.95                     26.14  -3.19    24.07

SNOWFALL (IN)
  YESTERDAY        0.0           T    1955   0.0    0.0      0.0
  MONTH TO DATE    0.0                       0.0    0.0      0.0
  SINCE JUN 1      0.0                       0.0    0.0      0.0
  SINCE JUL 1      0.0                       0.0    0.0      0.0
  SNOW DEPTH       0

DEGREE DAYS
 HEATING
  YESTERDAY        0                         0      0        0
  MONTH TO DATE    0                         0      0        0
  SINCE JUN 1     12                        43    -31       72
  SINCE JUL 1      0                         0      0        0

 COOLING
  YESTERDAY       14                         9      5        7
  MONTH TO DATE  251                       204     47      223
  SINCE JUN 1    386                       336     50      341
  SINCE JAN 1    437                       362     75      405
..................................................................


WIND (MPH)
  RESULTANT WIND SPEED   3   RESULTANT WIND DIRECTION   W (290)
  HIGHEST WIND SPEED    16   HIGHEST WIND DIRECTION     S (170)
  HIGHEST GUST SPEED    20   HIGHEST GUST DIRECTION     S (170)
  AVERAGE WIND SPEED     9.3


SKY COVER
  POSSIBLE SUNSHINE  MM
  AVERAGE SKY COVER 0.3


WEATHER CONDITIONS
 THE FOLLOWING WEATHER WAS RECORDED YESTERDAY.
  NO SIGNIFICANT WEATHER WAS OBSERVED.


RELATIVE HUMIDITY (PERCENT)
 HIGHEST    69          1000 PM
 LOWEST     40           100 PM
 AVERAGE    55

..........................................................


THE PROVIDENCE RI CLIMATE NORMALS FOR TODAY
                         NORMAL    RECORD    YEAR
 MAXIMUM TEMPERATURE (F)   83        96      2001
 MINIMUM TEMPERATURE (F)   65        53      1953


SUNRISE AND SUNSET
JULY 25 2016..........SUNRISE   534 AM EDT   SUNSET   810 PM EDT
JULY 26 2016..........SUNRISE   534 AM EDT   SUNSET   809 PM EDT


-  INDICATES NEGATIVE NUMBERS.
R  INDICATES RECORD WAS SET OR TIED.
MM INDICATES DATA IS MISSING.
T  INDICATES TRACE AMOUNT.




$$
