000
CDUS41 KBOX 250549
CLIPVD


CLIMATE REPORT
NATIONAL WEATHER SERVICE TAUNTON MA
146 AM EDT THU MAY 25 2017


...................................

...THE PROVIDENCE RI CLIMATE SUMMARY FOR MAY 24 2017...

CLIMATE NORMAL PERIOD 1981 TO 2010
CLIMATE RECORD PERIOD 1904 TO 2017


WEATHER ITEM   OBSERVED TIME   RECORD YEAR NORMAL DEPARTURE LAST
                VALUE   (LST)  VALUE       VALUE  FROM      YEAR
                                                  NORMAL
..................................................................
TEMPERATURE (F)
 YESTERDAY
  MAXIMUM         70    201 PM  92    1964  71     -1       64
                                      1936
  MINIMUM         53   1157 PM  38    1967  51      2       55
  AVERAGE         62                        61      1       60

PRECIPITATION (IN)
  YESTERDAY        T             1.70 2001   0.14  -0.14     0.17
  MONTH TO DATE    5.30                      2.68   2.62     1.68
  SINCE MAR 1     16.25                     12.05   4.20     8.27
  SINCE JAN 1     23.43                     19.20   4.23    16.62

SNOWFALL (IN)
  YESTERDAY        0.0           0.0  2001   0.0    0.0      0.0
                                      2000
  MONTH TO DATE    0.0                       0.0    0.0      0.0
  SINCE MAR 1      7.7                       6.1    1.6      9.3
  SINCE JUL 1     45.9                      33.8   12.1     28.7
  SNOW DEPTH       0

DEGREE DAYS
 HEATING
  YESTERDAY        3                         5     -2        5
  MONTH TO DATE  195                       194      1      218
  SINCE MAR 1   1498                      1482     16     1374
  SINCE JUL 1   5056                      5544   -488     4745

 COOLING
  YESTERDAY        0                         1     -1        0
  MONTH TO DATE   41                        11     30        1
  SINCE MAR 1     58                        13     45        1
  SINCE JAN 1     58                        13     45        1
..................................................................


WIND (MPH)
  RESULTANT WIND SPEED   6   RESULTANT WIND DIRECTION   E (70)
  HIGHEST WIND SPEED    16   HIGHEST WIND DIRECTION     E (100)
  HIGHEST GUST SPEED    20   HIGHEST GUST DIRECTION     E (90)
  AVERAGE WIND SPEED     6.3


SKY COVER
  POSSIBLE SUNSHINE  MM
  AVERAGE SKY COVER 0.7


WEATHER CONDITIONS
 THE FOLLOWING WEATHER WAS RECORDED YESTERDAY.
  LIGHT RAIN
  FOG


RELATIVE HUMIDITY (PERCENT)
 HIGHEST   100          1200 AM
 LOWEST     53           200 PM
 AVERAGE    77

..........................................................


THE PROVIDENCE RI CLIMATE NORMALS FOR TODAY
                         NORMAL    RECORD    YEAR
 MAXIMUM TEMPERATURE (F)   71        93      2007
 MINIMUM TEMPERATURE (F)   51        33      1956


SUNRISE AND SUNSET
MAY 25 2017...........SUNRISE   517 AM EDT   SUNSET   808 PM EDT
MAY 26 2017...........SUNRISE   517 AM EDT   SUNSET   809 PM EDT


-  INDICATES NEGATIVE NUMBERS.
R  INDICATES RECORD WAS SET OR TIED.
MM INDICATES DATA IS MISSING.
T  INDICATES TRACE AMOUNT.




$$
