000
CDUS41 KBOX 212132
CLIPVD


CLIMATE REPORT
NATIONAL WEATHER SERVICE TAUNTON MA
528 PM EDT SAT OCT 21 2017


...................................

...THE PROVIDENCE RI CLIMATE SUMMARY FOR OCTOBER 21 2017...
VALID AS OF 0500 PM LOCAL TIME.

CLIMATE NORMAL PERIOD 1981 TO 2010
CLIMATE RECORD PERIOD 1904 TO 2017


WEATHER ITEM   OBSERVED TIME   RECORD YEAR NORMAL DEPARTURE LAST
                VALUE   (LST)  VALUE       VALUE  FROM      YEAR
                                                  NORMAL
..................................................................
TEMPERATURE (F)
 TODAY
  MAXIMUM         73    243 PM  81    1920  62     11       73
  MINIMUM         45    629 AM  23    1972  42      3       58
  AVERAGE         59                        52      7       66

PRECIPITATION (IN)
  TODAY            0.00          2.40 1944   0.12  -0.12     0.24
  MONTH TO DATE    0.60                      2.62  -2.02     2.50
  SINCE SEP 1      4.45                      6.54  -2.09     5.24
  SINCE JAN 1     38.65                     37.14   1.51    31.07

SNOWFALL (IN)
  TODAY            0.0           0.0  2009   0.0    0.0      0.0
                                      2008
                                      2007
  MONTH TO DATE    0.0                       0.0    0.0      0.0
  SINCE SEP 1      0.0                       0.0    0.0      0.0
  SINCE JUL 1      0.0                       0.0    0.0      0.0
  SNOW DEPTH       0

DEGREE DAYS
 HEATING
  TODAY            6                        13     -7        0
  MONTH TO DATE   93                       214   -121      139
  SINCE SEP 1    125                       302   -177      182
  SINCE JUL 1    133                       311   -178      182

 COOLING
  TODAY            0                         0      0        1
  MONTH TO DATE   37                         6     31       15
  SINCE SEP 1    171                        86     85      166
  SINCE JAN 1    875                       742    133     1049
..................................................................


WIND (MPH)
  HIGHEST WIND SPEED    17   HIGHEST WIND DIRECTION     S (200)
  HIGHEST GUST SPEED    20   HIGHEST GUST DIRECTION     S (190)
  AVERAGE WIND SPEED     4.9


SKY COVER
  POSSIBLE SUNSHINE  MM
  AVERAGE SKY COVER 0.2


WEATHER CONDITIONS
 THE FOLLOWING WEATHER WAS RECORDED TODAY.
  NO SIGNIFICANT WEATHER WAS OBSERVED.


RELATIVE HUMIDITY (PERCENT)
 HIGHEST    93           700 AM
 LOWEST     33           200 PM
 AVERAGE    63

..........................................................


THE PROVIDENCE RI CLIMATE NORMALS FOR TOMORROW
                         NORMAL    RECORD    YEAR
 MAXIMUM TEMPERATURE (F)   61        86      1979
 MINIMUM TEMPERATURE (F)   42        27      1974
                                             1940


SUNRISE AND SUNSET
OCTOBER 21 2017.......SUNRISE   705 AM EDT   SUNSET   555 PM EDT
OCTOBER 22 2017.......SUNRISE   706 AM EDT   SUNSET   553 PM EDT


-  INDICATES NEGATIVE NUMBERS.
R  INDICATES RECORD WAS SET OR TIED.
MM INDICATES DATA IS MISSING.
T  INDICATES TRACE AMOUNT.




$$
