000
CDUS43 KLOT 290642
CLIPWK


CLIMATE REPORT
NATIONAL WEATHER SERVICE CHICAGO IL
141 AM CDT FRI JUL 29 2016


...................................

...THE CHICAGO EXECUTIVE CLIMATE SUMMARY FOR JULY 28 2016...

CLIMATE NORMAL PERIOD 1981 TO 2010
CLIMATE RECORD PERIOD 1996 TO 2016


WEATHER ITEM   OBSERVED TIME   RECORD YEAR NORMAL DEPARTURE LAST
                VALUE   (LST)  VALUE       VALUE  FROM      YEAR
                                                  NORMAL
..................................................................
TEMPERATURE (F)
 YESTERDAY
  MAXIMUM         82   1142 AM  93    1999  83     -1       90
  MINIMUM         69   1159 PM  56    2013  64      5       67
                                      2005
  AVERAGE         76                        74      2       79

PRECIPITATION (IN)
  YESTERDAY        0.14          0.19 2000   0.15  -0.01      T
  MONTH TO DATE    4.61                      3.17   1.44     3.23
  SINCE JUN 1      8.79                      6.88   1.91     9.33
  SINCE JAN 1     21.15                     18.37   2.78    17.46

DEGREE DAYS
 HEATING
  YESTERDAY        0                         0      0        0
  MONTH TO DATE    2                         0      2       20
  SINCE JUN 1     20                        52    -32       76
  SINCE JUL 1      2                         0      2       20

 COOLING
  YESTERDAY       11                         9      2       14
  MONTH TO DATE  297                       246     51      196
  SINCE JUN 1    483                       400     83      307
  SINCE JAN 1    552                       442    110      358
..................................................................


WIND (MPH)
  RESULTANT WIND SPEED   3   RESULTANT WIND DIRECTION  NE (40)
  HIGHEST WIND SPEED    14   HIGHEST WIND DIRECTION    NE (40)
  HIGHEST GUST SPEED    18   HIGHEST GUST DIRECTION    NE (40)
  AVERAGE WIND SPEED     4.3



WEATHER CONDITIONS
 THE FOLLOWING WEATHER WAS RECORDED YESTERDAY.
  THUNDERSTORM
  LIGHT RAIN
  FOG


..........................................................


THE CHICAGO EXECUTIVE CLIMATE NORMALS FOR TODAY
                         NORMAL    RECORD    YEAR
 MAXIMUM TEMPERATURE (F)   83        98      1999
 MINIMUM TEMPERATURE (F)   64        53      2003


SUNRISE AND SUNSET
JULY 29 2016..........SUNRISE   542 AM CDT   SUNSET   813 PM CDT
JULY 30 2016..........SUNRISE   543 AM CDT   SUNSET   812 PM CDT


-  INDICATES NEGATIVE NUMBERS.
R  INDICATES RECORD WAS SET OR TIED.
MM INDICATES DATA IS MISSING.
T  INDICATES TRACE AMOUNT.




$$
