000
CDUS43 KLOT 280641
CLIPWK


CLIMATE REPORT
NATIONAL WEATHER SERVICE CHICAGO IL
139 AM CDT SUN AUG 28 2016


...................................

...THE CHICAGO EXECUTIVE CLIMATE SUMMARY FOR AUGUST 27 2016...

CLIMATE NORMAL PERIOD 1981 TO 2010
CLIMATE RECORD PERIOD 1996 TO 2016


WEATHER ITEM   OBSERVED TIME   RECORD YEAR NORMAL DEPARTURE LAST
                VALUE   (LST)  VALUE       VALUE  FROM      YEAR
                                                  NORMAL
..................................................................
TEMPERATURE (F)
 YESTERDAY
  MAXIMUM         84    321 PM  96    2013  80      4       74
  MINIMUM         67    518 AM  50    2015  62      5       50
  AVERAGE         76                        71      5       62

PRECIPITATION (IN)
  YESTERDAY        0.67          1.91 2009   0.11   0.56     0.00
  MONTH TO DATE    3.80                      3.24   0.56     2.13
  SINCE JUN 1     12.63                     10.57   2.06    11.46
  SINCE JAN 1     24.99                     22.06   2.93    19.59

DEGREE DAYS
 HEATING
  YESTERDAY        0                         0      0        3
  MONTH TO DATE    0                         0      0        8
  SINCE JUN 1     20                        56    -36       84
  SINCE JUL 1      2                         4     -2       28

 COOLING
  YESTERDAY       11                         6      5        0
  MONTH TO DATE  299                       208     91      206
  SINCE JUN 1    805                       631    174      554
  SINCE JAN 1    874                       673    201      605
..................................................................


WIND (MPH)
  RESULTANT WIND SPEED   4   RESULTANT WIND DIRECTION   S (190)
  HIGHEST WIND SPEED    14   HIGHEST WIND DIRECTION     S (170)
  HIGHEST GUST SPEED    18   HIGHEST GUST DIRECTION     S (190)
  AVERAGE WIND SPEED     5.0



WEATHER CONDITIONS
 THE FOLLOWING WEATHER WAS RECORDED YESTERDAY.
  HEAVY RAIN
  RAIN
  LIGHT RAIN
  FOG


..........................................................


THE CHICAGO EXECUTIVE CLIMATE NORMALS FOR TODAY
                         NORMAL    RECORD    YEAR
 MAXIMUM TEMPERATURE (F)   80        93      2003
 MINIMUM TEMPERATURE (F)   61        54      2015


SUNRISE AND SUNSET
AUGUST 28 2016........SUNRISE   613 AM CDT   SUNSET   731 PM CDT
AUGUST 29 2016........SUNRISE   614 AM CDT   SUNSET   729 PM CDT


-  INDICATES NEGATIVE NUMBERS.
R  INDICATES RECORD WAS SET OR TIED.
MM INDICATES DATA IS MISSING.
T  INDICATES TRACE AMOUNT.




$$
