000
CDUS43 KLOT 270634
CLIPWK


CLIMATE REPORT
NATIONAL WEATHER SERVICE CHICAGO IL
133 AM CDT FRI MAR 27 2015


...................................

...THE CHICAGO EXECUTIVE CLIMATE SUMMARY FOR MARCH 26 2015...

CLIMATE NORMAL PERIOD 1981 TO 2010
CLIMATE RECORD PERIOD 1996 TO 2015


WEATHER ITEM   OBSERVED TIME   RECORD YEAR NORMAL DEPARTURE LAST
                VALUE   (LST)  VALUE       VALUE  FROM      YEAR
                                                  NORMAL
..................................................................
TEMPERATURE (F)
 YESTERDAY
  MAXIMUM         43   1153 AM  79    2007  50     -7       39
  MINIMUM         31   1159 PM  15    2014  32     -1       15
  AVERAGE         37                        41     -4       27

PRECIPITATION (IN)
  YESTERDAY        0.00          0.38 2004   0.09  -0.09     0.00
  MONTH TO DATE    0.29                      1.82  -1.53     0.29
  SINCE MAR 1      0.29                      1.82  -1.53     0.29
  SINCE JAN 1      0.98                      4.40  -3.42     2.42

DEGREE DAYS
 HEATING
  YESTERDAY       28                        24      4       38
  MONTH TO DATE  783                       735     48      942
  SINCE MAR 1    783                       735     48      942
  SINCE JUL 1   5911                      5473    438     6301

 COOLING
  YESTERDAY        0                         0      0        0
  MONTH TO DATE    0                         0      0        0
  SINCE MAR 1      0                         0      0        0
  SINCE JAN 1      0                         0      0        0
..................................................................


WIND (MPH)
  RESULTANT WIND SPEED   9   RESULTANT WIND DIRECTION  NW (320)
  HIGHEST WIND SPEED    17   HIGHEST WIND DIRECTION    NW (320)
  HIGHEST GUST SPEED    23   HIGHEST GUST DIRECTION    NW (320)
  AVERAGE WIND SPEED    10.2



WEATHER CONDITIONS
 THE FOLLOWING WEATHER WAS RECORDED YESTERDAY.
  NO SIGNIFICANT WEATHER WAS OBSERVED.


..........................................................


THE CHICAGO EXECUTIVE CLIMATE NORMALS FOR TODAY
                         NORMAL    RECORD    YEAR
 MAXIMUM TEMPERATURE (F)   50        76      1998
 MINIMUM TEMPERATURE (F)   32        22      2011
                                             2002


SUNRISE AND SUNSET
MARCH 27 2015.........SUNRISE   643 AM CDT   SUNSET   711 PM CDT
MARCH 28 2015.........SUNRISE   642 AM CDT   SUNSET   713 PM CDT


-  INDICATES NEGATIVE NUMBERS.
R  INDICATES RECORD WAS SET OR TIED.
MM INDICATES DATA IS MISSING.
T  INDICATES TRACE AMOUNT.




$$
