000
CDUS43 KLOT 270638
CLIPWK


CLIMATE REPORT
NATIONAL WEATHER SERVICE CHICAGO IL
137 AM CDT WED AUG 27 2014


...................................

...THE CHICAGO EXECUTIVE CLIMATE SUMMARY FOR AUGUST 26 2014...

CLIMATE NORMAL PERIOD 1981 TO 2010
CLIMATE RECORD PERIOD 1996 TO 2014


WEATHER ITEM   OBSERVED TIME   RECORD YEAR NORMAL DEPARTURE LAST
                VALUE   (LST)  VALUE       VALUE  FROM      YEAR
                                                  NORMAL
..................................................................
TEMPERATURE (F)
 YESTERDAY
  MAXIMUM         84    331 PM  93    2013  80      4       93
                                      2003
  MINIMUM         69   1029 PM  57    2011  62      7       72
                                      2010
                                      1997
  AVERAGE         77                        71      6       83

PRECIPITATION (IN)
  YESTERDAY        0.63          1.73 2009   0.11   0.52     0.00
  MONTH TO DATE    6.95                      3.13   3.82     0.99
  SINCE JUN 1     16.31                     10.46   5.85    10.53
  SINCE JAN 1     25.51                     21.95   3.56    20.49

DEGREE DAYS
 HEATING
  YESTERDAY        0                         0      0        0
  MONTH TO DATE    1                         0      1        3
  SINCE JUN 1     24                        56    -32       67
  SINCE JUL 1      4                         4      0       10

 COOLING
  YESTERDAY       12                         6      6       18
  MONTH TO DATE  215                       202     13      183
  SINCE JUN 1    577                       625    -48      606
  SINCE JAN 1    635                       667    -32      687
..................................................................


WIND (MPH)
  RESULTANT WIND SPEED   1   RESULTANT WIND DIRECTION   N (350)
  HIGHEST WIND SPEED    28   HIGHEST WIND DIRECTION    NW (310)
  HIGHEST GUST SPEED    43   HIGHEST GUST DIRECTION    NW (310)
  AVERAGE WIND SPEED     3.3



WEATHER CONDITIONS
 THE FOLLOWING WEATHER WAS RECORDED YESTERDAY.
  THUNDERSTORM
  HEAVY RAIN
  RAIN
  LIGHT RAIN
  FOG


..........................................................


THE CHICAGO EXECUTIVE CLIMATE NORMALS FOR TODAY
                         NORMAL    RECORD    YEAR
 MAXIMUM TEMPERATURE (F)   80        96      2013
 MINIMUM TEMPERATURE (F)   62        56      2008


SUNRISE AND SUNSET
AUGUST 27 2014........SUNRISE   612 AM CDT   SUNSET   734 PM CDT
AUGUST 28 2014........SUNRISE   613 AM CDT   SUNSET   732 PM CDT


-  INDICATES NEGATIVE NUMBERS.
R  INDICATES RECORD WAS SET OR TIED.
MM INDICATES DATA IS MISSING.
T  INDICATES TRACE AMOUNT.




$$
