000
CDUS43 KLOT 300633
CLIPWK


CLIMATE REPORT
NATIONAL WEATHER SERVICE CHICAGO IL
132 AM CDT TUE MAY 30 2017


...................................

...THE CHICAGO EXECUTIVE CLIMATE SUMMARY FOR MAY 29 2017...

CLIMATE NORMAL PERIOD 1981 TO 2010
CLIMATE RECORD PERIOD 1996 TO 2017


WEATHER ITEM   OBSERVED TIME   RECORD YEAR NORMAL DEPARTURE LAST
                VALUE   (LST)  VALUE       VALUE  FROM      YEAR
                                                  NORMAL
..................................................................
TEMPERATURE (F)
 YESTERDAY
  MAXIMUM         75    214 PM  90    2006  74      1       80
  MINIMUM         52   1155 PM  39    2008  52      0       63
  AVERAGE         64                        63      1       72

PRECIPITATION (IN)
  YESTERDAY        0.00          1.42 2011   0.10  -0.10     0.00
  MONTH TO DATE    3.35                      3.48  -0.13     4.68
  SINCE MAR 1     13.13                      8.70   4.43    10.31
  SINCE JAN 1     16.58                     11.28   5.30    11.97

DEGREE DAYS
 HEATING
  YESTERDAY        1                         5     -4        0
  MONTH TO DATE  286                       238     48      250
  SINCE MAR 1   1523                      1613    -90     1485
  SINCE JUL 1   5512                      6351   -839     5548

 COOLING
  YESTERDAY        0                         2     -2        7
  MONTH TO DATE   16                        33    -17       51
  SINCE MAR 1     24                        37    -13       53
  SINCE JAN 1     24                        37    -13       53
..................................................................


WIND (MPH)
  RESULTANT WIND SPEED   9   RESULTANT WIND DIRECTION   W (270)
  HIGHEST WIND SPEED    25   HIGHEST WIND DIRECTION     W (280)
  HIGHEST GUST SPEED    35   HIGHEST GUST DIRECTION     W (250)
  AVERAGE WIND SPEED    10.0



WEATHER CONDITIONS
 THE FOLLOWING WEATHER WAS RECORDED YESTERDAY.
  NO SIGNIFICANT WEATHER WAS OBSERVED.


..........................................................


THE CHICAGO EXECUTIVE CLIMATE NORMALS FOR TODAY
                         NORMAL    RECORD    YEAR
 MAXIMUM TEMPERATURE (F)   74        91      2010
 MINIMUM TEMPERATURE (F)   52        41      2001


SUNRISE AND SUNSET
MAY 30 2017...........SUNRISE   519 AM CDT   SUNSET   820 PM CDT
MAY 31 2017...........SUNRISE   519 AM CDT   SUNSET   820 PM CDT


-  INDICATES NEGATIVE NUMBERS.
R  INDICATES RECORD WAS SET OR TIED.
MM INDICATES DATA IS MISSING.
T  INDICATES TRACE AMOUNT.




$$
