000
CDUS43 KLOT 010632
CLIPWK


CLIMATE REPORT
NATIONAL WEATHER SERVICE CHICAGO IL
131 AM CDT SUN MAY 1 2016


...................................

...THE CHICAGO EXECUTIVE CLIMATE SUMMARY FOR APRIL 30 2016...

CLIMATE NORMAL PERIOD 1981 TO 2010
CLIMATE RECORD PERIOD 1996 TO 2016


WEATHER ITEM   OBSERVED TIME   RECORD YEAR NORMAL DEPARTURE LAST
                VALUE   (LST)  VALUE       VALUE  FROM      YEAR
                                                  NORMAL
..................................................................
TEMPERATURE (F)
 YESTERDAY
  MAXIMUM         48    907 AM  85    2013  64    -16       49
  MINIMUM         43    138 AM  30    2008  42      1       38
  AVERAGE         46                        53     -7       44

PRECIPITATION (IN)
  YESTERDAY        0.60          1.70 2003   0.18   0.42     0.00
  MONTH TO DATE    2.98                      2.97   0.01     3.16
  SINCE MAR 1      5.63                      5.22   0.41     3.47
  SINCE JAN 1      7.29                      7.80  -0.51     4.16

DEGREE DAYS
 HEATING
  YESTERDAY       19                        12      7       21
  MONTH TO DATE  545                       521     24      494
  SINCE MAR 1   1235                      1375   -140     1418
  SINCE JUL 1   5298                      6113   -815     6546

 COOLING
  YESTERDAY        0                         0      0        0
  MONTH TO DATE    2                         4     -2        0
  SINCE MAR 1      2                         4     -2        0
  SINCE JAN 1      2                         4     -2        0
..................................................................


WIND (MPH)
  RESULTANT WIND SPEED   9   RESULTANT WIND DIRECTION   E (70)
  HIGHEST WIND SPEED    21   HIGHEST WIND DIRECTION    NE (40)
  HIGHEST GUST SPEED    33   HIGHEST GUST DIRECTION    NE (50)
  AVERAGE WIND SPEED    10.4



WEATHER CONDITIONS
 THE FOLLOWING WEATHER WAS RECORDED YESTERDAY.
  RAIN
  LIGHT RAIN
  FOG


..........................................................


THE CHICAGO EXECUTIVE CLIMATE NORMALS FOR TODAY
                         NORMAL    RECORD    YEAR
 MAXIMUM TEMPERATURE (F)   64        83      2013
                                             2001
 MINIMUM TEMPERATURE (F)   43        35      2015
                                             2005


SUNRISE AND SUNSET
MAY  1 2016...........SUNRISE   547 AM CDT   SUNSET   751 PM CDT
MAY  2 2016...........SUNRISE   545 AM CDT   SUNSET   752 PM CDT


-  INDICATES NEGATIVE NUMBERS.
R  INDICATES RECORD WAS SET OR TIED.
MM INDICATES DATA IS MISSING.
T  INDICATES TRACE AMOUNT.




$$
