000
CDUS41 KGYX 190905
CLIPWM


CLIMATE REPORT
NATIONAL WEATHER SERVICE GRAY ME
405 AM EST FRI JAN 19 2018


...................................

...THE PORTLAND ME CLIMATE SUMMARY FOR JANUARY 18 2018...

CLIMATE NORMAL PERIOD 1981 TO 2010
CLIMATE RECORD PERIOD 1941 TO 2018


WEATHER ITEM   OBSERVED TIME   RECORD YEAR NORMAL DEPARTURE LAST
                VALUE   (LST)  VALUE       VALUE  FROM      YEAR
                                                  NORMAL
..................................................................
TEMPERATURE (F)
 YESTERDAY
  MAXIMUM         30        MM  58    1990  31     -1       33
  MINIMUM         13        MM -22    1971  13      0       25
  AVERAGE         22                        22      0       29

PRECIPITATION (IN)
  YESTERDAY        0.00          1.47 1926   0.11  -0.11     0.41
  MONTH TO DATE    2.42                      1.98   0.44     2.25
  SINCE DEC 1      5.88                      6.00  -0.12     7.56
  SINCE JAN 1      2.42                      1.98   0.44     2.25

SNOWFALL (IN)
  YESTERDAY        0.0          11.5  2009   0.6   -0.6      4.4
  MONTH TO DATE   18.9                      11.4    7.5      5.8
  SINCE DEC 1     40.3                      24.6   15.7     24.7
  SINCE JUL 1     40.4                      26.5   13.9     25.2
  SNOW DEPTH       6

DEGREE DAYS
 HEATING
  YESTERDAY       43                        43      0       36
  MONTH TO DATE  843                       764     79      670
  SINCE DEC 1   2126                      1885    241     1805
  SINCE JUL 1   3291                      3376    -85     3057

 COOLING
  YESTERDAY        0                         0      0        0
  MONTH TO DATE    0                         0      0        0
  SINCE DEC 1      0                         0      0        0
  SINCE JAN 1      0                         0      0        0
..................................................................


WIND (MPH)
  RESULTANT WIND SPEED   2   RESULTANT WIND DIRECTION  NW (300)
  HIGHEST WIND SPEED     8   HIGHEST WIND DIRECTION    NW (320)
  HIGHEST GUST SPEED    MM   HIGHEST GUST DIRECTION    MM
  AVERAGE WIND SPEED     5.0


SKY COVER
  AVERAGE SKY COVER 0.2


WEATHER CONDITIONS
 THE FOLLOWING WEATHER WAS RECORDED YESTERDAY.
  FOG


RELATIVE HUMIDITY (PERCENT)
 HIGHEST   100           200 AM
 LOWEST     63           400 PM
 AVERAGE    82

..........................................................


THE PORTLAND ME CLIMATE NORMALS FOR TODAY
                         NORMAL    RECORD    YEAR
 MAXIMUM TEMPERATURE (F)   31        52      1972
 MINIMUM TEMPERATURE (F)   13       -26      1971


SUNRISE AND SUNSET
JANUARY 19 2018.......SUNRISE   709 AM EST   SUNSET   435 PM EST
JANUARY 20 2018.......SUNRISE   709 AM EST   SUNSET   436 PM EST


-  INDICATES NEGATIVE NUMBERS.
R  INDICATES RECORD WAS SET OR TIED.
MM INDICATES DATA IS MISSING.
T  INDICATES TRACE AMOUNT.




$$
