000
CDUS41 KGYX 020803
CLIPWM


CLIMATE REPORT
NATIONAL WEATHER SERVICE GRAY ME
403 AM EDT THU OCT 2 2014


...................................

...THE PORTLAND ME CLIMATE SUMMARY FOR OCTOBER 1 2014...

CLIMATE NORMAL PERIOD 1981 TO 2010
CLIMATE RECORD PERIOD 1941 TO 2014


WEATHER ITEM   OBSERVED TIME   RECORD YEAR NORMAL DEPARTURE LAST
                VALUE   (LST)  VALUE       VALUE  FROM      YEAR
                                                  NORMAL
..................................................................
TEMPERATURE (F)
 YESTERDAY
  MAXIMUM         60    449 PM  85    1954  64     -4       75
  MINIMUM         55    941 AM  27    1963  44     11       44
  AVERAGE         58                        54      4       60

PRECIPITATION (IN)
  YESTERDAY        0.01          2.12 1977   0.15  -0.14     0.00
  MONTH TO DATE    0.01                      0.15  -0.14     0.00
  SINCE SEP 1      0.88                      3.84  -2.96     6.72
  SINCE JAN 1     39.08                     33.58   5.50    34.94

SNOWFALL (IN)
  YESTERDAY        0.0           T    1992   0.0    0.0      0.0
  MONTH TO DATE    0.0                       0.0    0.0      0.0
  SINCE SEP 1      0.0                       0.0    0.0      0.0
  SINCE JUL 1      0.0                       0.0    0.0      0.0
  SNOW DEPTH       0

DEGREE DAYS
 HEATING
  YESTERDAY        7                        11     -4        5
  MONTH TO DATE    7                        11     -4        5
  SINCE SEP 1    193                       187      6      191
  SINCE JUL 1    217                       232    -15      209

 COOLING
  YESTERDAY        0                         0      0        0
  MONTH TO DATE    0                         0      0        0
  SINCE SEP 1     45                        30     15       37
  SINCE JAN 1    343                       358    -15      454
..................................................................


WIND (MPH)
  RESULTANT WIND SPEED   8   RESULTANT WIND DIRECTION  NE (30)
  HIGHEST WIND SPEED    14   HIGHEST WIND DIRECTION     N (20)
  HIGHEST GUST SPEED    19   HIGHEST GUST DIRECTION     N (20)
  AVERAGE WIND SPEED     8.7


SKY COVER
  AVERAGE SKY COVER 1.0


WEATHER CONDITIONS
 THE FOLLOWING WEATHER WAS RECORDED YESTERDAY.
  LIGHT RAIN
  FOG


RELATIVE HUMIDITY (PERCENT)
 HIGHEST    93          1000 AM
 LOWEST     75           600 PM
 AVERAGE    84

..........................................................


THE PORTLAND ME CLIMATE NORMALS FOR TODAY
                         NORMAL    RECORD    YEAR
 MAXIMUM TEMPERATURE (F)   64        85      1968
 MINIMUM TEMPERATURE (F)   44        27      1964


SUNRISE AND SUNSET
OCTOBER  2 2014.......SUNRISE   640 AM EDT   SUNSET   621 PM EDT
OCTOBER  3 2014.......SUNRISE   641 AM EDT   SUNSET   619 PM EDT


-  INDICATES NEGATIVE NUMBERS.
R  INDICATES RECORD WAS SET OR TIED.
MM INDICATES DATA IS MISSING.
T  INDICATES TRACE AMOUNT.




$$
