000
CDUS41 KGYX 300803
CLIPWM


CLIMATE REPORT
NATIONAL WEATHER SERVICE GRAY ME
403 AM EDT TUE AUG 30 2016


...................................

...THE PORTLAND ME CLIMATE SUMMARY FOR AUGUST 29 2016...

CLIMATE NORMAL PERIOD 1981 TO 2010
CLIMATE RECORD PERIOD 1941 TO 2016


WEATHER ITEM   OBSERVED TIME   RECORD YEAR NORMAL DEPARTURE LAST
                VALUE   (LST)  VALUE       VALUE  FROM      YEAR
                                                  NORMAL
..................................................................
TEMPERATURE (F)
 YESTERDAY
  MAXIMUM         86   1033 AM  96    1953  76     10       75
  MINIMUM         61   1159 PM  38    1941  56      5       55
  AVERAGE         74                        66      8       65

PRECIPITATION (IN)
  YESTERDAY        0.00          2.05 1988   0.10  -0.10     0.00
  MONTH TO DATE    1.90                      2.95  -1.05     2.49
  SINCE JUN 1      8.02                     10.35  -2.33    10.15
  SINCE JAN 1     23.53                     29.55  -6.02    26.76

SNOWFALL (IN)
  YESTERDAY        0.0           0.0  2002   0.0    0.0      0.0
                                      2001
                                      2000
  MONTH TO DATE    0.0                       0.0    0.0      0.0
  SINCE JUN 1      0.0                       0.0    0.0      0.0
  SINCE JUL 1      0.0                       0.0    0.0      0.0
  SNOW DEPTH       0

DEGREE DAYS
 HEATING
  YESTERDAY        0                         2     -2        0
  MONTH TO DATE    1                        23    -22        0
  SINCE JUN 1     80                       146    -66      154
  SINCE JUL 1     14                        40    -26       10

 COOLING
  YESTERDAY        9                         3      6        0
  MONTH TO DATE  213                       116     97      154
  SINCE JUN 1    461                       317    144      340
  SINCE JAN 1    477                       324    153      380
..................................................................


WIND (MPH)
  RESULTANT WIND SPEED   8   RESULTANT WIND DIRECTION  NW (310)
  HIGHEST WIND SPEED    25   HIGHEST WIND DIRECTION     N (340)
  HIGHEST GUST SPEED    35   HIGHEST GUST DIRECTION    NW (310)
  AVERAGE WIND SPEED    10.5


SKY COVER
  AVERAGE SKY COVER 0.5


WEATHER CONDITIONS
 THE FOLLOWING WEATHER WAS RECORDED YESTERDAY.
  NO SIGNIFICANT WEATHER WAS OBSERVED.


RELATIVE HUMIDITY (PERCENT)
 HIGHEST    81          1200 AM
 LOWEST     32          1100 AM
 AVERAGE    57

..........................................................


THE PORTLAND ME CLIMATE NORMALS FOR TODAY
                         NORMAL    RECORD    YEAR
 MAXIMUM TEMPERATURE (F)   75        95      1953
 MINIMUM TEMPERATURE (F)   56        40      1986


SUNRISE AND SUNSET
AUGUST 30 2016........SUNRISE   603 AM EDT   SUNSET   719 PM EDT
AUGUST 31 2016........SUNRISE   604 AM EDT   SUNSET   718 PM EDT


-  INDICATES NEGATIVE NUMBERS.
R  INDICATES RECORD WAS SET OR TIED.
MM INDICATES DATA IS MISSING.
T  INDICATES TRACE AMOUNT.




$$
