000
CDUS41 KGYX 300914
CLIPWM


CLIMATE REPORT
NATIONAL WEATHER SERVICE GRAY ME
414 AM EST FRI JAN 30 2015


...................................

...THE PORTLAND ME CLIMATE SUMMARY FOR JANUARY 29 2015...

CLIMATE NORMAL PERIOD 1981 TO 2010
CLIMATE RECORD PERIOD 1941 TO 2015


WEATHER ITEM   OBSERVED TIME   RECORD YEAR NORMAL DEPARTURE LAST
                VALUE   (LST)  VALUE       VALUE  FROM      YEAR
                                                  NORMAL
..................................................................
TEMPERATURE (F)
 YESTERDAY
  MAXIMUM         30    220 PM  49    1989  31     -1       23
  MINIMUM         -3    628 AM  -7    1963  13    -16       12
  AVERAGE         14                        22     -8       18

PRECIPITATION (IN)
  YESTERDAY        0.00          1.84 1900   0.10  -0.10     0.00
  MONTH TO DATE    4.27                      3.17   1.10     4.05
  SINCE DEC 1     10.54                      7.19   3.35     8.49
  SINCE JAN 1      4.27                      3.17   1.10     4.05

SNOWFALL (IN)
  YESTERDAY        0.0           9.0  1957   0.6   -0.6      0.0
  MONTH TO DATE   35.5                      18.1   17.4     17.6
  SINCE DEC 1     39.1                      31.3    7.8     43.8
  SINCE JUL 1     49.4                      33.2   16.2     44.3
  SNOW DEPTH      15

DEGREE DAYS
 HEATING
  YESTERDAY       51                        43      8       47
  MONTH TO DATE 1267                      1237     30     1259
  SINCE DEC 1   2228                      2358   -130     2510
  SINCE JUL 1   3539                      3849   -310     3961

 COOLING
  YESTERDAY        0                         0      0        0
  MONTH TO DATE    0                         0      0        0
  SINCE DEC 1      0                         0      0        0
  SINCE JAN 1      0                         0      0        0
..................................................................


WIND (MPH)
  RESULTANT WIND SPEED   1   RESULTANT WIND DIRECTION   W (280)
  HIGHEST WIND SPEED    10   HIGHEST WIND DIRECTION     W (280)
  HIGHEST GUST SPEED    11   HIGHEST GUST DIRECTION     W (280)
  AVERAGE WIND SPEED     2.2


SKY COVER
  AVERAGE SKY COVER 0.2


WEATHER CONDITIONS
 THE FOLLOWING WEATHER WAS RECORDED YESTERDAY.
  NO SIGNIFICANT WEATHER WAS OBSERVED.


RELATIVE HUMIDITY (PERCENT)
 HIGHEST    87           600 AM
 LOWEST     32           200 PM
 AVERAGE    60

..........................................................


THE PORTLAND ME CLIMATE NORMALS FOR TODAY
                         NORMAL    RECORD    YEAR
 MAXIMUM TEMPERATURE (F)   32        52      2013
 MINIMUM TEMPERATURE (F)   13       -14      1948


SUNRISE AND SUNSET
JANUARY 30 2015.......SUNRISE   700 AM EST   SUNSET   449 PM EST
JANUARY 31 2015.......SUNRISE   659 AM EST   SUNSET   451 PM EST


-  INDICATES NEGATIVE NUMBERS.
R  INDICATES RECORD WAS SET OR TIED.
MM INDICATES DATA IS MISSING.
T  INDICATES TRACE AMOUNT.




$$
