000
CDUS46 KSGX 260016
CLIRAL


CLIMATE REPORT
NATIONAL WEATHER SERVICE SAN DIEGO, CA
515 PM PDT SAT MAR 25 2017


...................................

...THE RIVERSIDE MUNI AIRPORT CA CLIMATE SUMMARY FOR MARCH 25 2017...
VALID TODAY AS OF 0500 PM LOCAL TIME.

CLIMATE NORMAL PERIOD 1981 TO 2010
CLIMATE RECORD PERIOD 1893 TO 2017


WEATHER ITEM   OBSERVED TIME   RECORD YEAR NORMAL DEPARTURE LAST
                VALUE   (LST)  VALUE       VALUE  FROM      YEAR
                                                  NORMAL
..................................................................
TEMPERATURE (F)
 TODAY
  MAXIMUM         70    240 PM  96    1988  72     -2       83
  MINIMUM         49    617 AM  29    1913  47      2       49
  AVERAGE         60                        60      0       66

PRECIPITATION (IN)
  TODAY            T             1.30 1903   0.03  -0.03     0.00
  MONTH TO DATE    0.16                      1.85  -1.69     0.69
  SINCE OCT 1     13.09                     10.64   2.45     4.69
  SINCE JAN 1      7.83                      7.83   0.00     3.52

DEGREE DAYS
 HEATING
  TODAY            5                         6     -1        0
  MONTH TO DATE   84                       174    -90       72
  SINCE MAR 1     84                       174    -90       72
  SINCE JUL 1   1048                      1282   -234      949

 COOLING
  TODAY            0                         0      0        1
  MONTH TO DATE   55                         4     51       25
  SINCE MAR 1     55                         4     51       25
  SINCE JAN 1     55                        13     42      101
..................................................................


WIND (MPH)
  RESULTANT WIND SPEED   4   RESULTANT WIND DIRECTION   W (270)
  HIGHEST WIND SPEED    16   HIGHEST WIND DIRECTION     W (270)
  HIGHEST GUST SPEED    23   HIGHEST GUST DIRECTION     W (250)
  AVERAGE WIND SPEED     5.0


SKY COVER
  POSSIBLE SUNSHINE  MM
  AVERAGE SKY COVER 0.3


WEATHER CONDITIONS
 THE FOLLOWING WEATHER WAS RECORDED TODAY.
  LIGHT RAIN


RELATIVE HUMIDITY (PERCENT)
 HIGHEST    93           600 AM
 LOWEST     51           100 PM
 AVERAGE    72

..........................................................


THE RIVERSIDE MUNI AIRPORT CA CLIMATE NORMALS FOR TOMORROW
                         NORMAL    RECORD    YEAR
 MAXIMUM TEMPERATURE (F)   72        99      1988
 MINIMUM TEMPERATURE (F)   48        30      1933


SUNRISE AND SUNSET
MARCH 25 2017.........SUNRISE   646 AM PDT   SUNSET   706 PM PDT
MARCH 26 2017.........SUNRISE   645 AM PDT   SUNSET   706 PM PDT


-  INDICATES NEGATIVE NUMBERS.
R  INDICATES RECORD WAS SET OR TIED.
MM INDICATES DATA IS MISSING.
T  INDICATES TRACE AMOUNT.




$$
