000
CDUS46 KSGX 270016
CLIRAL


CLIMATE REPORT
NATIONAL WEATHER SERVICE SAN DIEGO, CA
416 PM PST FRI DEC 26 2014


...................................

...THE RIVERSIDE MUNI AIRPORT CA CLIMATE SUMMARY FOR DECEMBER 26 2014...
VALID TODAY AS OF 0400 PM LOCAL TIME.

CLIMATE NORMAL PERIOD 1981 TO 2010
CLIMATE RECORD PERIOD 1893 TO 2014


WEATHER ITEM   OBSERVED TIME   RECORD YEAR NORMAL DEPARTURE LAST
                VALUE   (LST)  VALUE       VALUE  FROM      YEAR
                                                  NORMAL
..................................................................
TEMPERATURE (F)
 TODAY
  MAXIMUM         59    330 PM  86    1980  66     -7       78
  MINIMUM         48    342 AM  21    1911  42      6       45
  AVERAGE         54                        54      0       62

PRECIPITATION (IN)
  TODAY            0.00          1.59 1921   0.07  -0.07     0.00
  MONTH TO DATE    2.89                      1.09   1.80     0.16
  SINCE JUL 1      3.54                      2.77   0.77     1.15
  SINCE JAN 1      5.26                     11.96  -6.70     3.36

SNOWFALL (IN)
  TODAY            0.0
  MONTH TO DATE    0.0
  SINCE JAN 1      0.0
  SINCE JUL 1      0.0
  SNOW DEPTH       0

DEGREE DAYS
 HEATING
  TODAY           11                        11      0        3
  MONTH TO DATE  170                       272   -102      214
  SINCE DEC 1    170                       272   -102      214
  SINCE JUL 1    234                       472   -238      357

 COOLING
  TODAY            0                         0      0        0
  MONTH TO DATE    5                         0      5       10
  SINCE DEC 1      5                         0      5       10
  SINCE JAN 1   2348                      1754    594     1996
..................................................................


WIND (MPH)
  RESULTANT WIND SPEED  10   RESULTANT WIND DIRECTION  NE (40)
  HIGHEST WIND SPEED    20   HIGHEST WIND DIRECTION    NE (40)
  HIGHEST GUST SPEED    30   HIGHEST GUST DIRECTION    NE (30)
  AVERAGE WIND SPEED    10.4


SKY COVER
  POSSIBLE SUNSHINE  MM
  AVERAGE SKY COVER 0.0


WEATHER CONDITIONS
 THE FOLLOWING WEATHER WAS RECORDED TODAY.
  NO SIGNIFICANT WEATHER WAS OBSERVED.


RELATIVE HUMIDITY (PERCENT)
 HIGHEST    23           700 AM
 LOWEST     13           300 PM
 AVERAGE    18

..........................................................


THE RIVERSIDE MUNI AIRPORT CA CLIMATE NORMALS FOR TOMORROW
                         NORMAL    RECORD    YEAR
 MAXIMUM TEMPERATURE (F)   66        86      1947
 MINIMUM TEMPERATURE (F)   42        24      1911


SUNRISE AND SUNSET
DECEMBER 26 2014......SUNRISE   653 AM PST   SUNSET   448 PM PST
DECEMBER 27 2014......SUNRISE   654 AM PST   SUNSET   448 PM PST


-  INDICATES NEGATIVE NUMBERS.
R  INDICATES RECORD WAS SET OR TIED.
MM INDICATES DATA IS MISSING.
T  INDICATES TRACE AMOUNT.




$$
