000
CDUS46 KSGX 041518
CLIRAL


CLIMATE REPORT
NATIONAL WEATHER SERVICE SAN DIEGO, CA
718 AM PST SUN DEC 4 2016


...................................

...THE RIVERSIDE MUNI AIRPORT CA CLIMATE SUMMARY FOR DECEMBER 3 2016...

CLIMATE NORMAL PERIOD 1981 TO 2010
CLIMATE RECORD PERIOD 1893 TO 2016


WEATHER ITEM   OBSERVED TIME   RECORD YEAR NORMAL DEPARTURE LAST
                VALUE   (LST)  VALUE       VALUE  FROM      YEAR
                                                  NORMAL
..................................................................
TEMPERATURE (F)
 YESTERDAY
  MAXIMUM         72    309 PM  94    1958  68      4       77
  MINIMUM         53   1159 PM  29    1948  43     10       46
                                      1945
                                      1934
  AVERAGE         63                        56      7       62

PRECIPITATION (IN)
  YESTERDAY        0.00          2.08 1966   0.04  -0.04     0.00
  MONTH TO DATE    0.00                      0.11  -0.11     0.00
  SINCE OCT 1      1.92                      1.39   0.53     0.51
  SINCE JAN 1      6.20                     10.98  -4.78     6.85

DEGREE DAYS
 HEATING
  YESTERDAY        2                         9     -7        3
  MONTH TO DATE   23                        27     -4       16
  SINCE DEC 1     23                        27     -4       16
  SINCE JUL 1    127                       227   -100      178

 COOLING
  YESTERDAY        0                         0      0        0
  MONTH TO DATE    0                         0      0        0
  SINCE DEC 1      0                         0      0        0
  SINCE JAN 1   2298                      1754    544     2422
..................................................................


WIND (MPH)
  RESULTANT WIND SPEED   5   RESULTANT WIND DIRECTION  NE (30)
  HIGHEST WIND SPEED    18   HIGHEST WIND DIRECTION     N (360)
  HIGHEST GUST SPEED    29   HIGHEST GUST DIRECTION     N (20)
  AVERAGE WIND SPEED     8.8


SKY COVER
  POSSIBLE SUNSHINE  MM
  AVERAGE SKY COVER 0.0


WEATHER CONDITIONS
 THE FOLLOWING WEATHER WAS RECORDED YESTERDAY.
  NO SIGNIFICANT WEATHER WAS OBSERVED.


RELATIVE HUMIDITY (PERCENT)
 HIGHEST    29          1000 PM
 LOWEST      8           100 PM
 AVERAGE    19

..........................................................


THE RIVERSIDE MUNI AIRPORT CA CLIMATE NORMALS FOR TODAY
                         NORMAL    RECORD    YEAR
 MAXIMUM TEMPERATURE (F)   68        88      1979
                                             1940
                                             1939
 MINIMUM TEMPERATURE (F)   43        25      1909


SUNRISE AND SUNSET
DECEMBER  4 2016......SUNRISE   640 AM PST   SUNSET   440 PM PST
DECEMBER  5 2016......SUNRISE   641 AM PST   SUNSET   441 PM PST


-  INDICATES NEGATIVE NUMBERS.
R  INDICATES RECORD WAS SET OR TIED.
MM INDICATES DATA IS MISSING.
T  INDICATES TRACE AMOUNT.




$$
