000
CDUS46 KSGX 300016
CLIRAL


CLIMATE REPORT
NATIONAL WEATHER SERVICE SAN DIEGO, CA
515 PM PDT THU SEP 29 2016


...................................

...THE RIVERSIDE MUNI AIRPORT CA CLIMATE SUMMARY FOR SEPTEMBER 29 2016...
VALID TODAY AS OF 0500 PM LOCAL TIME.

CLIMATE NORMAL PERIOD 1981 TO 2010
CLIMATE RECORD PERIOD 1893 TO 2016


WEATHER ITEM   OBSERVED TIME   RECORD YEAR NORMAL DEPARTURE LAST
                VALUE   (LST)  VALUE       VALUE  FROM      YEAR
                                                  NORMAL
..................................................................
TEMPERATURE (F)
 TODAY
  MAXIMUM         97    226 PM 106    1924  87     10       92
  MINIMUM         67    549 AM  41    1909  59      8       63
                                      1905
                                      1902
  AVERAGE         82                        73      9       78

PRECIPITATION (IN)
  TODAY            0.00          0.14 1919   0.02  -0.02     0.00
  MONTH TO DATE    T                         0.24  -0.24     1.87
  SINCE OCT 1      5.45                     12.39  -6.94     9.57
  SINCE JAN 1      4.28                      9.58  -5.30     6.34

DEGREE DAYS
 HEATING
  TODAY            0                         0      0        0
  MONTH TO DATE    0                         0      0        0
  SINCE SEP 1      0                         0      0        0
  SINCE JUL 1      0                         0      0        0

 COOLING
  TODAY           17                         8      9       13
  MONTH TO DATE  334                       326      8      462
  SINCE SEP 1    334                       326      8      462
  SINCE JAN 1   2003                      1584    419     2065
..................................................................


WIND (MPH)
  RESULTANT WIND SPEED   2   RESULTANT WIND DIRECTION   W (270)
  HIGHEST WIND SPEED    20   HIGHEST WIND DIRECTION     W (250)
  HIGHEST GUST SPEED    25   HIGHEST GUST DIRECTION     W (260)
  AVERAGE WIND SPEED     4.4


SKY COVER
  POSSIBLE SUNSHINE  MM
  AVERAGE SKY COVER 0.1


WEATHER CONDITIONS
 THE FOLLOWING WEATHER WAS RECORDED TODAY.
  NO SIGNIFICANT WEATHER WAS OBSERVED.


RELATIVE HUMIDITY (PERCENT)
 HIGHEST    55           600 AM
 LOWEST     16          1200 PM
 AVERAGE    36

..........................................................


THE RIVERSIDE MUNI AIRPORT CA CLIMATE NORMALS FOR TOMORROW
                         NORMAL    RECORD    YEAR
 MAXIMUM TEMPERATURE (F)   86       108      2001
                                             1980
 MINIMUM TEMPERATURE (F)   59        42      1948
                                             1915


SUNRISE AND SUNSET
SEPTEMBER 29 2016.....SUNRISE   643 AM PDT   SUNSET   636 PM PDT
SEPTEMBER 30 2016.....SUNRISE   644 AM PDT   SUNSET   635 PM PDT


-  INDICATES NEGATIVE NUMBERS.
R  INDICATES RECORD WAS SET OR TIED.
MM INDICATES DATA IS MISSING.
T  INDICATES TRACE AMOUNT.




$$
