000
CDUS46 KSGX 271142
CLIRAL


CLIMATE REPORT
NATIONAL WEATHER SERVICE SAN DIEGO, CA
441 AM PDT THU APR 27 2017


...................................

...THE RIVERSIDE MUNI AIRPORT CA CLIMATE SUMMARY FOR APRIL 26 2017...

CLIMATE NORMAL PERIOD 1981 TO 2010
CLIMATE RECORD PERIOD 1893 TO 2017


WEATHER ITEM   OBSERVED TIME   RECORD YEAR NORMAL DEPARTURE LAST
                VALUE   (LST)  VALUE       VALUE  FROM      YEAR
                                                  NORMAL
..................................................................
TEMPERATURE (F)
 YESTERDAY
  MAXIMUM         81   1235 PM 102    2004  77      4       73
  MINIMUM         53    509 AM  36    1894  52      1       46
  AVERAGE         67                        65      2       60

PRECIPITATION (IN)
  YESTERDAY        0.00          0.55 1919   0.03  -0.03     0.00
  MONTH TO DATE    0.10                      0.70  -0.60     0.44
  SINCE OCT 1     13.19                     11.50   1.69     5.22
  SINCE JAN 1      7.93                      8.69  -0.76     4.05

DEGREE DAYS
 HEATING
  YESTERDAY        0                         2     -2        5
  MONTH TO DATE   31                        99    -68       22
  SINCE MAR 1    129                       304   -175      123
  SINCE JUL 1   1093                      1412   -319     1000

 COOLING
  YESTERDAY        2                         2      0        0
  MONTH TO DATE   59                        34     25       84
  SINCE MAR 1    118                        46     72      113
  SINCE JAN 1    118                        55     63      189
..................................................................


WIND (MPH)
  RESULTANT WIND SPEED   3   RESULTANT WIND DIRECTION   W (270)
  HIGHEST WIND SPEED    17   HIGHEST WIND DIRECTION     W (270)
  HIGHEST GUST SPEED    21   HIGHEST GUST DIRECTION     W (270)
  AVERAGE WIND SPEED     4.8


SKY COVER
  POSSIBLE SUNSHINE  MM
  AVERAGE SKY COVER 0.4


WEATHER CONDITIONS
 THE FOLLOWING WEATHER WAS RECORDED YESTERDAY.
  NO SIGNIFICANT WEATHER WAS OBSERVED.


RELATIVE HUMIDITY (PERCENT)
 HIGHEST    77           300 AM
 LOWEST     30          1200 PM
 AVERAGE    54

..........................................................


THE RIVERSIDE MUNI AIRPORT CA CLIMATE NORMALS FOR TODAY
                         NORMAL    RECORD    YEAR
 MAXIMUM TEMPERATURE (F)   78       101      2004
 MINIMUM TEMPERATURE (F)   52        38      1945
                                             1912
                                             1904


SUNRISE AND SUNSET
APRIL 27 2017.........SUNRISE   605 AM PDT   SUNSET   731 PM PDT
APRIL 28 2017.........SUNRISE   604 AM PDT   SUNSET   731 PM PDT


-  INDICATES NEGATIVE NUMBERS.
R  INDICATES RECORD WAS SET OR TIED.
MM INDICATES DATA IS MISSING.
T  INDICATES TRACE AMOUNT.




$$
