000
CDUS46 KSGX 021431
CLIRAL


CLIMATE REPORT
NATIONAL WEATHER SERVICE SAN DIEGO, CA
731 AM PDT MON MAY 2 2016


...................................

...THE RIVERSIDE MUNI AIRPORT CA CLIMATE SUMMARY FOR MAY 1 2016...

CLIMATE NORMAL PERIOD 1981 TO 2010
CLIMATE RECORD PERIOD 1893 TO 2016


WEATHER ITEM   OBSERVED TIME   RECORD YEAR NORMAL DEPARTURE LAST
                VALUE   (LST)  VALUE       VALUE  FROM      YEAR
                                                  NORMAL
..................................................................
TEMPERATURE (F)
 YESTERDAY
  MAXIMUM         77    254 PM 100    1947  78     -1       93
  MINIMUM         51    431 AM  33    1915  53     -2       62
  AVERAGE         64                        66     -2       78

PRECIPITATION (IN)
  YESTERDAY        0.00          1.39 1930   0.03  -0.03     0.00
  MONTH TO DATE    0.00                      0.03  -0.03     0.00
  SINCE OCT 1      5.27                     11.63  -6.36     5.15
  SINCE JAN 1      4.10                      8.82  -4.72     1.92

DEGREE DAYS
 HEATING
  YESTERDAY        1                         2     -1        0
  MONTH TO DATE    1                         2     -1        0
  SINCE MAR 1    136                       314   -178      107
  SINCE JUL 1   1013                      1422   -409      714

 COOLING
  YESTERDAY        0                         3     -3       13
  MONTH TO DATE    0                         3     -3       13
  SINCE MAR 1    113                        57     56      220
  SINCE JAN 1    189                        66    123      244
..................................................................


WIND (MPH)
  RESULTANT WIND SPEED   1   RESULTANT WIND DIRECTION   W (270)
  HIGHEST WIND SPEED    18   HIGHEST WIND DIRECTION     W (250)
  HIGHEST GUST SPEED    23   HIGHEST GUST DIRECTION     W (250)
  AVERAGE WIND SPEED     4.3


SKY COVER
  POSSIBLE SUNSHINE  MM
  AVERAGE SKY COVER 0.1


WEATHER CONDITIONS
 THE FOLLOWING WEATHER WAS RECORDED YESTERDAY.
  NO SIGNIFICANT WEATHER WAS OBSERVED.


RELATIVE HUMIDITY (PERCENT)
 HIGHEST    83           400 AM
 LOWEST     36           200 PM
 AVERAGE    60

..........................................................


THE RIVERSIDE MUNI AIRPORT CA CLIMATE NORMALS FOR TODAY
                         NORMAL    RECORD    YEAR
 MAXIMUM TEMPERATURE (F)   79       104      1947
 MINIMUM TEMPERATURE (F)   53        35      1913


SUNRISE AND SUNSET
MAY  2 2016...........SUNRISE   559 AM PDT   SUNSET   735 PM PDT
MAY  3 2016...........SUNRISE   558 AM PDT   SUNSET   735 PM PDT


-  INDICATES NEGATIVE NUMBERS.
R  INDICATES RECORD WAS SET OR TIED.
MM INDICATES DATA IS MISSING.
T  INDICATES TRACE AMOUNT.




$$
