000
CDUS46 KSGX 221137
CLIRAL


CLIMATE REPORT
NATIONAL WEATHER SERVICE SAN DIEGO, CA
432 AM PDT THU JUN 22 2017


...................................

...THE RIVERSIDE MUNI AIRPORT CA CLIMATE SUMMARY FOR JUNE 21 2017...

CLIMATE NORMAL PERIOD 1981 TO 2010
CLIMATE RECORD PERIOD 1893 TO 2017


WEATHER ITEM   OBSERVED TIME   RECORD YEAR NORMAL DEPARTURE LAST
                VALUE   (LST)  VALUE       VALUE  FROM      YEAR
                                                  NORMAL
..................................................................
TEMPERATURE (F)
 YESTERDAY
  MAXIMUM        104    102 PM 109    1973  86     18       97
  MINIMUM         69    529 AM  45    1908  61      8       72
  AVERAGE         87                        73     14       85

PRECIPITATION (IN)
  YESTERDAY        0.00          0.22 1972   0.01  -0.01     0.00
  MONTH TO DATE    0.00                      0.08  -0.08      T
  SINCE OCT 1     13.21                     11.98   1.23     5.45
  SINCE JAN 1      7.95                      9.17  -1.22     4.28

DEGREE DAYS
 HEATING
  YESTERDAY        0                         0      0        0
  MONTH TO DATE    0                         0      0        0
  SINCE JUN 1      0                         0      0        0
  SINCE JUL 1   1134                      1444   -310     1032

 COOLING
  YESTERDAY       22                         8     14       20
  MONTH TO DATE  212                       134     78      235
  SINCE JUN 1    212                       134     78      235
  SINCE JAN 1    490                       311    179      516
..................................................................


WIND (MPH)
  RESULTANT WIND SPEED   5   RESULTANT WIND DIRECTION   W (280)
  HIGHEST WIND SPEED    21   HIGHEST WIND DIRECTION     W (270)
  HIGHEST GUST SPEED    27   HIGHEST GUST DIRECTION     W (270)
  AVERAGE WIND SPEED     6.1


SKY COVER
  POSSIBLE SUNSHINE  MM
  AVERAGE SKY COVER 0.0


WEATHER CONDITIONS
 THE FOLLOWING WEATHER WAS RECORDED YESTERDAY.
  NO SIGNIFICANT WEATHER WAS OBSERVED.


RELATIVE HUMIDITY (PERCENT)
 HIGHEST    73           300 AM
 LOWEST     20           400 PM
 AVERAGE    47

..........................................................


THE RIVERSIDE MUNI AIRPORT CA CLIMATE NORMALS FOR TODAY
                         NORMAL    RECORD    YEAR
 MAXIMUM TEMPERATURE (F)   86       105      1973
 MINIMUM TEMPERATURE (F)   61        43      1916


SUNRISE AND SUNSET
JUNE 22 2017..........SUNRISE   539 AM PDT   SUNSET   804 PM PDT
JUNE 23 2017..........SUNRISE   540 AM PDT   SUNSET   805 PM PDT


-  INDICATES NEGATIVE NUMBERS.
R  INDICATES RECORD WAS SET OR TIED.
MM INDICATES DATA IS MISSING.
T  INDICATES TRACE AMOUNT.




$$
