000
CDUS43 KUNR 170831
CLIRAP


CLIMATE REPORT
NATIONAL WEATHER SERVICE RAPID CITY SD
131 AM MST FRI NOV 17 2017


...................................

...THE RAPID CITY AIRPORT SD CLIMATE SUMMARY FOR NOVEMBER 16 2017...

CLIMATE NORMAL PERIOD 1981 TO 2010
CLIMATE RECORD PERIOD 1942 TO 2017


WEATHER ITEM   OBSERVED TIME   RECORD YEAR NORMAL DEPARTURE LAST
                VALUE   (LST)  VALUE       VALUE  FROM      YEAR
                                                  NORMAL
..................................................................
TEMPERATURE (F)
 YESTERDAY
  MAXIMUM         73R   131 PM  69    1953  47     26       59
  MINIMUM         22    145 AM -14    1955  22      0       30
  AVERAGE         48                        34     14       45

PRECIPITATION (IN)
  YESTERDAY        0.00          0.36 1971   0.02  -0.02     0.00
  MONTH TO DATE    0.08                      0.34  -0.26     0.00
  SINCE SEP 1      1.80                      3.05  -1.25     1.30
  SINCE JAN 1     10.96                     15.68  -4.72    12.27

SNOWFALL (IN)
  YESTERDAY        0.0           3.2  1971   0.3   -0.3      0.0
  MONTH TO DATE    T                         3.3   -3.3      0.0
  SINCE SEP 1      T                         5.1   -5.1       T
  SINCE JUL 1      T                         5.1   -5.1       T
  SNOW DEPTH       0

DEGREE DAYS
 HEATING
  YESTERDAY       17                        31    -14       20
  MONTH TO DATE  481                       433     48      226
  SINCE SEP 1   1224                      1158     66      743
  SINCE JUL 1   1231                      1195     36      775

 COOLING
  YESTERDAY        0                         0      0        0
  MONTH TO DATE    0                         0      0        0
  SINCE SEP 1     85                        64     21       30
  SINCE JAN 1    709                       636     73      646
..................................................................


WIND (MPH)
  HIGHEST WIND SPEED    36   HIGHEST WIND DIRECTION     N (340)
  HIGHEST GUST SPEED    44   HIGHEST GUST DIRECTION     N (340)
  AVERAGE WIND SPEED    13.3


SKY COVER
  AVERAGE SKY COVER 0.0


WEATHER CONDITIONS
 THE FOLLOWING WEATHER WAS RECORDED YESTERDAY.
  NO SIGNIFICANT WEATHER WAS OBSERVED.


RELATIVE HUMIDITY (PERCENT)
 HIGHEST    96           300 AM
 LOWEST     17           400 PM
 AVERAGE    57

..........................................................


THE RAPID CITY AIRPORT SD CLIMATE NORMALS FOR TODAY
                         NORMAL    RECORD    YEAR
 MAXIMUM TEMPERATURE (F)   46        72      1953
 MINIMUM TEMPERATURE (F)   21        -9      1959


SUNRISE AND SUNSET
NOVEMBER 17 2017......SUNRISE   650 AM MST   SUNSET   424 PM MST
NOVEMBER 18 2017......SUNRISE   652 AM MST   SUNSET   423 PM MST


-  INDICATES NEGATIVE NUMBERS.
R  INDICATES RECORD WAS SET OR TIED.
MM INDICATES DATA IS MISSING.
T  INDICATES TRACE AMOUNT.




$$
