000
CDUS43 KUNR 240036
CLIRAP


CLIMATE REPORT
NATIONAL WEATHER SERVICE RAPID CITY SD
536 PM MST THU FEB 23 2017


...................................

...THE RAPID CITY AIRPORT SD CLIMATE SUMMARY FOR FEBRUARY 23 2017...
VALID TODAY AS OF 0500 PM LOCAL TIME.

CLIMATE NORMAL PERIOD 1981 TO 2010
CLIMATE RECORD PERIOD 1942 TO 2017


WEATHER ITEM   OBSERVED TIME   RECORD YEAR NORMAL DEPARTURE LAST
                VALUE   (LST)  VALUE       VALUE  FROM      YEAR
                                                  NORMAL
..................................................................
TEMPERATURE (F)
 TODAY
  MAXIMUM         30    243 AM  67    1958  41    -11       47
  MINIMUM         25   1009 AM -14    1965  17      8       20
  AVERAGE         28                        29     -1       34

PRECIPITATION (IN)
  TODAY            0.18          0.25 1948   0.02   0.16     0.00
  MONTH TO DATE    0.42                      0.33   0.09     0.52
  SINCE DEC 1      1.54                      1.05   0.49     1.36
  SINCE JAN 1      0.77                      0.63   0.14     0.73

SNOWFALL (IN)
  TODAY            1.4           2.8  1986   0.3    1.1      0.0
  MONTH TO DATE    6.2                       4.5    1.7      3.4
  SINCE DEC 1     26.0                      14.3   11.7     18.2
  SINCE JUL 1     28.8                      22.1    6.7     24.8
  SNOW DEPTH       1

DEGREE DAYS
 HEATING
  TODAY           37                        36      1       31
  MONTH TO DATE  720                       877   -157      666
  SINCE DEC 1   3626                      3358    268     3089
  SINCE JUL 1   4849                      5033   -184     4534

 COOLING
  TODAY            0                         0      0        0
  MONTH TO DATE    0                         0      0        0
  SINCE DEC 1      0                         0      0        0
  SINCE JAN 1      0                         0      0        0
..................................................................


WIND (MPH)
  HIGHEST WIND SPEED    18   HIGHEST WIND DIRECTION     N (20)
  HIGHEST GUST SPEED    24   HIGHEST GUST DIRECTION     N (20)
  AVERAGE WIND SPEED    11.9


SKY COVER
  AVERAGE SKY COVER 1.0


WEATHER CONDITIONS
 THE FOLLOWING WEATHER WAS RECORDED TODAY.
  SNOW
  LIGHT SNOW
  FOG


RELATIVE HUMIDITY (PERCENT)
 HIGHEST   100           600 AM
 LOWEST     81          1100 AM
 AVERAGE    91

..........................................................


THE RAPID CITY AIRPORT SD CLIMATE NORMALS FOR TOMORROW
                         NORMAL    RECORD    YEAR
 MAXIMUM TEMPERATURE (F)   42        75      1995
 MINIMUM TEMPERATURE (F)   17       -17      2003


SUNRISE AND SUNSET
FEBRUARY 23 2017......SUNRISE   639 AM MST   SUNSET   533 PM MST
FEBRUARY 24 2017......SUNRISE   637 AM MST   SUNSET   534 PM MST


-  INDICATES NEGATIVE NUMBERS.
R  INDICATES RECORD WAS SET OR TIED.
MM INDICATES DATA IS MISSING.
T  INDICATES TRACE AMOUNT.




$$
