000
CDUS43 KUNR 230847
CLIRAP


CLIMATE REPORT
NATIONAL WEATHER SERVICE RAPID CITY SD
147 AM MST TUE JAN 23 2018


...................................

...THE RAPID CITY AIRPORT SD CLIMATE SUMMARY FOR JANUARY 22 2018...

CLIMATE NORMAL PERIOD 1981 TO 2010
CLIMATE RECORD PERIOD 1942 TO 2018


WEATHER ITEM   OBSERVED TIME   RECORD YEAR NORMAL DEPARTURE LAST
                VALUE   (LST)  VALUE       VALUE  FROM      YEAR
                                                  NORMAL
..................................................................
TEMPERATURE (F)
 YESTERDAY
  MAXIMUM         41    235 PM  62    1981  37      4       43
  MINIMUM         16    718 AM -18    1962  13      3       20
  AVERAGE         29                        25      4       32

PRECIPITATION (IN)
  YESTERDAY        0.00          0.19 1965   0.01  -0.01     0.00
  MONTH TO DATE    0.15                      0.22  -0.07     0.11
  SINCE DEC 1      0.42                      0.64  -0.22     0.88
  SINCE JAN 1      0.15                      0.22  -0.07     0.11

SNOWFALL (IN)
  YESTERDAY        0.0           1.7  1965   0.1   -0.1      0.0
  MONTH TO DATE    4.8                       3.1    1.7      3.6
  SINCE DEC 1     12.8                       8.5    4.3     14.9
  SINCE JUL 1     12.8                      16.3   -3.5     17.7
  SNOW DEPTH       0

DEGREE DAYS
 HEATING
  YESTERDAY       36                        40     -4       33
  MONTH TO DATE  926                       882     44     1075
  SINCE DEC 1   2202                      2123     79     2569
  SINCE JUL 1   3753                      3798    -45     3792

 COOLING
  YESTERDAY        0                         0      0        0
  MONTH TO DATE    0                         0      0        0
  SINCE DEC 1      0                         0      0        0
  SINCE JAN 1      0                         0      0        0
..................................................................


WIND (MPH)
  HIGHEST WIND SPEED    30   HIGHEST WIND DIRECTION     N (340)
  HIGHEST GUST SPEED    35   HIGHEST GUST DIRECTION     N (340)
  AVERAGE WIND SPEED    14.9


SKY COVER
  AVERAGE SKY COVER 0.0


WEATHER CONDITIONS
 THE FOLLOWING WEATHER WAS RECORDED YESTERDAY.
  NO SIGNIFICANT WEATHER WAS OBSERVED.


RELATIVE HUMIDITY (PERCENT)
 HIGHEST    74           700 AM
 LOWEST     38          1200 PM
 AVERAGE    56

..........................................................


THE RAPID CITY AIRPORT SD CLIMATE NORMALS FOR TODAY
                         NORMAL    RECORD    YEAR
 MAXIMUM TEMPERATURE (F)   37        68      2005
 MINIMUM TEMPERATURE (F)   13       -21      1963


SUNRISE AND SUNSET
JANUARY 23 2018.......SUNRISE   718 AM MST   SUNSET   450 PM MST
JANUARY 24 2018.......SUNRISE   718 AM MST   SUNSET   452 PM MST


-  INDICATES NEGATIVE NUMBERS.
R  INDICATES RECORD WAS SET OR TIED.
MM INDICATES DATA IS MISSING.
T  INDICATES TRACE AMOUNT.




$$
