000
CDUS46 KMFR 270837
CLIRBG


CLIMATE REPORT
NATIONAL WEATHER SERVICE MEDFORD, OR
1236 AM PST TUE JAN 27 2015


...................................

...THE ROSEBURG OR CLIMATE SUMMARY FOR JANUARY 26 2015...

CLIMATE NORMAL PERIOD 1981 TO 2010
CLIMATE RECORD PERIOD 1931 TO 2015


WEATHER ITEM   OBSERVED TIME   RECORD YEAR NORMAL DEPARTURE LAST
                VALUE   (LST)  VALUE       VALUE  FROM      YEAR
                                                  NORMAL
..................................................................
TEMPERATURE (F)
 YESTERDAY
  MAXIMUM         59    349 PM  61    2003  51      8       55
                                      1987
  MINIMUM         44   1159 PM  12    1957  37      7       32
  AVERAGE         52                        44      8       44

PRECIPITATION (IN)
  YESTERDAY        0.00          2.63 1969   0.12  -0.12     0.00
  MONTH TO DATE    1.38                      4.51  -3.13     1.28
  SINCE OCT 1     15.66                     20.16  -4.50     4.98
  SINCE JAN 1      1.38                      4.51  -3.13     1.28

SNOWFALL (IN)
  YESTERDAY       MM                        MM     MM       MM
  MONTH TO DATE   MM                        MM     MM       MM
  SINCE JUL 1     MM                        MM     MM        0.0
  SNOW DEPTH      MM

DEGREE DAYS
 HEATING
  YESTERDAY       13                        21     -8       21
  MONTH TO DATE  483                       574    -91      573
  SINCE DEC 1    976                      1285   -309     1397
  SINCE JUL 1   1566                      2214   -648     2356

 COOLING
  YESTERDAY        0                         0      0        0
  MONTH TO DATE    0                         0      0        0
  SINCE DEC 1      0                         0      0        0
  SINCE JAN 1      0                         0      0        0
..................................................................


WIND (MPH)
  RESULTANT WIND SPEED   1   RESULTANT WIND DIRECTION   S (180)
  HIGHEST WIND SPEED     7   HIGHEST WIND DIRECTION    SE (120)
  HIGHEST GUST SPEED     7   HIGHEST GUST DIRECTION    SE (120)
  AVERAGE WIND SPEED     0.8


SKY COVER
  POSSIBLE SUNSHINE  MM
  AVERAGE SKY COVER 0.5


WEATHER CONDITIONS
 THE FOLLOWING WEATHER WAS RECORDED YESTERDAY.
  FOG
  FOG W/VISIBILITY <= 1/4 MILE


RELATIVE HUMIDITY (PERCENT)
 HIGHEST   100           500 AM
 LOWEST     77           300 PM
 AVERAGE    89

..........................................................


THE ROSEBURG OR CLIMATE NORMALS FOR TODAY
                         NORMAL    RECORD    YEAR
 MAXIMUM TEMPERATURE (F)   51        66      1931
 MINIMUM TEMPERATURE (F)   37         9      1957


SUNRISE AND SUNSET
JANUARY 27 2015.......SUNRISE   734 AM PST   SUNSET   519 PM PST
JANUARY 28 2015.......SUNRISE   733 AM PST   SUNSET   520 PM PST


-  INDICATES NEGATIVE NUMBERS.
R  INDICATES RECORD WAS SET OR TIED.
MM INDICATES DATA IS MISSING.
T  INDICATES TRACE AMOUNT.




$$
