000
CDUS46 KMFR 290841
CLIRBG


CLIMATE REPORT
NATIONAL WEATHER SERVICE MEDFORD, OR
141 AM PDT WED MAR 29 2017


...................................

...THE ROSEBURG OR CLIMATE SUMMARY FOR MARCH 28 2017...

CLIMATE NORMAL PERIOD 1981 TO 2010
CLIMATE RECORD PERIOD 1931 TO 2017


WEATHER ITEM   OBSERVED TIME   RECORD YEAR NORMAL DEPARTURE LAST
                VALUE   (LST)  VALUE       VALUE  FROM      YEAR
                                                  NORMAL
..................................................................
TEMPERATURE (F)
 YESTERDAY
  MAXIMUM         66    335 PM  77    1964  59      7       56
  MINIMUM         43    104 AM  30    2007  40      3       40
                                      1962
                                      1961
  AVERAGE         55                        50      5       48

PRECIPITATION (IN)
  YESTERDAY        0.01          1.25 2014   0.13  -0.12     0.03
  MONTH TO DATE    4.38                      3.13   1.25     5.24
  SINCE OCT 1     37.03                     27.82   9.21    33.65
  SINCE JAN 1     18.11                     12.17   5.94    14.46

SNOWFALL (IN)
  YESTERDAY       MM                        MM     MM       MM
  MONTH TO DATE   MM                        MM     MM       MM
  SINCE JUL 1     MM                        MM     MM        0.0
  SNOW DEPTH      MM

DEGREE DAYS
 HEATING
  YESTERDAY       10                        15     -5       17
  MONTH TO DATE  410                       465    -55      382
  SINCE MAR 1    410                       465    -55      382
  SINCE JUL 1   3126                      3334   -208     2735

 COOLING
  YESTERDAY        0                         0      0        0
  MONTH TO DATE    0                         0      0        0
  SINCE MAR 1      0                         0      0        0
  SINCE JAN 1      0                         0      0        0
..................................................................


WIND (MPH)
  RESULTANT WIND SPEED   2   RESULTANT WIND DIRECTION  SE (140)
  HIGHEST WIND SPEED    12   HIGHEST WIND DIRECTION     S (160)
  HIGHEST GUST SPEED    17   HIGHEST GUST DIRECTION    SE (150)
  AVERAGE WIND SPEED     2.4


SKY COVER
  POSSIBLE SUNSHINE  MM
  AVERAGE SKY COVER 0.9


WEATHER CONDITIONS
 THE FOLLOWING WEATHER WAS RECORDED YESTERDAY.
  LIGHT RAIN


RELATIVE HUMIDITY (PERCENT)
 HIGHEST    92           600 AM
 LOWEST     37           500 PM
 AVERAGE    65

..........................................................


THE ROSEBURG OR CLIMATE NORMALS FOR TODAY
                         NORMAL    RECORD    YEAR
 MAXIMUM TEMPERATURE (F)   59        80      2004
 MINIMUM TEMPERATURE (F)   40        30      2008
                                             1950
                                             1936


SUNRISE AND SUNSET
MARCH 29 2017.........SUNRISE   700 AM PDT   SUNSET   737 PM PDT
MARCH 30 2017.........SUNRISE   658 AM PDT   SUNSET   738 PM PDT


-  INDICATES NEGATIVE NUMBERS.
R  INDICATES RECORD WAS SET OR TIED.
MM INDICATES DATA IS MISSING.
T  INDICATES TRACE AMOUNT.




$$
