000
CDUS46 KMFR 300840
CLIRBG


CLIMATE REPORT
NATIONAL WEATHER SERVICE MEDFORD, OR
140 AM PDT SUN AUG 30 2015


...................................

...THE ROSEBURG OR CLIMATE SUMMARY FOR AUGUST 29 2015...

CLIMATE NORMAL PERIOD 1981 TO 2010
CLIMATE RECORD PERIOD 1931 TO 2015


WEATHER ITEM   OBSERVED TIME   RECORD YEAR NORMAL DEPARTURE LAST
                VALUE   (LST)  VALUE       VALUE  FROM      YEAR
                                                  NORMAL
..................................................................
TEMPERATURE (F)
 YESTERDAY
  MAXIMUM         79    337 PM 101    1934  83     -4       86
  MINIMUM         64   1159 PM  42    1957  54     10       58
  AVERAGE         72                        68      4       72

PRECIPITATION (IN)
  YESTERDAY        0.05          0.81 1943   0.02   0.03     0.00
  MONTH TO DATE    0.06                      0.41  -0.35     0.03
  SINCE OCT 1     25.01                     35.24 -10.23    20.35
  SINCE JAN 1     10.73                     19.59  -8.86    16.65

SNOWFALL (IN)
  YESTERDAY       MM                        MM     MM       MM
  MONTH TO DATE   MM                        MM     MM       MM
  SINCE JUL 1      0.0                      MM     MM       MM
  SNOW DEPTH      MM

DEGREE DAYS
 HEATING
  YESTERDAY        0                         1     -1        0
  MONTH TO DATE    0                         4     -4        0
  SINCE JUN 1     12                        98    -86       42
  SINCE JUL 1      0                        15    -15        7

 COOLING
  YESTERDAY        7                         4      3        7
  MONTH TO DATE  273                       159    114      305
  SINCE JUN 1    854                       382    472      684
  SINCE JAN 1    884                       402    482      729
..................................................................


WIND (MPH)
  RESULTANT WIND SPEED   4   RESULTANT WIND DIRECTION  SW (210)
  HIGHEST WIND SPEED    20   HIGHEST WIND DIRECTION    SW (230)
  HIGHEST GUST SPEED    26   HIGHEST GUST DIRECTION    SW (220)
  AVERAGE WIND SPEED     6.2


SKY COVER
  POSSIBLE SUNSHINE  MM
  AVERAGE SKY COVER 0.6


WEATHER CONDITIONS
 THE FOLLOWING WEATHER WAS RECORDED YESTERDAY.
  LIGHT RAIN


RELATIVE HUMIDITY (PERCENT)
 HIGHEST    81           400 AM
 LOWEST     35           300 PM
 AVERAGE    58

..........................................................


THE ROSEBURG OR CLIMATE NORMALS FOR TODAY
                         NORMAL    RECORD    YEAR
 MAXIMUM TEMPERATURE (F)   83       101      1987
 MINIMUM TEMPERATURE (F)   54        42      1961


SUNRISE AND SUNSET
AUGUST 30 2015........SUNRISE   635 AM PDT   SUNSET   752 PM PDT
AUGUST 31 2015........SUNRISE   636 AM PDT   SUNSET   750 PM PDT


-  INDICATES NEGATIVE NUMBERS.
R  INDICATES RECORD WAS SET OR TIED.
MM INDICATES DATA IS MISSING.
T  INDICATES TRACE AMOUNT.




$$
