000
CDUS46 KSTO 270837
CLIRDD

CLIMATE REPORT
NATIONAL WEATHER SERVICE SACRAMENTO, CA
136 AM PDT WED MAY 27 2015


..........................................................

...THE REDDING AIRPORT CA CLIMATE SUMMARY FOR MAY 26 2015...

CLIMATE NORMAL PERIOD 1981 TO 2010
CLIMATE RECORD PERIOD 1986 TO 2015


WEATHER ITEM   OBSERVED RECORD YEAR NORMAL DEPARTURE LAST
                VALUE   VALUE       VALUE  FROM      YEAR
                                           NORMAL
...........................................................
TEMPERATURE (F)
 YESTERDAY
  MAXIMUM         88     98    2009  84      4       93
  MINIMUM         60     44    2012  57      3       58
                               1998
  AVERAGE         74

PRECIPITATION (IN)
  YESTERDAY        0.00   0.86 1993   0.06  -0.06     0.00
  MONTH TO DATE    0.34               1.57  -1.23     0.15
  SINCE OCT 1     22.47              32.74 -10.27    16.38
  SINCE JAN 1      6.22              19.89 -13.67    14.27

SNOWFALL (IN)
  YESTERDAY        0.0   MM      MM  MM               0.0
  MONTH TO DATE    0.0               MM               0.0
  SINCE MAR 1      0.0               MM               0.0
  SINCE JUL 1      0.0               MM               5.0

DEGREE DAYS
 HEATING
  YESTERDAY        0

 COOLING
  YESTERDAY        9
...........................................................


WIND (MPH)
  RESULTANT WIND SPEED   6   RESULTANT WIND DIRECTION   S (180)
  HIGHEST WIND SPEED    17   HIGHEST WIND DIRECTION     S (190)
  HIGHEST GUST SPEED    24   HIGHEST GUST DIRECTION     S (160)


SKY COVER
  POSSIBLE SUNSHINE  MM
  AVERAGE SKY COVER 0.0


WEATHER CONDITIONS
 THE FOLLOWING WEATHER WAS RECORDED YESTERDAY.
  HAZE


RELATIVE HUMIDITY (PERCENT)
 HIGHEST    72
 LOWEST     23
 AVERAGE    48

..........................................................


THE REDDING AIRPORT CA CLIMATE NORMALS FOR TODAY
                         NORMAL    RECORD    YEAR
 MAXIMUM TEMPERATURE (F)   84       100      2009
 MINIMUM TEMPERATURE (F)   57        44      1998


SUNRISE AND SUNSET
MAY 27 2015...........SUNRISE   544 AM PDT   SUNSET   830 PM PDT
MAY 28 2015...........SUNRISE   543 AM PDT   SUNSET   830 PM PDT


-  INDICATES NEGATIVE NUMBERS.
R  INDICATES RECORD WAS SET OR TIED.
MM INDICATES DATA IS MISSING.
T  INDICATES TRACE AMOUNT.


&&
....................................................................

REDDING CITY CLIMATE DATA FOR MAY 26

CLIMATE RECORD PERIOD 1897-1986

RECORD HIGH..............    101 IN 1974
RECORD LOW...............     40 IN 1916

RECORD RAINFALL..........   0.95 IN 1946

$$

NNNN
