000
CDUS46 KSTO 020834 RRA
CLIRDD

CLIMATE REPORT
NATIONAL WEATHER SERVICE SACRAMENTO, CA
133 AM PDT SUN AUG 2 2015


...................................

...THE REDDING AIRPORT CA CLIMATE SUMMARY FOR AUGUST 1 2015...

CLIMATE NORMAL PERIOD 1981 TO 2010
CLIMATE RECORD PERIOD 1986 TO 2015


WEATHER ITEM   OBSERVED RECORD YEAR NORMAL DEPARTURE LAST
                VALUE   VALUE       VALUE  FROM      YEAR
                                           NORMAL
...........................................................
TEMPERATURE (F)
 YESTERDAY
  MAXIMUM        102    113    1993  99      3      108
  MINIMUM         74     54    1989  65      9       68
  AVERAGE         88

PRECIPITATION (IN)
  YESTERDAY        0.00   0.00 2014   0.00   0.00     0.00
                               2013
                               2012
  MONTH TO DATE    0.00               0.00   0.00     0.00
  SINCE OCT 1     23.08              33.80 -10.72    16.47
  SINCE JAN 1      6.83              20.95 -14.12    14.36

SNOWFALL (IN)
  YESTERDAY        0.0   MM      MM  MM               0.0
  MONTH TO DATE    0.0               MM               0.0
  SINCE JUN 1      0.0               MM               0.0
  SINCE JUL 1      0.0               MM               0.0

DEGREE DAYS
 HEATING
  YESTERDAY        0

 COOLING
  YESTERDAY       23
...........................................................


WIND (MPH)
  RESULTANT WIND SPEED   6   RESULTANT WIND DIRECTION   S (170)
  HIGHEST WIND SPEED    15   HIGHEST WIND DIRECTION    SE (150)
  HIGHEST GUST SPEED    18   HIGHEST GUST DIRECTION    SE (140)


SKY COVER
  POSSIBLE SUNSHINE  MM
  AVERAGE SKY COVER 0.1


WEATHER CONDITIONS
 THE FOLLOWING WEATHER WAS RECORDED YESTERDAY.
  NO SIGNIFICANT WEATHER WAS OBSERVED.


RELATIVE HUMIDITY (PERCENT)
 HIGHEST    57
 LOWEST     23
 AVERAGE    40

..........................................................


THE REDDING AIRPORT CA CLIMATE NORMALS FOR TODAY
                         NORMAL    RECORD    YEAR
 MAXIMUM TEMPERATURE (F)   99       111      1993
 MINIMUM TEMPERATURE (F)   65        56      1989


SUNRISE AND SUNSET
AUGUST  2 2015........SUNRISE   607 AM PDT   SUNSET   823 PM PDT
AUGUST  3 2015........SUNRISE   608 AM PDT   SUNSET   822 PM PDT


-  INDICATES NEGATIVE NUMBERS.
R  INDICATES RECORD WAS SET OR TIED.
MM INDICATES DATA IS MISSING.
T  INDICATES TRACE AMOUNT.

&&
....................................................................

REDDING CITY CLIMATE DATA FOR AUGUST 01

CLIMATE RECORD PERIOD 1897-1986

RECORD HIGH..............    110 IN 1978
RECORD LOW...............     51 IN 1981

RECORD RAINFALL..........   0.85 IN 1976

$$
