000
CDUS46 KSTO 231446
CLIRDD

CLIMATE REPORT
NATIONAL WEATHER SERVICE SACRAMENTO, CA
744 AM PDT WED APR 23 2014


...................................

...THE REDDING AIRPORT CA CLIMATE SUMMARY FOR APRIL 22 2014...

CLIMATE NORMAL PERIOD 1981 TO 2010
CLIMATE RECORD PERIOD 1986 TO 2014


WEATHER ITEM   OBSERVED RECORD YEAR NORMAL DEPARTURE LAST
                VALUE   VALUE       VALUE  FROM      YEAR
                                           NORMAL
...........................................................
TEMPERATURE (F)
 YESTERDAY
  MAXIMUM         68     92    2009  72     -4       84
  MINIMUM         45     41    2001  47     -2       64
                               1989
  AVERAGE         57

PRECIPITATION (IN)
  YESTERDAY        0.02   0.95 1988   0.08  -0.06     0.00
  MONTH TO DATE    0.12               1.87  -1.75     1.90
  SINCE JUL 1     17.57              31.47 -13.90    26.02
  SINCE JAN 1     14.07              17.71  -3.64     6.86

SNOWFALL (IN)
  YESTERDAY       MM     MM      MM  MM               0.0
  MONTH TO DATE    0.0               MM               0.0
  SINCE MAR 1      0.0               MM               0.0
  SINCE JUL 1      5.0               MM               1.0

DEGREE DAYS
 HEATING
  YESTERDAY        8

 COOLING
  YESTERDAY        0
...........................................................


WIND (MPH)
  RESULTANT WIND SPEED   5   RESULTANT WIND DIRECTION   W (260)
  HIGHEST WIND SPEED    16   HIGHEST WIND DIRECTION     W (270)
  HIGHEST GUST SPEED    24   HIGHEST GUST DIRECTION     W (260)


SKY COVER
  POSSIBLE SUNSHINE  MM
  AVERAGE SKY COVER 0.1


WEATHER CONDITIONS
 THE FOLLOWING WEATHER WAS RECORDED YESTERDAY.
  LIGHT RAIN


RELATIVE HUMIDITY (PERCENT)
 HIGHEST    93
 LOWEST     22
 AVERAGE    58

..........................................................


THE REDDING AIRPORT CA CLIMATE NORMALS FOR TODAY
                         NORMAL    RECORD    YEAR
 MAXIMUM TEMPERATURE (F)   73        86      2002
 MINIMUM TEMPERATURE (F)   47        40      2008
                                             2007
                                             1989


SUNRISE AND SUNSET
APRIL 23 2014.........SUNRISE   619 AM PDT   SUNSET   757 PM PDT
APRIL 24 2014.........SUNRISE   617 AM PDT   SUNSET   758 PM PDT


-  INDICATES NEGATIVE NUMBERS.
R  INDICATES RECORD WAS SET OR TIED.
MM INDICATES DATA IS MISSING.
T  INDICATES TRACE AMOUNT.

&&
....................................................................

REDDING CITY CLIMATE DATA FOR APRIL 22

CLIMATE RECORD PERIOD 1897-1986

RECORD HIGH..............     94 IN 1953
RECORD LOW...............     35 IN 1961

RECORD RAINFALL..........   1.13 IN 1948

$$

NNNN
