000
CDUS46 KSTO 260838
CLIRDD

CLIMATE REPORT
NATIONAL WEATHER SERVICE SACRAMENTO, CA
1236 AM PST WED NOV 26 2014


...................................

...THE REDDING AIRPORT CA CLIMATE SUMMARY FOR NOVEMBER 25 2014...

CLIMATE NORMAL PERIOD 1981 TO 2010
CLIMATE RECORD PERIOD 1986 TO 2014


WEATHER ITEM   OBSERVED RECORD YEAR NORMAL DEPARTURE LAST
                VALUE   VALUE       VALUE  FROM      YEAR
                                           NORMAL
...........................................................
TEMPERATURE (F)
 YESTERDAY
  MAXIMUM         65     75    2009  59      6       61
  MINIMUM         37     28    2013  39     -2       28
                               1993
  AVERAGE         51

PRECIPITATION (IN)
  YESTERDAY        0.00   0.87 1989   0.17  -0.17     0.00
  MONTH TO DATE    2.55               3.51  -0.96     1.72
  SINCE JUL 1      8.14               6.52   1.62     3.12
  SINCE JAN 1     22.41              27.38  -4.97    12.42

SNOWFALL (IN)
  YESTERDAY        0.0    0.0  2002  MM               0.0
                               2001
  MONTH TO DATE    0.0               MM               0.0
  SINCE SEP 1      0.0               MM               0.0
  SINCE JUL 1      0.0               MM               0.0

DEGREE DAYS
 HEATING
  YESTERDAY       14

 COOLING
  YESTERDAY        0
...........................................................


WIND (MPH)
  RESULTANT WIND SPEED   1   RESULTANT WIND DIRECTION   N (0)
  HIGHEST WIND SPEED     6   HIGHEST WIND DIRECTION     N (20)
  HIGHEST GUST SPEED     8   HIGHEST GUST DIRECTION    NE (30)


SKY COVER
  POSSIBLE SUNSHINE  MM
  AVERAGE SKY COVER 0.0


WEATHER CONDITIONS
 THE FOLLOWING WEATHER WAS RECORDED YESTERDAY.
  NO SIGNIFICANT WEATHER WAS OBSERVED.


RELATIVE HUMIDITY (PERCENT)
 HIGHEST   100
 LOWEST     44
 AVERAGE    72

..........................................................


THE REDDING AIRPORT CA CLIMATE NORMALS FOR TODAY
                         NORMAL    RECORD    YEAR
 MAXIMUM TEMPERATURE (F)   58        75      2002
 MINIMUM TEMPERATURE (F)   38        24      1993


SUNRISE AND SUNSET
NOVEMBER 26 2014......SUNRISE   708 AM PST   SUNSET   445 PM PST
NOVEMBER 27 2014......SUNRISE   709 AM PST   SUNSET   444 PM PST


-  INDICATES NEGATIVE NUMBERS.
R  INDICATES RECORD WAS SET OR TIED.
MM INDICATES DATA IS MISSING.
T  INDICATES TRACE AMOUNT.

&&
....................................................................

REDDING CITY CLIMATE DATA FOR NOVEMBER 25

CLIMATE RECORD PERIOD 1897-1986

RECORD HIGH..............     87 IN 1933
RECORD LOW...............     28 IN 1952

RECORD RAINFALL..........   3.08 IN 1961

$$
