000
CDUS46 KSTO 200838 RRA
CLIRDD

CLIMATE REPORT
NATIONAL WEATHER SERVICE SACRAMENTO, CA
1238 AM PST FRI JAN 20 2017


...................................

...THE REDDING AIRPORT CA CLIMATE SUMMARY FOR JANUARY 19 2017...

CLIMATE NORMAL PERIOD 1981 TO 2010
CLIMATE RECORD PERIOD 1986 TO 2017


WEATHER ITEM   OBSERVED RECORD YEAR NORMAL DEPARTURE LAST
                VALUE   VALUE       VALUE  FROM      YEAR
                                           NORMAL
...........................................................
TEMPERATURE (F)
 YESTERDAY
  MAXIMUM         52     73    2009  55     -3       60
                               1989
  MINIMUM         45     25    1987  37      8       52
  AVERAGE         49

PRECIPITATION (IN)
  YESTERDAY        0.39   1.45 2012   0.19   0.20     0.63
  MONTH TO DATE    8.87               3.76   5.11     9.52
  SINCE OCT 1     27.60              16.61  10.99    19.38
  SINCE JAN 1      8.87               3.76   5.11     9.52

SNOWFALL (IN)
  YESTERDAY        0.0    0.0  2002  MM               0.0
  MONTH TO DATE    3.0               MM               0.0
  SINCE DEC 1      3.0               MM               0.0
  SINCE JUL 1      3.0               MM               0.0

DEGREE DAYS
 HEATING
  YESTERDAY       16

 COOLING
  YESTERDAY        0
...........................................................


WIND (MPH)
  RESULTANT WIND SPEED   5   RESULTANT WIND DIRECTION   S (200)
  HIGHEST WIND SPEED    26   HIGHEST WIND DIRECTION     S (180)
  HIGHEST GUST SPEED    33   HIGHEST GUST DIRECTION     S (180)


SKY COVER
  POSSIBLE SUNSHINE  MM
  AVERAGE SKY COVER 1.0


WEATHER CONDITIONS
 THE FOLLOWING WEATHER WAS RECORDED YESTERDAY.
  RAIN
  LIGHT RAIN
  FOG


RELATIVE HUMIDITY (PERCENT)
 HIGHEST   100
 LOWEST     77
 AVERAGE    89

..........................................................


THE REDDING AIRPORT CA CLIMATE NORMALS FOR TODAY
                         NORMAL    RECORD    YEAR
 MAXIMUM TEMPERATURE (F)   55        77      2014
 MINIMUM TEMPERATURE (F)   37        25      1990


SUNRISE AND SUNSET
JANUARY 20 2017.......SUNRISE   728 AM PST   SUNSET   513 PM PST
JANUARY 21 2017.......SUNRISE   727 AM PST   SUNSET   514 PM PST


-  INDICATES NEGATIVE NUMBERS.
R  INDICATES RECORD WAS SET OR TIED.
MM INDICATES DATA IS MISSING.
T  INDICATES TRACE AMOUNT.

&&
....................................................................

REDDING CITY CLIMATE DATA FOR JANUARY 19

CLIMATE RECORD PERIOD 1897-1986

RECORD HIGH..............     79 IN 1975
RECORD LOW...............     24 IN 1937

RECORD RAINFALL..........   1.67 IN 1962

$$
