000
CDUS46 KSTO 291442
CLIRDD

CLIMATE REPORT
NATIONAL WEATHER SERVICE SACRAMENTO, CA
730 AM PDT FRI AUG 29 2014

........................................................

...THE REDDING AIRPORT CA CLIMATE SUMMARY FOR AUGUST 28 2014...

CLIMATE NORMAL PERIOD 1981 TO 2010
CLIMATE RECORD PERIOD 1986 TO 2014


WEATHER ITEM   OBSERVED RECORD YEAR NORMAL DEPARTURE LAST
                VALUE   VALUE       VALUE  FROM      YEAR
                                           NORMAL
...........................................................
TEMPERATURE (F)
 YESTERDAY
  MAXIMUM        100    109    2008  94      6       93
  MINIMUM         66     51    1995  61      5       58
  AVERAGE         83

PRECIPITATION (IN)
  YESTERDAY        0.00   0.13 2010   0.00   0.00     0.00
  MONTH TO DATE    0.12               0.15  -0.03      T
  SINCE JUL 1      0.21               0.24  -0.03      T
  SINCE JAN 1     14.48              21.10  -6.62     9.30

SNOWFALL (IN)
  YESTERDAY        0.0   MM      MM  MM               0.0
  MONTH TO DATE    0.0               MM               0.0
  SINCE JUN 1      0.0               MM               0.0
  SINCE JUL 1      0.0               MM               0.0

DEGREE DAYS
 HEATING
  YESTERDAY        0

 COOLING
  YESTERDAY       18
...........................................................


WIND (MPH)
  RESULTANT WIND SPEED   3   RESULTANT WIND DIRECTION  SE (140)
  HIGHEST WIND SPEED    14   HIGHEST WIND DIRECTION    SE (150)
  HIGHEST GUST SPEED    18   HIGHEST GUST DIRECTION     S (160)


SKY COVER
  POSSIBLE SUNSHINE  MM
  AVERAGE SKY COVER 0.0


WEATHER CONDITIONS
 THE FOLLOWING WEATHER WAS RECORDED YESTERDAY.
  NO SIGNIFICANT WEATHER WAS OBSERVED.


RELATIVE HUMIDITY (PERCENT)
 HIGHEST    68
 LOWEST     17
 AVERAGE    43

..........................................................


THE REDDING AIRPORT CA CLIMATE NORMALS FOR TODAY
                         NORMAL    RECORD    YEAR
 MAXIMUM TEMPERATURE (F)   94       109      1988
                                             1987
 MINIMUM TEMPERATURE (F)   61        53      1994


SUNRISE AND SUNSET
AUGUST 29 2014........SUNRISE   634 AM PDT   SUNSET   746 PM PDT
AUGUST 30 2014........SUNRISE   635 AM PDT   SUNSET   744 PM PDT


-  INDICATES NEGATIVE NUMBERS.
R  INDICATES RECORD WAS SET OR TIED.
MM INDICATES DATA IS MISSING.
T  INDICATES TRACE AMOUNT.

&&
....................................................................

REDDING CITY CLIMATE DATA FOR AUGUST 28

CLIMATE RECORD PERIOD 1897-1986

RECORD HIGH..............    111 IN 1915
RECORD LOW...............     51 IN 1946

RECORD RAINFALL..........   0.96 IN 1954

$$
POWELL
