000
CDUS46 KSTO 230843
CLIRDD

CLIMATE REPORT
NATIONAL WEATHER SERVICE SACRAMENTO, CA
1241 AM PST SUN NOV 23 2014


...................................

...THE REDDING AIRPORT CA CLIMATE SUMMARY FOR NOVEMBER 22 2014...

CLIMATE NORMAL PERIOD 1981 TO 2010
CLIMATE RECORD PERIOD 1986 TO 2014


WEATHER ITEM   OBSERVED RECORD YEAR NORMAL DEPARTURE LAST
                VALUE   VALUE       VALUE  FROM      YEAR
                                           NORMAL
...........................................................
TEMPERATURE (F)
 YESTERDAY
  MAXIMUM         63     74    2005  60      3       70
  MINIMUM         42     29    2003  39      3       52
                               1994
  AVERAGE         53

PRECIPITATION (IN)
  YESTERDAY        0.95   3.14 1988   0.17   0.78     0.00
  MONTH TO DATE    2.55               2.99  -0.44     1.72
  SINCE JUL 1      8.14               6.00   2.14     3.12
  SINCE JAN 1     22.41              26.86  -4.45    12.42

SNOWFALL (IN)
  YESTERDAY       MM     MM      MM  MM               0.0
  MONTH TO DATE    0.0               MM               0.0
  SINCE SEP 1      0.0               MM               0.0
  SINCE JUL 1      0.0               MM               0.0

DEGREE DAYS
 HEATING
  YESTERDAY       12

 COOLING
  YESTERDAY        0
...........................................................


WIND (MPH)
  RESULTANT WIND SPEED   7   RESULTANT WIND DIRECTION  SW (210)
  HIGHEST WIND SPEED    24   HIGHEST WIND DIRECTION     S (180)
  HIGHEST GUST SPEED    31   HIGHEST GUST DIRECTION     S (180)


SKY COVER
  POSSIBLE SUNSHINE  MM
  AVERAGE SKY COVER 0.5


WEATHER CONDITIONS
 THE FOLLOWING WEATHER WAS RECORDED YESTERDAY.
  HEAVY RAIN
  RAIN
  LIGHT RAIN
  FOG


RELATIVE HUMIDITY (PERCENT)
 HIGHEST   100
 LOWEST     46
 AVERAGE    73

..........................................................


THE REDDING AIRPORT CA CLIMATE NORMALS FOR TODAY
                         NORMAL    RECORD    YEAR
 MAXIMUM TEMPERATURE (F)   59        77      1995
 MINIMUM TEMPERATURE (F)   39        23      1993


SUNRISE AND SUNSET
NOVEMBER 23 2014......SUNRISE   705 AM PST   SUNSET   446 PM PST
NOVEMBER 24 2014......SUNRISE   706 AM PST   SUNSET   446 PM PST


-  INDICATES NEGATIVE NUMBERS.
R  INDICATES RECORD WAS SET OR TIED.
MM INDICATES DATA IS MISSING.
T  INDICATES TRACE AMOUNT.

&&
....................................................................

REDDING CITY CLIMATE DATA FOR NOVEMBER 22

CLIMATE RECORD PERIOD 1897-1986

RECORD HIGH..............     84 IN 1933
RECORD LOW...............     24 IN 1985

RECORD RAINFALL..........   0.77 IN 1979

$$
