000
CDUS46 KSTO 260059 RRA
CLIRDD

CLIMATE REPORT
NATIONAL WEATHER SERVICE SACRAMENTO, CA
555 PM PDT THU MAY 25 2017


...................................

...THE REDDING AIRPORT CA CLIMATE SUMMARY FOR MAY 25 2017...
VALID TODAY AS OF 0500 PM LOCAL TIME.

CLIMATE NORMAL PERIOD 1981 TO 2010
CLIMATE RECORD PERIOD 1986 TO 2017


WEATHER ITEM   OBSERVED RECORD YEAR NORMAL DEPARTURE LAST
                VALUE   VALUE       VALUE  FROM      YEAR
                                           NORMAL
...........................................................
TEMPERATURE (F)
 TODAY
  MAXIMUM         81     98    2014  84     -3       85
  MINIMUM         58     45    1989  56      2       54
  AVERAGE         70

PRECIPITATION (IN)
  TODAY            0.00   0.82 1993   0.06  -0.06     0.00
  MONTH TO DATE    0.02               1.51  -1.49     0.97
  SINCE OCT 1     46.21              32.68  13.53    38.03
  SINCE JAN 1     27.48              19.83   7.65    28.17

SNOWFALL (IN)
  TODAY            0.0   MM      MM  MM               0.0
  MONTH TO DATE    0.0               MM               0.0
  SINCE MAR 1      0.0               MM               0.0
  SINCE JUL 1      3.0               MM               0.0

DEGREE DAYS
 HEATING
  TODAY            0

 COOLING
  TODAY            5
...........................................................


WIND (MPH)
  RESULTANT WIND SPEED   6   RESULTANT WIND DIRECTION   S (180)
  HIGHEST WIND SPEED    21   HIGHEST WIND DIRECTION     S (170)
  HIGHEST GUST SPEED    24   HIGHEST GUST DIRECTION     S (160)


SKY COVER
  POSSIBLE SUNSHINE  MM
  AVERAGE SKY COVER 0.0


WEATHER CONDITIONS
 THE FOLLOWING WEATHER WAS RECORDED TODAY.
  LIGHT RAIN


RELATIVE HUMIDITY (PERCENT)
 HIGHEST    62
 LOWEST     30
 AVERAGE    46

..........................................................


THE REDDING AIRPORT CA CLIMATE NORMALS FOR TOMORROW
                         NORMAL    RECORD    YEAR
 MAXIMUM TEMPERATURE (F)   84        98      2009
 MINIMUM TEMPERATURE (F)   57        44      2012
                                             1998


SUNRISE AND SUNSET
MAY 25 2017...........SUNRISE   544 AM PDT   SUNSET   828 PM PDT
MAY 26 2017...........SUNRISE   544 AM PDT   SUNSET   829 PM PDT


-  INDICATES NEGATIVE NUMBERS.
R  INDICATES RECORD WAS SET OR TIED.
MM INDICATES DATA IS MISSING.
T  INDICATES TRACE AMOUNT.




&&
....................................................................

REDDING CITY CLIMATE DATA FOR MAY 25

CLIMATE RECORD PERIOD 1897-1986

RECORD HIGH..............    102 IN 1982
RECORD LOW...............     37 IN 1980

RECORD RAINFALL..........   2.62 IN 1960

$$

NNNN
