000
CDUS46 KSTO 300834 RRA
CLIRDD

CLIMATE REPORT
NATIONAL WEATHER SERVICE SACRAMENTO, CA
133 AM PDT SUN AUG 30 2015


...................................

...THE REDDING AIRPORT CA CLIMATE SUMMARY FOR AUGUST 29 2015...

CLIMATE NORMAL PERIOD 1981 TO 2010
CLIMATE RECORD PERIOD 1986 TO 2015


WEATHER ITEM   OBSERVED RECORD YEAR NORMAL DEPARTURE LAST
                VALUE   VALUE       VALUE  FROM      YEAR
                                           NORMAL
...........................................................
TEMPERATURE (F)
 YESTERDAY
  MAXIMUM         90    109    1988  94     -4       96
                               1987
  MINIMUM         66     53    1994  61      5       68
  AVERAGE         78

PRECIPITATION (IN)
  YESTERDAY        0.00   0.00 2014   0.01  -0.01     0.00
                               2013
                               2012
  MONTH TO DATE    T                  0.16  -0.16     0.12
  SINCE OCT 1     23.08              33.96 -10.88    16.59
  SINCE JAN 1      6.83              21.11 -14.28    14.48

SNOWFALL (IN)
  YESTERDAY        0.0   MM      MM  MM               0.0
  MONTH TO DATE    0.0               MM               0.0
  SINCE JUN 1      0.0               MM               0.0
  SINCE JUL 1      0.0               MM               0.0

DEGREE DAYS
 HEATING
  YESTERDAY        0

 COOLING
  YESTERDAY       13
...........................................................


WIND (MPH)
  RESULTANT WIND SPEED  17   RESULTANT WIND DIRECTION   S (170)
  HIGHEST WIND SPEED    30   HIGHEST WIND DIRECTION     S (170)
  HIGHEST GUST SPEED    37   HIGHEST GUST DIRECTION     S (160)


SKY COVER
  POSSIBLE SUNSHINE  MM
  AVERAGE SKY COVER 0.4


WEATHER CONDITIONS
 THE FOLLOWING WEATHER WAS RECORDED YESTERDAY.
  NO SIGNIFICANT WEATHER WAS OBSERVED.


RELATIVE HUMIDITY (PERCENT)
 HIGHEST    58
 LOWEST     24
 AVERAGE    41

..........................................................


THE REDDING AIRPORT CA CLIMATE NORMALS FOR TODAY
                         NORMAL    RECORD    YEAR
 MAXIMUM TEMPERATURE (F)   94       110      1987
 MINIMUM TEMPERATURE (F)   61        50      2010


SUNRISE AND SUNSET
AUGUST 30 2015........SUNRISE   634 AM PDT   SUNSET   745 PM PDT
AUGUST 31 2015........SUNRISE   635 AM PDT   SUNSET   743 PM PDT


-  INDICATES NEGATIVE NUMBERS.
R  INDICATES RECORD WAS SET OR TIED.
MM INDICATES DATA IS MISSING.
T  INDICATES TRACE AMOUNT.

&&
....................................................................

REDDING CITY CLIMATE DATA FOR AUGUST 29

CLIMATE RECORD PERIOD 1897-1986

RECORD HIGH..............    108 IN 1944
RECORD LOW...............     50 IN 1946

RECORD RAINFALL..........   1.43 IN 1979

$$
