000
CDUS41 KPHI 260631
CLIRDG


CLIMATE REPORT
NATIONAL WEATHER SERVICE MOUNT HOLLY NJ
230 AM EDT MON JUN 26 2017


...................................

...THE READING PA CLIMATE SUMMARY FOR JUNE 25 2017...

CLIMATE NORMAL PERIOD 1981 TO 2010
CLIMATE RECORD PERIOD 1869 TO 2017


WEATHER ITEM   OBSERVED TIME   RECORD YEAR NORMAL DEPARTURE LAST
                VALUE   (LST)  VALUE       VALUE  FROM      YEAR
                                                  NORMAL
..................................................................
TEMPERATURE (F)
 YESTERDAY
  MAXIMUM         84    308 PM  99    1943  84      0       86
  MINIMUM         62    515 AM  43    1979  63     -1       62
  AVERAGE         73                        73      0       74

PRECIPITATION (IN)
  YESTERDAY        0.00          1.40 2004   0.11  -0.11     0.00
  MONTH TO DATE    4.74                      3.22   1.52     1.59
  SINCE JUN 1      4.74                      3.22   1.52     1.59
  SINCE JAN 1     18.16                     20.24  -2.08    15.59

DEGREE DAYS
 HEATING
  YESTERDAY        0                         0      0        0
  MONTH TO DATE   16                        23     -7        9
  SINCE JUN 1     16                        23     -7        9
  SINCE JUL 1   4581                      5391   -810     4503

 COOLING
  YESTERDAY        8                         8      0        9
  MONTH TO DATE  197                       145     52      182
  SINCE JUN 1    197                       145     52      182
  SINCE JAN 1    272                       205     67      276
..................................................................


WIND (MPH)
  HIGHEST WIND SPEED    15   HIGHEST WIND DIRECTION     W (280)
  HIGHEST GUST SPEED    21   HIGHEST GUST DIRECTION    NW (300)
  AVERAGE WIND SPEED     5.0


SKY COVER
  POSSIBLE SUNSHINE  MM
  AVERAGE SKY COVER 0.3


WEATHER CONDITIONS
 THE FOLLOWING WEATHER WAS RECORDED YESTERDAY.
  FOG
  FOG W/VISIBILITY <= 1/4 MILE


RELATIVE HUMIDITY (PERCENT)
 HIGHEST   100           100 AM
 LOWEST     39           300 PM
 AVERAGE    70

..........................................................


THE READING PA CLIMATE NORMALS FOR TODAY
                         NORMAL    RECORD    YEAR
 MAXIMUM TEMPERATURE (F)   84       102      1952
 MINIMUM TEMPERATURE (F)   63        46      1979


SUNRISE AND SUNSET
JUNE 26 2017..........SUNRISE   535 AM EDT   SUNSET   838 PM EDT
JUNE 27 2017..........SUNRISE   536 AM EDT   SUNSET   838 PM EDT


-  INDICATES NEGATIVE NUMBERS.
R  INDICATES RECORD WAS SET OR TIED.
MM INDICATES DATA IS MISSING.
T  INDICATES TRACE AMOUNT.




$$
