527
CDUS41 KPHI 282145
CLIRDG


CLIMATE REPORT
NATIONAL WEATHER SERVICE MOUNT HOLLY NJ
545 PM EDT TUE MAR 28 2017


...................................

...THE READING PA CLIMATE SUMMARY FOR MARCH 28 2017...
VALID TODAY AS OF 0500 PM LOCAL TIME.

CLIMATE NORMAL PERIOD 1981 TO 2010
CLIMATE RECORD PERIOD 1869 TO 2017


WEATHER ITEM   OBSERVED TIME   RECORD YEAR NORMAL DEPARTURE LAST
                VALUE   (LST)  VALUE       VALUE  FROM      YEAR
                                                  NORMAL
..................................................................
TEMPERATURE (F)
 TODAY
  MAXIMUM         51    359 PM  85    1945  55     -4       64
  MINIMUM         48    206 AM  17    1923  35     13       43
  AVERAGE         50                        45      5       54

PRECIPITATION (IN)
  TODAY            0.33          1.88 1932   0.13   0.20     0.38
  MONTH TO DATE    2.60                      3.07  -0.47     1.04
  SINCE MAR 1      2.60                      3.07  -0.47     1.04
  SINCE JAN 1      5.99                      8.60  -2.61     7.85

DEGREE DAYS
 HEATING
  TODAY           15                        20     -5       11
  MONTH TO DATE  732                       685     47      486
  SINCE MAR 1    732                       685     47      486
  SINCE JUL 1   4094                      4727   -633     3833

 COOLING
  TODAY            0                         0      0        0
  MONTH TO DATE    0                         0      0        3
  SINCE MAR 1      0                         0      0        3
  SINCE JAN 1      0                         0      0        3
..................................................................


WIND (MPH)
  HIGHEST WIND SPEED    10   HIGHEST WIND DIRECTION     E (80)
  HIGHEST GUST SPEED    12   HIGHEST GUST DIRECTION     N (20)
  AVERAGE WIND SPEED     3.2


SKY COVER
  POSSIBLE SUNSHINE  MM
  AVERAGE SKY COVER 0.9


WEATHER CONDITIONS
 THE FOLLOWING WEATHER WAS RECORDED TODAY.
  HEAVY RAIN
  RAIN
  LIGHT RAIN
  FOG
  FOG W/VISIBILITY <= 1/4 MILE


RELATIVE HUMIDITY (PERCENT)
 HIGHEST   100          1200 AM
 LOWEST     93           500 AM
 AVERAGE    97

..........................................................


THE READING PA CLIMATE NORMALS FOR TOMORROW
                         NORMAL    RECORD    YEAR
 MAXIMUM TEMPERATURE (F)   56        87      1907
 MINIMUM TEMPERATURE (F)   36        12      1923


SUNRISE AND SUNSET
MARCH 28 2017.........SUNRISE   654 AM EDT   SUNSET   725 PM EDT
MARCH 29 2017.........SUNRISE   652 AM EDT   SUNSET   726 PM EDT


-  INDICATES NEGATIVE NUMBERS.
R  INDICATES RECORD WAS SET OR TIED.
MM INDICATES DATA IS MISSING.
T  INDICATES TRACE AMOUNT.




$$
