000
CDUS41 KPHI 010631
CLIRDG


CLIMATE REPORT
NATIONAL WEATHER SERVICE MOUNT HOLLY NJ
128 AM EST SUN MAR 1 2015


...................................

...THE READING PA CLIMATE SUMMARY FOR FEBRUARY 28 2015...

CLIMATE NORMAL PERIOD 1981 TO 2010
CLIMATE RECORD PERIOD 1869 TO 2015


WEATHER ITEM   OBSERVED TIME   RECORD YEAR NORMAL DEPARTURE LAST
                VALUE   (LST)  VALUE       VALUE  FROM      YEAR
                                                  NORMAL
..................................................................
TEMPERATURE (F)
 YESTERDAY
  MAXIMUM         27    439 PM  70    1976  45    -18       21
  MINIMUM          7    629 AM   3    1934  26    -19        4
  AVERAGE         17                        36    -19       13

PRECIPITATION (IN)
  YESTERDAY        0.00          2.05 1902   0.10  -0.10     0.00
  MONTH TO DATE    1.43                      2.48  -1.05     3.20
  SINCE DEC 1      6.64                      8.82  -2.18     9.89
  SINCE JAN 1      3.74                      5.53  -1.79     6.68

SNOWFALL (IN)
  YESTERDAY       MM            MM      MM  MM     MM       MM
  MONTH TO DATE   MM                        MM     MM       MM
  SINCE DEC 1     MM                        MM     MM       MM
  SINCE JUL 1     MM                        MM     MM       MM
  SNOW DEPTH      MM

DEGREE DAYS
 HEATING
  YESTERDAY       48                        29     19       52
  MONTH TO DATE 1241                       917    324     1064
  SINCE DEC 1   3290                      2975    315     3261
  SINCE JUL 1   4305                      4042    263     4310

 COOLING
  YESTERDAY        0                         0      0        0
  MONTH TO DATE    0                         0      0        0
  SINCE DEC 1      0                         0      0        0
  SINCE JAN 1      0                         0      0        0
..................................................................


WIND (MPH)
  HIGHEST WIND SPEED    12   HIGHEST WIND DIRECTION    NW (330)
  HIGHEST GUST SPEED    14   HIGHEST GUST DIRECTION    NW (330)
  AVERAGE WIND SPEED     3.2


SKY COVER
  POSSIBLE SUNSHINE  MM
  AVERAGE SKY COVER 0.0


WEATHER CONDITIONS
 THE FOLLOWING WEATHER WAS RECORDED YESTERDAY.
  NO SIGNIFICANT WEATHER WAS OBSERVED.


RELATIVE HUMIDITY (PERCENT)
 HIGHEST    67          1100 PM
 LOWEST     25           200 PM
 AVERAGE    46

..........................................................


THE READING PA CLIMATE NORMALS FOR TODAY
                         NORMAL    RECORD    YEAR
 MAXIMUM TEMPERATURE (F)   45        74      1972
 MINIMUM TEMPERATURE (F)   27         6      1980


SUNRISE AND SUNSET
MARCH  1 2015.........SUNRISE   638 AM EST   SUNSET   555 PM EST
MARCH  2 2015.........SUNRISE   636 AM EST   SUNSET   556 PM EST


-  INDICATES NEGATIVE NUMBERS.
R  INDICATES RECORD WAS SET OR TIED.
MM INDICATES DATA IS MISSING.
T  INDICATES TRACE AMOUNT.




$$
