000
CDUS41 KPHI 172131
CLIRDG


CLIMATE REPORT
NATIONAL WEATHER SERVICE MOUNT HOLLY NJ
430 PM EST WED DEC 17 2014


...................................

...THE READING PA CLIMATE SUMMARY FOR DECEMBER 17 2014...
VALID TODAY AS OF 0400 PM LOCAL TIME.

CLIMATE NORMAL PERIOD 1981 TO 2010
CLIMATE RECORD PERIOD 1869 TO 2014


WEATHER ITEM   OBSERVED TIME   RECORD YEAR NORMAL DEPARTURE LAST
                VALUE   (LST)  VALUE       VALUE  FROM      YEAR
                                                  NORMAL
..................................................................
TEMPERATURE (F)
 TODAY
  MAXIMUM         51   1119 AM  62    2000  41     10       25
                                      1971
  MINIMUM         38    548 AM   2    1919  26     12       16
  AVERAGE         45                        33     12       21

PRECIPITATION (IN)
  TODAY            0.01          1.92 1888   0.10  -0.09     0.06
  MONTH TO DATE    1.82                      1.91  -0.09     1.84
  SINCE DEC 1      1.82                      1.91  -0.09     1.84
  SINCE JAN 1     40.73                     41.89  -1.16    39.22

SNOWFALL (IN)
  TODAY           MM            MM      MM  MM     MM       MM
  MONTH TO DATE   MM                        MM     MM       MM
  SINCE DEC 1     MM                        MM     MM       MM
  SINCE JUL 1     MM                        MM     MM       MM
  SNOW DEPTH      MM

DEGREE DAYS
 HEATING
  TODAY           20                        32    -12       44
  MONTH TO DATE  471                       498    -27      541
  SINCE DEC 1    471                       498    -27      541
  SINCE JUL 1   1486                      1565    -79     1590

 COOLING
  TODAY            0                         0      0        0
  MONTH TO DATE    0                         0      0        0
  SINCE DEC 1      0                         0      0        0
  SINCE JAN 1    962                       896     66     1124
..................................................................


WIND (MPH)
  HIGHEST WIND SPEED    22   HIGHEST WIND DIRECTION    NW (300)
  HIGHEST GUST SPEED    29   HIGHEST GUST DIRECTION     W (290)
  AVERAGE WIND SPEED     8.9


SKY COVER
  POSSIBLE SUNSHINE  MM
  AVERAGE SKY COVER 0.6


WEATHER CONDITIONS
 THE FOLLOWING WEATHER WAS RECORDED TODAY.
  RAIN
  LIGHT RAIN
  FOG


RELATIVE HUMIDITY (PERCENT)
 HIGHEST    93           300 AM
 LOWEST     53           300 PM
 AVERAGE    73

..........................................................


THE READING PA CLIMATE NORMALS FOR TOMORROW
                         NORMAL    RECORD    YEAR
 MAXIMUM TEMPERATURE (F)   41        64      2006
 MINIMUM TEMPERATURE (F)   25         0      1919


SUNRISE AND SUNSET
DECEMBER 17 2014......SUNRISE   721 AM EST   SUNSET   439 PM EST
DECEMBER 18 2014......SUNRISE   722 AM EST   SUNSET   439 PM EST


-  INDICATES NEGATIVE NUMBERS.
R  INDICATES RECORD WAS SET OR TIED.
MM INDICATES DATA IS MISSING.
T  INDICATES TRACE AMOUNT.




$$
