000
CDUS41 KPHI 240628
CLIRDG


CLIMATE REPORT
NATIONAL WEATHER SERVICE MOUNT HOLLY NJ
126 AM EST TUE JAN 24 2017


...................................

...THE READING PA CLIMATE SUMMARY FOR JANUARY 23 2017...

CLIMATE NORMAL PERIOD 1981 TO 2010
CLIMATE RECORD PERIOD 1869 TO 2017


WEATHER ITEM   OBSERVED TIME   RECORD YEAR NORMAL DEPARTURE LAST
                VALUE   (LST)  VALUE       VALUE  FROM      YEAR
                                                  NORMAL
..................................................................
TEMPERATURE (F)
 YESTERDAY
  MAXIMUM         48   1213 AM  68    1906  38     10       27
  MINIMUM         36   1156 PM  -5    1936  21     15       21
  AVERAGE         42                        29     13       24

PRECIPITATION (IN)
  YESTERDAY        0.44          2.00 2016   0.09   0.35     2.00
  MONTH TO DATE    2.25                      2.36  -0.11     3.53
  SINCE DEC 1      4.38                      5.65  -1.27     7.09
  SINCE JAN 1      2.25                      2.36  -0.11     3.53

DEGREE DAYS
 HEATING
  YESTERDAY       23                        36    -13       41
  MONTH TO DATE  696                       813   -117      801
  SINCE DEC 1   1612                      1777   -165     1366
  SINCE JUL 1   2466                      2844   -378     2185

 COOLING
  YESTERDAY        0                         0      0        0
  MONTH TO DATE    0                         0      0        0
  SINCE DEC 1      0                         0      0        0
  SINCE JAN 1      0                         0      0        0
..................................................................


WIND (MPH)
  HIGHEST WIND SPEED    23   HIGHEST WIND DIRECTION     E (80)
  HIGHEST GUST SPEED    37   HIGHEST GUST DIRECTION     E (70)
  AVERAGE WIND SPEED    13.8


SKY COVER
  POSSIBLE SUNSHINE  MM
  AVERAGE SKY COVER 1.0


WEATHER CONDITIONS
 THE FOLLOWING WEATHER WAS RECORDED YESTERDAY.
  HEAVY RAIN
  LIGHT RAIN
  FOG


RELATIVE HUMIDITY (PERCENT)
 HIGHEST   100           600 PM
 LOWEST     79          1200 PM
 AVERAGE    90

..........................................................


THE READING PA CLIMATE NORMALS FOR TODAY
                         NORMAL    RECORD    YEAR
 MAXIMUM TEMPERATURE (F)   38        70      1967
 MINIMUM TEMPERATURE (F)   21        -2      1963


SUNRISE AND SUNSET
JANUARY 24 2017.......SUNRISE   720 AM EST   SUNSET   513 PM EST
JANUARY 25 2017.......SUNRISE   719 AM EST   SUNSET   514 PM EST


-  INDICATES NEGATIVE NUMBERS.
R  INDICATES RECORD WAS SET OR TIED.
MM INDICATES DATA IS MISSING.
T  INDICATES TRACE AMOUNT.




$$
