000
CDUS41 KPHI 230635
CLIRDG


CLIMATE REPORT
NATIONAL WEATHER SERVICE MOUNT HOLLY NJ
134 AM EST THU FEB 23 2017


...................................

...THE READING PA CLIMATE SUMMARY FOR FEBRUARY 22 2017...

CLIMATE NORMAL PERIOD 1981 TO 2010
CLIMATE RECORD PERIOD 1869 TO 2017


WEATHER ITEM   OBSERVED TIME   RECORD YEAR NORMAL DEPARTURE LAST
                VALUE   (LST)  VALUE       VALUE  FROM      YEAR
                                                  NORMAL
..................................................................
TEMPERATURE (F)
 YESTERDAY
  MAXIMUM         62    444 PM  70    1974  43     19       50
  MINIMUM         40    336 AM   1    1978  25     15       32
  AVERAGE         51                        34     17       41

PRECIPITATION (IN)
  YESTERDAY        0.00          1.52 1902   0.09  -0.09     0.00
                                      1900
  MONTH TO DATE    0.75                      1.95  -1.20     2.02
  SINCE DEC 1      5.24                      8.29  -3.05     9.11
  SINCE JAN 1      3.11                      5.00  -1.89     5.55

DEGREE DAYS
 HEATING
  YESTERDAY       14                        31    -17       24
  MONTH TO DATE  594                       736   -142      714
  SINCE DEC 1   2421                      2794   -373     2366
  SINCE JUL 1   3275                      3861   -586     3185

 COOLING
  YESTERDAY        0                         0      0        0
  MONTH TO DATE    0                         0      0        0
  SINCE DEC 1      0                         0      0        0
  SINCE JAN 1      0                         0      0        0
..................................................................


WIND (MPH)
  HIGHEST WIND SPEED     7   HIGHEST WIND DIRECTION     S (190)
  HIGHEST GUST SPEED    10   HIGHEST GUST DIRECTION     S (190)
  AVERAGE WIND SPEED     1.6


SKY COVER
  POSSIBLE SUNSHINE  MM
  AVERAGE SKY COVER 0.2


WEATHER CONDITIONS
 THE FOLLOWING WEATHER WAS RECORDED YESTERDAY.
  NO SIGNIFICANT WEATHER WAS OBSERVED.


RELATIVE HUMIDITY (PERCENT)
 HIGHEST    82           600 AM
 LOWEST     51           300 PM
 AVERAGE    67

..........................................................


THE READING PA CLIMATE NORMALS FOR TODAY
                         NORMAL    RECORD    YEAR
 MAXIMUM TEMPERATURE (F)   43        72      1932
                                             1922
 MINIMUM TEMPERATURE (F)   25         3      1972


SUNRISE AND SUNSET
FEBRUARY 23 2017......SUNRISE   646 AM EST   SUNSET   549 PM EST
FEBRUARY 24 2017......SUNRISE   645 AM EST   SUNSET   550 PM EST


-  INDICATES NEGATIVE NUMBERS.
R  INDICATES RECORD WAS SET OR TIED.
MM INDICATES DATA IS MISSING.
T  INDICATES TRACE AMOUNT.




$$
