000
CDUS41 KPHI 232129
CLIRDG


CLIMATE REPORT
NATIONAL WEATHER SERVICE MOUNT HOLLY NJ
527 PM EDT MON OCT 23 2017


...................................

...THE READING PA CLIMATE SUMMARY FOR OCTOBER 23 2017...
VALID TODAY AS OF 0500 PM LOCAL TIME.

CLIMATE NORMAL PERIOD 1981 TO 2010
CLIMATE RECORD PERIOD 1869 TO 2017


WEATHER ITEM   OBSERVED TIME   RECORD YEAR NORMAL DEPARTURE LAST
                VALUE   (LST)  VALUE       VALUE  FROM      YEAR
                                                  NORMAL
..................................................................
TEMPERATURE (F)
 TODAY
  MAXIMUM         74    148 PM  86    1947  62     12       65
  MINIMUM         50    214 AM  24    1976  41      9       45
  AVERAGE         62                        51     11       55

PRECIPITATION (IN)
  TODAY            T             2.03 1912   0.09  -0.09     0.00
  MONTH TO DATE    1.54                      2.61  -1.07     0.32
  SINCE SEP 1      5.16                      6.95  -1.79     4.97
  SINCE JAN 1     38.60                     35.91   2.69    29.48

DEGREE DAYS
 HEATING
  TODAY            3                        14    -11       10
  MONTH TO DATE   99                       241   -142      142
  SINCE SEP 1    155                       315   -160      174
  SINCE JUL 1    159                       320   -161      174

 COOLING
  TODAY            0                         0      0        0
  MONTH TO DATE   53                         5     48       22
  SINCE SEP 1    196                        89    107      213
  SINCE JAN 1   1085                       892    193     1355
..................................................................


WIND (MPH)
  HIGHEST WIND SPEED    15   HIGHEST WIND DIRECTION    SE (150)
  HIGHEST GUST SPEED    23   HIGHEST GUST DIRECTION    SE (150)
  AVERAGE WIND SPEED     4.9


SKY COVER
  POSSIBLE SUNSHINE  MM
  AVERAGE SKY COVER 0.7


WEATHER CONDITIONS
 THE FOLLOWING WEATHER WAS RECORDED TODAY.
  LIGHT RAIN
  FOG


RELATIVE HUMIDITY (PERCENT)
 HIGHEST   100          1200 AM
 LOWEST     68           400 PM
 AVERAGE    84

..........................................................


THE READING PA CLIMATE NORMALS FOR TOMORROW
                         NORMAL    RECORD    YEAR
 MAXIMUM TEMPERATURE (F)   62        81      2001
 MINIMUM TEMPERATURE (F)   41        20      1969


SUNRISE AND SUNSET
OCTOBER 23 2017.......SUNRISE   724 AM EDT   SUNSET   612 PM EDT
OCTOBER 24 2017.......SUNRISE   725 AM EDT   SUNSET   611 PM EDT


-  INDICATES NEGATIVE NUMBERS.
R  INDICATES RECORD WAS SET OR TIED.
MM INDICATES DATA IS MISSING.
T  INDICATES TRACE AMOUNT.




$$
