000
CDUS41 KPHI 210547
CLIRDG


CLIMATE REPORT
NATIONAL WEATHER SERVICE MOUNT HOLLY NJ
1246 AM EST SUN JAN 21 2018


...................................

...THE READING PA CLIMATE SUMMARY FOR JANUARY 20 2018...

CLIMATE NORMAL PERIOD 1981 TO 2010
CLIMATE RECORD PERIOD 1869 TO 2018


WEATHER ITEM   OBSERVED TIME   RECORD YEAR NORMAL DEPARTURE LAST
                VALUE   (LST)  VALUE       VALUE  FROM      YEAR
                                                  NORMAL
..................................................................
TEMPERATURE (F)
 YESTERDAY
  MAXIMUM         49    401 PM  68    1951  38     11       39
  MINIMUM         21    532 AM -11    1994  21      0       28
  AVERAGE         35                        29      6       34

PRECIPITATION (IN)
  YESTERDAY        0.00          1.06 1947   0.09  -0.09     0.22
  MONTH TO DATE    1.77                      2.10  -0.33     1.81
  SINCE DEC 1      3.29                      5.39  -2.10     3.94
  SINCE JAN 1      1.77                      2.10  -0.33     1.81

DEGREE DAYS
 HEATING
  YESTERDAY       30                        36     -6       31
  MONTH TO DATE  812                       705    107      632
  SINCE DEC 1   1834                      1669    165     1548
  SINCE JUL 1   2738                      2736      2     2402

 COOLING
  YESTERDAY        0                         0      0        0
  MONTH TO DATE    0                         0      0        0
  SINCE DEC 1      0                         0      0        0
  SINCE JAN 1      0                         0      0        0
..................................................................


WIND (MPH)
  HIGHEST WIND SPEED    18   HIGHEST WIND DIRECTION     W (290)
  HIGHEST GUST SPEED    24   HIGHEST GUST DIRECTION     W (270)
  AVERAGE WIND SPEED     2.8


SKY COVER
  POSSIBLE SUNSHINE  MM
  AVERAGE SKY COVER 0.0


WEATHER CONDITIONS
 THE FOLLOWING WEATHER WAS RECORDED YESTERDAY.
  NO SIGNIFICANT WEATHER WAS OBSERVED.


RELATIVE HUMIDITY (PERCENT)
 HIGHEST    92           700 AM
 LOWEST     49          1000 AM
 AVERAGE    71

..........................................................


THE READING PA CLIMATE NORMALS FOR TODAY
                         NORMAL    RECORD    YEAR
 MAXIMUM TEMPERATURE (F)   38        67      1959
 MINIMUM TEMPERATURE (F)   21       -20      1994


SUNRISE AND SUNSET
JANUARY 21 2018.......SUNRISE   722 AM EST   SUNSET   509 PM EST
JANUARY 22 2018.......SUNRISE   721 AM EST   SUNSET   510 PM EST


-  INDICATES NEGATIVE NUMBERS.
R  INDICATES RECORD WAS SET OR TIED.
MM INDICATES DATA IS MISSING.
T  INDICATES TRACE AMOUNT.




$$
