000
CDUS46 KPDT 250832
CLIRDM

CLIMATE REPORT
NATIONAL WEATHER SERVICE PENDLETON OR
131 AM PDT MON SEP 25 2017


...................................

...THE REDMOND OR CLIMATE SUMMARY FOR SEPTEMBER 24 2017...

CLIMATE NORMAL PERIOD 1981 TO 2010
CLIMATE RECORD PERIOD 1949 TO 2017


WEATHER ITEM   OBSERVED TIME   RECORD YEAR NORMAL DEPARTURE LAST
                VALUE   (LST)  VALUE       VALUE  FROM      YEAR
                                                  NORMAL
..................................................................
TEMPERATURE (F)
 YESTERDAY
  MAXIMUM         69    257 PM  94    2011  73     -4       72
  MINIMUM         29    537 AM  16    1961  36     -7       31
  AVERAGE         49                        55     -6       52

PRECIPITATION (IN)
  YESTERDAY        0.00          0.27 2014   0.01  -0.01     0.00
  MONTH TO DATE    0.43                      0.32   0.11     0.04
  SINCE OCT 1      9.22                      8.81   0.41     9.10
  SINCE JAN 1      5.47                      6.05  -0.58     5.53

DEGREE DAYS
 HEATING
  YESTERDAY       16                        11      5       13
  MONTH TO DATE  165                       181    -16      245
  SINCE SEP 1    165                       181    -16      245
  SINCE JUL 1    188                       330   -142      334

 COOLING
  YESTERDAY        0                         0      0        0
  MONTH TO DATE   56                        14     42        0
  SINCE SEP 1     56                        14     42        0
  SINCE JAN 1    434                       220    214      239
..................................................................


WIND (MPH)
  RESULTANT WIND SPEED   0   RESULTANT WIND DIRECTION  SE (120)
  HIGHEST WIND SPEED    13   HIGHEST WIND DIRECTION     N (350)
  HIGHEST GUST SPEED    16   HIGHEST GUST DIRECTION     N (350)
  AVERAGE WIND SPEED     4.5


SKY COVER
  POSSIBLE SUNSHINE  MM
  AVERAGE SKY COVER 0.0


WEATHER CONDITIONS
 THE FOLLOWING WEATHER WAS RECORDED YESTERDAY.
  NO SIGNIFICANT WEATHER WAS OBSERVED.


RELATIVE HUMIDITY (PERCENT)
 HIGHEST    85           600 AM
 LOWEST     21           400 PM
 AVERAGE    53

..........................................................


THE REDMOND OR CLIMATE NORMALS FOR TODAY
                         NORMAL    RECORD    YEAR
 MAXIMUM TEMPERATURE (F)   73        95      1952
 MINIMUM TEMPERATURE (F)   36        21      2005
                                             1970


SUNRISE AND SUNSET
SEPTEMBER 25 2017.....SUNRISE   656 AM PDT   SUNSET   656 PM PDT
SEPTEMBER 26 2017.....SUNRISE   657 AM PDT   SUNSET   654 PM PDT


-  INDICATES NEGATIVE NUMBERS.
R  INDICATES RECORD WAS SET OR TIED.
MM INDICATES DATA IS MISSING.
T  INDICATES TRACE AMOUNT.

$$
