000
CDUS46 KPDT 200826 RRA
CLIRDM

CLIMATE REPORT NATIONAL WEATHER SERVICE PENDLETON OR

125 AM PDT THU JUL 20 2017


...................................

...THE REDMOND OR CLIMATE SUMMARY FOR JULY 19 2017...

CLIMATE NORMAL PERIOD 1981 TO 2010
CLIMATE RECORD PERIOD 1949 TO 2017


WEATHER ITEM   OBSERVED TIME   RECORD YEAR NORMAL DEPARTURE LAST
                VALUE   (LST)  VALUE       VALUE  FROM      YEAR
                                                  NORMAL
..................................................................
TEMPERATURE (F)
 YESTERDAY
  MAXIMUM         88    349 PM 101    1979  87      1       79
  MINIMUM         46    421 AM  34    1964  47     -1       49
  AVERAGE         67                        67      0       64

PRECIPITATION (IN)
  YESTERDAY        0.00          0.36 2011   0.02  -0.02     0.09
  MONTH TO DATE    0.00                      0.35  -0.35     0.64
  SINCE OCT 1      8.50                      7.79   0.71     9.04
  SINCE JAN 1      4.75                      5.03  -0.28     5.47

DEGREE DAYS
 HEATING
  YESTERDAY        0                         2     -2        1
  MONTH TO DATE    4                        53    -49       48
  SINCE JUN 1    169                       270   -101      225
  SINCE JUL 1      4                        53    -49       48

 COOLING
  YESTERDAY        2                         4     -2        0
  MONTH TO DATE   98                        52     46       11
  SINCE JUN 1    139                        76     63       75
  SINCE JAN 1    149                        81     68       78
..................................................................


WIND (MPH)
  RESULTANT WIND SPEED   4   RESULTANT WIND DIRECTION  NW (310)
  HIGHEST WIND SPEED    21   HIGHEST WIND DIRECTION    NW (300)
  HIGHEST GUST SPEED    28   HIGHEST GUST DIRECTION    NW (320)
  AVERAGE WIND SPEED     6.6


SKY COVER
  POSSIBLE SUNSHINE  MM
  AVERAGE SKY COVER 0.0


WEATHER CONDITIONS
 THE FOLLOWING WEATHER WAS RECORDED YESTERDAY.
  NO SIGNIFICANT WEATHER WAS OBSERVED.


RELATIVE HUMIDITY (PERCENT)
 HIGHEST    71           400 AM
 LOWEST     15           300 PM
 AVERAGE    43

..........................................................


THE REDMOND OR CLIMATE NORMALS FOR TODAY
                         NORMAL    RECORD    YEAR
 MAXIMUM TEMPERATURE (F)   87       102      1959
 MINIMUM TEMPERATURE (F)   47        35      1966


SUNRISE AND SUNSET
JULY 20 2017..........SUNRISE   540 AM PDT   SUNSET   842 PM PDT
JULY 21 2017..........SUNRISE   541 AM PDT   SUNSET   841 PM PDT


-  INDICATES NEGATIVE NUMBERS.
R  INDICATES RECORD WAS SET OR TIED.
MM INDICATES DATA IS MISSING.
T  INDICATES TRACE AMOUNT.




$$
