000
CDUS46 KPDT 280828 RRA
CLIRDM

CLIMATE REPORT
NATIONAL WEATHER SERVICE PENDLETON OR
127 AM PDT THU MAY 28 2015


...................................

...THE REDMOND OR CLIMATE SUMMARY FOR MAY 27 2015...

CLIMATE NORMAL PERIOD 1981 TO 2010
CLIMATE RECORD PERIOD 1949 TO 2015


WEATHER ITEM   OBSERVED TIME   RECORD YEAR NORMAL DEPARTURE LAST
                VALUE   (LST)  VALUE       VALUE  FROM      YEAR
                                                  NORMAL
..................................................................
TEMPERATURE (F)
 YESTERDAY
  MAXIMUM         75    436 PM  94    1983  71      4       66
  MINIMUM         40    444 AM  25    1954  38      2       34
  AVERAGE         58                        54      4       50

PRECIPITATION (IN)
  YESTERDAY        0.00          0.63 1993   0.04  -0.04     0.00
  MONTH TO DATE    2.39                      0.88   1.51     0.36
  SINCE OCT 1      8.20                      6.65   1.55     4.16
  SINCE JAN 1      3.92                      3.89   0.03     3.45

DEGREE DAYS
 HEATING
  YESTERDAY        7                        11     -4       15
  MONTH TO DATE  358                       384    -26      320
  SINCE MAR 1   1636                      1782   -146     1622
  SINCE JUL 1   5669                      6455   -786     6415

 COOLING
  YESTERDAY        0                         0      0        0
  MONTH TO DATE    0                         0      0        0
  SINCE MAR 1      0                         0      0        0
  SINCE JAN 1      0                         0      0        0
..................................................................


WIND (MPH)
  RESULTANT WIND SPEED   3   RESULTANT WIND DIRECTION   N (0)
  HIGHEST WIND SPEED    15   HIGHEST WIND DIRECTION    NW (330)
  HIGHEST GUST SPEED    21   HIGHEST GUST DIRECTION    NW (310)
  AVERAGE WIND SPEED     5.3


SKY COVER
  POSSIBLE SUNSHINE  MM
  AVERAGE SKY COVER 0.1


WEATHER CONDITIONS
 THE FOLLOWING WEATHER WAS RECORDED YESTERDAY.
  NO SIGNIFICANT WEATHER WAS OBSERVED.


RELATIVE HUMIDITY (PERCENT)
 HIGHEST    93           500 AM
 LOWEST     25           200 PM
 AVERAGE    59

..........................................................


THE REDMOND OR CLIMATE NORMALS FOR TODAY
                         NORMAL    RECORD    YEAR
 MAXIMUM TEMPERATURE (F)   71        94      1983
 MINIMUM TEMPERATURE (F)   38        26      2007
                                             1989


SUNRISE AND SUNSET
MAY 28 2015...........SUNRISE   526 AM PDT   SUNSET   838 PM PDT
MAY 29 2015...........SUNRISE   526 AM PDT   SUNSET   839 PM PDT


-  INDICATES NEGATIVE NUMBERS.
R  INDICATES RECORD WAS SET OR TIED.
MM INDICATES DATA IS MISSING.
T  INDICATES TRACE AMOUNT.




$$
