000
CDUS46 KPDT 190826
CLIRDM

CLIMATE REPORT
NATIONAL WEATHER SERVICE PENDLETON OR
1225 AM PST FRI DEC 19 2014


...................................

...THE REDMOND OR CLIMATE SUMMARY FOR DECEMBER 18 2014...

CLIMATE NORMAL PERIOD 1981 TO 2010
CLIMATE RECORD PERIOD 1949 TO 2014


WEATHER ITEM   OBSERVED TIME   RECORD YEAR NORMAL DEPARTURE LAST
                VALUE   (LST)  VALUE       VALUE  FROM      YEAR
                                                  NORMAL
..................................................................
TEMPERATURE (F)
 YESTERDAY
  MAXIMUM         49    124 PM  59    2004  40      9       42
  MINIMUM         31    810 AM  -6    1984  20     11       31
  AVERAGE         40                        30     10       37

PRECIPITATION (IN)
  YESTERDAY        T             0.51 2010   0.04  -0.04     0.04
  MONTH TO DATE    0.61                      0.70  -0.09     0.34
  SINCE OCT 1      3.31                      2.30   1.01     0.68
  SINCE JAN 1      8.73                      8.44   0.29     4.77

DEGREE DAYS
 HEATING
  YESTERDAY       25                        35    -10       28
  MONTH TO DATE  488                       616   -128      736
  SINCE DEC 1    488                       616   -128      736
  SINCE JUL 1   2075                      2390   -315     2522

 COOLING
  YESTERDAY        0                         0      0        0
  MONTH TO DATE    0                         0      0        0
  SINCE DEC 1      0                         0      0        0
  SINCE JAN 1    311                       222     89      350
..................................................................


WIND (MPH)
  RESULTANT WIND SPEED   6   RESULTANT WIND DIRECTION  SE (150)
  HIGHEST WIND SPEED    14   HIGHEST WIND DIRECTION    SE (150)
  HIGHEST GUST SPEED    21   HIGHEST GUST DIRECTION     S (180)
  AVERAGE WIND SPEED     6.6


SKY COVER
  POSSIBLE SUNSHINE  MM
  AVERAGE SKY COVER 0.6


WEATHER CONDITIONS
THE FOLLOWING WEATHER WAS RECORDED YESTERDAY.
  NO SIGNIFICANT WEATHER WAS OBSERVED.


RELATIVE HUMIDITY (PERCENT)
 HIGHEST   100           700 AM
 LOWEST     61           100 PM
 AVERAGE    81

..........................................................


THE REDMOND OR CLIMATE NORMALS FOR TODAY
                         NORMAL    RECORD    YEAR
 MAXIMUM TEMPERATURE (F)   40        58      1959
 MINIMUM TEMPERATURE (F)   20        -8      1984


SUNRISE AND SUNSET
DECEMBER 19 2014......SUNRISE   736 AM PST   SUNSET   428 PM PST
DECEMBER 20 2014......SUNRISE   737 AM PST   SUNSET   428 PM PST


-  INDICATES NEGATIVE NUMBERS.
R  INDICATES RECORD WAS SET OR TIED.
MM INDICATES DATA IS MISSING.
T  INDICATES TRACE AMOUNT.




$$
