000
CDUS46 KPDT 300826
CLIRDM

CLIMATE REPORT
NATIONAL WEATHER SERVICE PENDLETON OR
126 AM PDT MON MAR 30 2015


...................................

...THE REDMOND OR CLIMATE SUMMARY FOR MARCH 29 2015...

CLIMATE NORMAL PERIOD 1981 TO 2010
CLIMATE RECORD PERIOD 1949 TO 2015


WEATHER ITEM   OBSERVED TIME   RECORD YEAR NORMAL DEPARTURE LAST
                VALUE   (LST)  VALUE       VALUE  FROM      YEAR
                                                  NORMAL
..................................................................
TEMPERATURE (F)
 YESTERDAY
  MAXIMUM         69    351 PM  80    1966  57     12       56
  MINIMUM         28    558 AM  14    1950  27      1       30
  AVERAGE         49                        42      7       43

PRECIPITATION (IN)
  YESTERDAY        0.00          0.39 1974   0.02  -0.02      T
  MONTH TO DATE    0.40                      0.61  -0.21     0.58
  SINCE OCT 1      5.66                      4.99   0.67     3.20
  SINCE JAN 1      1.38                      2.23  -0.85     2.49

DEGREE DAYS
 HEATING
  YESTERDAY       16                        23     -7       22
  MONTH TO DATE  583                       731   -148      663
  SINCE MAR 1    583                       731   -148      663
  SINCE JUL 1   4616                      5404   -788     5456

 COOLING
  YESTERDAY        0                         0      0        0
  MONTH TO DATE    0                         0      0        0
  SINCE MAR 1      0                         0      0        0
  SINCE JAN 1      0                         0      0        0
..................................................................


WIND (MPH)
  RESULTANT WIND SPEED   0   RESULTANT WIND DIRECTION   E (80)
  HIGHEST WIND SPEED    17   HIGHEST WIND DIRECTION     N (340)
  HIGHEST GUST SPEED    21   HIGHEST GUST DIRECTION    NW (330)
  AVERAGE WIND SPEED     5.7


SKY COVER
  POSSIBLE SUNSHINE  MM
  AVERAGE SKY COVER 0.0


WEATHER CONDITIONS
 THE FOLLOWING WEATHER WAS RECORDED YESTERDAY.
  NO SIGNIFICANT WEATHER WAS OBSERVED.


RELATIVE HUMIDITY (PERCENT)
 HIGHEST    85           600 AM
 LOWEST     22           100 PM
 AVERAGE    54

..........................................................


THE REDMOND OR CLIMATE NORMALS FOR TODAY
                         NORMAL    RECORD    YEAR
 MAXIMUM TEMPERATURE (F)   57        76      1964
 MINIMUM TEMPERATURE (F)   27        10      1954


SUNRISE AND SUNSET
MARCH 30 2015.........SUNRISE   650 AM PDT   SUNSET   729 PM PDT
MARCH 31 2015.........SUNRISE   648 AM PDT   SUNSET   730 PM PDT


-  INDICATES NEGATIVE NUMBERS.
R  INDICATES RECORD WAS SET OR TIED.
MM INDICATES DATA IS MISSING.
T  INDICATES TRACE AMOUNT.




$$
