000
CDUS46 KPDT 120923 RRA
CLIRDM

CLIMATE REPORT
NATIONAL WEATHER SERVICE PENDLETON OR
123 AM PST FRI FEB 12 2016


...................................

...THE REDMOND OR CLIMATE SUMMARY FOR FEBRUARY 11 2016...

CLIMATE NORMAL PERIOD 1981 TO 2010
CLIMATE RECORD PERIOD 1949 TO 2016


WEATHER ITEM   OBSERVED TIME   RECORD YEAR NORMAL DEPARTURE LAST
                VALUE   (LST)  VALUE       VALUE  FROM      YEAR
                                                  NORMAL
..................................................................
TEMPERATURE (F)
 YESTERDAY
  MAXIMUM         56    304 PM  67    1988  46     10       60
  MINIMUM         37    744 AM  13    2006  24     13       29
  AVERAGE         47                        35     12       45

PRECIPITATION (IN)
  YESTERDAY        T             0.41 1958   0.03  -0.03     0.00
  MONTH TO DATE    T                         0.28  -0.28     0.54
  SINCE OCT 1      4.79                      4.01   0.78     5.10
  SINCE JAN 1      1.22                      1.25  -0.03     0.82

DEGREE DAYS
 HEATING
  YESTERDAY       18                        30    -12       20
  MONTH TO DATE  270                       337    -67      224
  SINCE DEC 1   1997                      2403   -406     1993
  SINCE JUL 1   3715                      4177   -462     3580

 COOLING
  YESTERDAY        0                         0      0        0
  MONTH TO DATE    0                         0      0        0
  SINCE DEC 1      0                         0      0        0
  SINCE JAN 1      0                         0      0        0
..................................................................


WIND (MPH)
  RESULTANT WIND SPEED   2   RESULTANT WIND DIRECTION  NW (310)
  HIGHEST WIND SPEED    13   HIGHEST WIND DIRECTION    NW (330)
  HIGHEST GUST SPEED    15   HIGHEST GUST DIRECTION    NW (320)
  AVERAGE WIND SPEED     2.8


SKY COVER
  POSSIBLE SUNSHINE  MM
  AVERAGE SKY COVER 0.5


WEATHER CONDITIONS
 THE FOLLOWING WEATHER WAS RECORDED YESTERDAY.
  LIGHT RAIN
  FOG


RELATIVE HUMIDITY (PERCENT)
 HIGHEST   100          1100 PM
 LOWEST     54           100 PM
 AVERAGE    77

..........................................................


THE REDMOND OR CLIMATE NORMALS FOR TODAY
                         NORMAL    RECORD    YEAR
 MAXIMUM TEMPERATURE (F)   46        65      2011
                                             1971
 MINIMUM TEMPERATURE (F)   24        11      1959


SUNRISE AND SUNSET
FEBRUARY 12 2016......SUNRISE   709 AM PST   SUNSET   529 PM PST
FEBRUARY 13 2016......SUNRISE   708 AM PST   SUNSET   531 PM PST


-  INDICATES NEGATIVE NUMBERS.
R  INDICATES RECORD WAS SET OR TIED.
MM INDICATES DATA IS MISSING.
T  INDICATES TRACE AMOUNT.




$$
