000
CDUS42 KRAH 280805
CLIRDU


CLIMATE REPORT
NATIONAL WEATHER SERVICE RALEIGH NC
404 AM EDT SUN AUG 28 2016


...................................

...THE RALEIGH-DURHAM INTL AIRPORT NC CLIMATE SUMMARY FOR AUGUST 27 2016...

CLIMATE NORMAL PERIOD 1981 TO 2010
CLIMATE RECORD PERIOD 1887 TO 2016


WEATHER ITEM   OBSERVED TIME   RECORD YEAR NORMAL DEPARTURE LAST
                VALUE   (LST)  VALUE       VALUE  FROM      YEAR
                                                  NORMAL
..................................................................
TEMPERATURE (F)
 YESTERDAY
  MAXIMUM         98R   114 PM  97    1948  87     11       84
  MINIMUM         75    857 PM  53    1945  67      8       65
  AVERAGE         87                        77     10       75

PRECIPITATION (IN)
  YESTERDAY        0.18          4.16 1887   0.15   0.03     0.00
  MONTH TO DATE    3.01                      3.70  -0.69     3.07
  SINCE JUN 1     17.14                     11.95   5.19    14.43
  SINCE JAN 1     36.75                     28.98   7.77    32.27

DEGREE DAYS
 HEATING
  YESTERDAY        0                         0      0        0
  MONTH TO DATE    0                         0      0        0
  SINCE JUN 1      0                         4     -4        0
  SINCE JUL 1      0                         0      0        0

 COOLING
  YESTERDAY       22                        12     10       10
  MONTH TO DATE  474                       372    102      375
  SINCE JUN 1   1368                      1185    183     1284
  SINCE JAN 1   1604                      1394    210     1554
..................................................................


WIND (MPH)
  HIGHEST WIND SPEED    20   HIGHEST WIND DIRECTION    SE (120)
  HIGHEST GUST SPEED    26   HIGHEST GUST DIRECTION    SE (120)
  AVERAGE WIND SPEED     5.0


SKY COVER
  POSSIBLE SUNSHINE  MM
  AVERAGE SKY COVER 0.5


WEATHER CONDITIONS
 THE FOLLOWING WEATHER WAS RECORDED YESTERDAY.
  THUNDERSTORM
  LIGHT RAIN
  FOG


RELATIVE HUMIDITY (PERCENT)
 HIGHEST    94           400 AM
 LOWEST     42           100 PM
 AVERAGE    68

..........................................................


THE RALEIGH-DURHAM INTL AIRPORT NC CLIMATE NORMALS FOR TODAY
                         NORMAL    RECORD    YEAR
 MAXIMUM TEMPERATURE (F)   87       100      1948
 MINIMUM TEMPERATURE (F)   67        52      1986
                                             1969


SUNRISE AND SUNSET
AUGUST 28 2016........SUNRISE   644 AM EDT   SUNSET   747 PM EDT
AUGUST 29 2016........SUNRISE   645 AM EDT   SUNSET   746 PM EDT


-  INDICATES NEGATIVE NUMBERS.
R  INDICATES RECORD WAS SET OR TIED.
MM INDICATES DATA IS MISSING.
T  INDICATES TRACE AMOUNT.

&&

CLIMATE REPORT
NWS FORECAST OFFICE
NCSU CENTENNIAL CAMPUS
RALEIGH NC

MAXIMUM TEMPERATURE... 92

MINIMUM TEMPERATURE... 75

PRECIPITATION... 0.12

$$
