481
CDUS42 KRAH 250601
CLIRDU


CLIMATE REPORT
NATIONAL WEATHER SERVICE RALEIGH NC
200 AM EDT MON SEP 25 2017


...................................

...THE RALEIGH-DURHAM INTL AIRPORT NC CLIMATE SUMMARY FOR SEPTEMBER 24 2017...

CLIMATE NORMAL PERIOD 1981 TO 2010
CLIMATE RECORD PERIOD 1887 TO 2017


WEATHER ITEM   OBSERVED TIME   RECORD YEAR NORMAL DEPARTURE LAST
                VALUE   (LST)  VALUE       VALUE  FROM      YEAR
                                                  NORMAL
..................................................................
TEMPERATURE (F)
 YESTERDAY
  MAXIMUM         87    229 PM  96    2010  79      8       92
  MINIMUM         63    506 AM  39    1963  59      4       64
  AVERAGE         75                        69      6       78

PRECIPITATION (IN)
  YESTERDAY        0.00          3.18 2014   0.13  -0.13     0.00
  MONTH TO DATE    2.28                      3.60  -1.32     3.68
  SINCE SEP 1      2.28                      3.60  -1.32     3.68
  SINCE JAN 1     37.68                     33.14   4.54    40.43

DEGREE DAYS
 HEATING
  YESTERDAY        0                         1     -1        0
  MONTH TO DATE    7                         8     -1        0
  SINCE SEP 1      7                         8     -1        0
  SINCE JUL 1      7                         9     -2        0

 COOLING
  YESTERDAY       10                         5      5       13
  MONTH TO DATE  170                       200    -30      297
  SINCE SEP 1    170                       200    -30      297
  SINCE JAN 1   1802                      1641    161     1965
..................................................................


WIND (MPH)
  HIGHEST WIND SPEED    16   HIGHEST WIND DIRECTION    NE (40)
  HIGHEST GUST SPEED    20   HIGHEST GUST DIRECTION     E (80)
  AVERAGE WIND SPEED     5.5


SKY COVER
  POSSIBLE SUNSHINE  MM
  AVERAGE SKY COVER 0.8


WEATHER CONDITIONS
 THE FOLLOWING WEATHER WAS RECORDED YESTERDAY.
  NO SIGNIFICANT WEATHER WAS OBSERVED.


RELATIVE HUMIDITY (PERCENT)
 HIGHEST   100           400 AM
 LOWEST     37           300 PM
 AVERAGE    69

..........................................................


THE RALEIGH-DURHAM INTL AIRPORT NC CLIMATE NORMALS FOR TODAY
                         NORMAL    RECORD    YEAR
 MAXIMUM TEMPERATURE (F)   79        98      2010
 MINIMUM TEMPERATURE (F)   58        39      1950


SUNRISE AND SUNSET
SEPTEMBER 25 2017.....SUNRISE   706 AM EDT   SUNSET   707 PM EDT
SEPTEMBER 26 2017.....SUNRISE   706 AM EDT   SUNSET   706 PM EDT


-  INDICATES NEGATIVE NUMBERS.
R  INDICATES RECORD WAS SET OR TIED.
MM INDICATES DATA IS MISSING.
T  INDICATES TRACE AMOUNT.

&&

CLIMATE REPORT
NWS FORECAST OFFICE
NCSU CENTENNIAL CAMPUS
RALEIGH NC

MAXIMUM TEMPERATURE... 86

MINIMUM TEMPERATURE... 65

PRECIPITATION... 0.00

$$
