000
CDUS42 KRAH 242049
CLIRDU


CLIMATE REPORT
NATIONAL WEATHER SERVICE RALEIGH NC
447 PM EDT SAT SEP 24 2016


...................................

...THE RALEIGH-DURHAM INTL AIRPORT NC CLIMATE SUMMARY FOR SEPTEMBER 24 2016...
VALID TODAY AS OF 0447 PM LOCAL TIME.

CLIMATE NORMAL PERIOD 1981 TO 2010
CLIMATE RECORD PERIOD 1887 TO 2016


WEATHER ITEM   OBSERVED TIME   RECORD YEAR NORMAL DEPARTURE LAST
                VALUE   (LST)  VALUE       VALUE  FROM      YEAR
                                                  NORMAL
..................................................................
TEMPERATURE (F)
 TODAY
  MAXIMUM         92    243 PM  96    2010  79     13       76
  MINIMUM         64    513 AM  39    1963  59      5       60
  AVERAGE         78                        69      9       68

PRECIPITATION (IN)
  TODAY            0.00          3.18 2014   0.13  -0.13     0.20
  MONTH TO DATE    3.68                      3.60   0.08     1.10
  SINCE SEP 1      3.68                      3.60   0.08     1.10
  SINCE JAN 1     40.43                     33.14   7.29    35.12

DEGREE DAYS
 HEATING
  TODAY            0                         1     -1        0
  MONTH TO DATE    0                         8     -8        2
  SINCE SEP 1      0                         8     -8        2
  SINCE JUL 1      0                         9     -9        2

 COOLING
  TODAY           13                         5      8        3
  MONTH TO DATE  297                       200     97      220
  SINCE SEP 1    297                       200     97      220
  SINCE JAN 1   1965                      1641    324     1808
..................................................................


WIND (MPH)
  HIGHEST WIND SPEED     8   HIGHEST WIND DIRECTION     W (260)
  HIGHEST GUST SPEED    10   HIGHEST GUST DIRECTION     W (290)
  AVERAGE WIND SPEED     0.9


SKY COVER
  POSSIBLE SUNSHINE  MM
  AVERAGE SKY COVER 0.1


WEATHER CONDITIONS
 THE FOLLOWING WEATHER WAS RECORDED TODAY.
  FOG


RELATIVE HUMIDITY (PERCENT)
 HIGHEST   100           200 AM
 LOWEST     38           200 PM
 AVERAGE    69

..........................................................


THE RALEIGH-DURHAM INTL AIRPORT NC CLIMATE NORMALS FOR TOMORROW
                         NORMAL    RECORD    YEAR
 MAXIMUM TEMPERATURE (F)   79        98      2010
 MINIMUM TEMPERATURE (F)   58        39      1950


SUNRISE AND SUNSET
SEPTEMBER 24 2016.....SUNRISE   705 AM EDT   SUNSET   708 PM EDT
SEPTEMBER 25 2016.....SUNRISE   706 AM EDT   SUNSET   707 PM EDT


-  INDICATES NEGATIVE NUMBERS.
R  INDICATES RECORD WAS SET OR TIED.
MM INDICATES DATA IS MISSING.
T  INDICATES TRACE AMOUNT.

&&

CLIMATE REPORT
NWS FORECAST OFFICE
NCSU CENTENNIAL CAMPUS
RALEIGH NC

MAXIMUM TEMPERATURE... 91

MINIMUM TEMPERATURE... 66

PRECIPITATION... 0.00

$$
