000
CDUS42 KRAH 030746
CLIRDU


CLIMATE REPORT
NATIONAL WEATHER SERVICE RALEIGH NC
343 AM EDT THU SEP 3 2015


...................................

...THE RALEIGH-DURHAM INTL AIRPORT NC CLIMATE SUMMARY FOR SEPTEMBER 2 2015...

CLIMATE NORMAL PERIOD 1981 TO 2010
CLIMATE RECORD PERIOD 1887 TO 2015


WEATHER ITEM   OBSERVED TIME   RECORD YEAR NORMAL DEPARTURE LAST
                VALUE   (LST)  VALUE       VALUE  FROM      YEAR
                                                  NORMAL
..................................................................
TEMPERATURE (F)
 YESTERDAY
  MAXIMUM         94    227 PM  99    1912  86      8       96
  MINIMUM         68    431 AM  50    1948  66      2       71
  AVERAGE         81                        76      5       84

PRECIPITATION (IN)
  YESTERDAY        0.10          2.21 1969   0.17  -0.07     0.00
  MONTH TO DATE    0.10                      0.32  -0.22     0.00
  SINCE SEP 1      0.10                      0.32  -0.22     0.00
  SINCE JAN 1     34.12                     29.86   4.26    38.41

DEGREE DAYS
 HEATING
  YESTERDAY        0                         0      0        0
  MONTH TO DATE    0                         0      0        0
  SINCE SEP 1      0                         0      0        0
  SINCE JUL 1      0                         1     -1        0

 COOLING
  YESTERDAY       16                        11      5       19
  MONTH TO DATE   30                        22      8       37
  SINCE SEP 1     30                        22      8       37
  SINCE JAN 1   1618                      1463    155     1395
..................................................................


WIND (MPH)
  HIGHEST WIND SPEED    18   HIGHEST WIND DIRECTION    NE (50)
  HIGHEST GUST SPEED    24   HIGHEST GUST DIRECTION    NE (30)
  AVERAGE WIND SPEED     3.3


SKY COVER
  POSSIBLE SUNSHINE  MM
  AVERAGE SKY COVER 0.6


WEATHER CONDITIONS
 THE FOLLOWING WEATHER WAS RECORDED YESTERDAY.
  THUNDERSTORM
  FOG


RELATIVE HUMIDITY (PERCENT)
 HIGHEST    97           100 AM
 LOWEST     47           400 PM
 AVERAGE    72

..........................................................


THE RALEIGH-DURHAM INTL AIRPORT NC CLIMATE NORMALS FOR TODAY
                         NORMAL    RECORD    YEAR
 MAXIMUM TEMPERATURE (F)   86        99      2010
 MINIMUM TEMPERATURE (F)   66        50      1958


SUNRISE AND SUNSET
SEPTEMBER  3 2015.....SUNRISE   648 AM EDT   SUNSET   740 PM EDT
SEPTEMBER  4 2015.....SUNRISE   649 AM EDT   SUNSET   739 PM EDT


-  INDICATES NEGATIVE NUMBERS.
R  INDICATES RECORD WAS SET OR TIED.
MM INDICATES DATA IS MISSING.
T  INDICATES TRACE AMOUNT.

&&

CLIMATE REPORT NWS FORECAST OFFICE
NCSU CENTENNIAL CAMPUS
RALEIGH, NC

MAXIMUM TEMPERATURE...93

MINIMUM TEMPERATURE...69

PRECIPITATION...0.48

$$
