000
CDUS42 KRAH 250741
CLIRDU

CLIMATE REPORT
NATIONAL WEATHER SERVICE RALEIGH NC
338 AM EDT THU MAY 25 2017
...................................

...THE RALEIGH-DURHAM INTL AIRPORT NC CLIMATE SUMMARY FOR MAY 24 2017...

CLIMATE NORMAL PERIOD 1981 TO 2010
CLIMATE RECORD PERIOD 1887 TO 2017


WEATHER ITEM   OBSERVED TIME   RECORD YEAR NORMAL DEPARTURE LAST
                VALUE   (LST)  VALUE       VALUE  FROM      YEAR
                                                  NORMAL
..................................................................
TEMPERATURE (F)
 YESTERDAY
  MAXIMUM         74    312 PM  95    1944  82     -8       83
                                      1903
  MINIMUM         65    609 AM  42    1931  59      6       50
  AVERAGE         70                        70      0       67

PRECIPITATION (IN)
  YESTERDAY        0.29          1.62 1939   0.11   0.18     0.00
  MONTH TO DATE    4.60                      2.43   2.17     3.73
  SINCE MAR 1     16.39                      9.46   6.93    10.75
  SINCE JAN 1     20.82                     16.19   4.63    17.16

DEGREE DAYS
 HEATING
  YESTERDAY        0                         1     -1        0
  MONTH TO DATE   45                        48     -3       52
  SINCE MAR 1    533                       665   -132      466
  SINCE JUL 1   2506                      3237   -731     2609

 COOLING
  YESTERDAY        5                         6     -1        2
  MONTH TO DATE  124                        99     25       71
  SINCE MAR 1    268                       159    109      166
  SINCE JAN 1    276                       160    116      166
..................................................................


WIND (MPH)
  HIGHEST WIND SPEED    16   HIGHEST WIND DIRECTION     S (160)
  HIGHEST GUST SPEED    21   HIGHEST GUST DIRECTION     S (160)
  AVERAGE WIND SPEED     5.8


SKY COVER
  POSSIBLE SUNSHINE  MM
  AVERAGE SKY COVER 1.0


WEATHER CONDITIONS
 THE FOLLOWING WEATHER WAS RECORDED YESTERDAY.
  THUNDERSTORM
  HEAVY RAIN
  RAIN
  LIGHT RAIN
  FOG


RELATIVE HUMIDITY (PERCENT)
 HIGHEST   100          1200 AM
 LOWEST     79           100 PM
 AVERAGE    90

..........................................................


THE RALEIGH-DURHAM INTL AIRPORT NC CLIMATE NORMALS FOR TODAY
                         NORMAL    RECORD    YEAR
 MAXIMUM TEMPERATURE (F)   82        93      2011
                                             2004
                                             1936
 MINIMUM TEMPERATURE (F)   59        41      2013


SUNRISE AND SUNSET
MAY 25 2017...........SUNRISE   603 AM EDT   SUNSET   822 PM EDT
MAY 26 2017...........SUNRISE   602 AM EDT   SUNSET   822 PM EDT


-  INDICATES NEGATIVE NUMBERS.
R  INDICATES RECORD WAS SET OR TIED.
MM INDICATES DATA IS MISSING.
T  INDICATES TRACE AMOUNT.


&&

CLIMATE REPORT
NWS FORECAST OFFICE
NCSU CENTENNIAL CAMPUS
RALEIGH NC

MAXIMUM TEMPERATURE...73

MINIMUM TEMPERATURE...64

PRECIPITATION...1.12 in.


$$
