000
CDUS42 KRAH 060751
CLIRDU


CLIMATE REPORT
NATIONAL WEATHER SERVICE RALEIGH NC
349 AM EDT FRI MAY 6 2016


...................................

...THE RALEIGH-DURHAM INTL AIRPORT NC CLIMATE SUMMARY FOR MAY 5 2016...

CLIMATE NORMAL PERIOD 1981 TO 2010
CLIMATE RECORD PERIOD 1887 TO 2016


WEATHER ITEM   OBSERVED TIME   RECORD YEAR NORMAL DEPARTURE LAST
                VALUE   (LST)  VALUE       VALUE  FROM      YEAR
                                                  NORMAL
..................................................................
TEMPERATURE (F)
 YESTERDAY
  MAXIMUM         61    818 AM  92    1955  77    -16       82
  MINIMUM         49   1158 PM  35    1973  53     -4       56
  AVERAGE         55                        65    -10       69

PRECIPITATION (IN)
  YESTERDAY        0.68          1.58 2012   0.10   0.58     0.00
  MONTH TO DATE    1.39                      0.45   0.94     0.58
  SINCE MAR 1      8.41                      7.48   0.93     9.12
  SINCE JAN 1     14.82                     14.21   0.61    15.38

SNOWFALL (IN)
  YESTERDAY        0.0           0.0    MM   0.0    0.0      0.0
  MONTH TO DATE    T                         0.0    0.0      0.0
  SINCE MAR 1      T                         0.6   -0.6      0.0
  SINCE JUL 1      1.4                       6.1   -4.7      7.9
  SNOW DEPTH       0

DEGREE DAYS
 HEATING
  YESTERDAY       10                         3      7        0
  MONTH TO DATE   10                        16     -6       16
  SINCE MAR 1    424                       633   -209      583
  SINCE JUL 1   2567                      3205   -638     3480

 COOLING
  YESTERDAY        0                         3     -3        4
  MONTH TO DATE   21                        15      6        7
  SINCE MAR 1    116                        75     41       63
  SINCE JAN 1    116                        76     40       63
..................................................................


WIND (MPH)
  HIGHEST WIND SPEED    12   HIGHEST WIND DIRECTION     N (340)
  HIGHEST GUST SPEED    22   HIGHEST GUST DIRECTION     N (340)
  AVERAGE WIND SPEED     4.6


SKY COVER
  POSSIBLE SUNSHINE  MM
  AVERAGE SKY COVER 0.8


WEATHER CONDITIONS
 THE FOLLOWING WEATHER WAS RECORDED YESTERDAY.
  THUNDERSTORM
  RAIN
  LIGHT RAIN
  FOG
  FOG W/VISIBILITY <= 1/4 MILE


RELATIVE HUMIDITY (PERCENT)
 HIGHEST   100          1100 PM
 LOWEST     83          1100 AM
 AVERAGE    92

..........................................................


THE RALEIGH-DURHAM INTL AIRPORT NC CLIMATE NORMALS FOR TODAY
                         NORMAL    RECORD    YEAR
 MAXIMUM TEMPERATURE (F)   77        95      1950
 MINIMUM TEMPERATURE (F)   53        34      1973


SUNRISE AND SUNSET
MAY  6 2016...........SUNRISE   617 AM EDT   SUNSET   807 PM EDT
MAY  7 2016...........SUNRISE   616 AM EDT   SUNSET   808 PM EDT


-  INDICATES NEGATIVE NUMBERS.
R  INDICATES RECORD WAS SET OR TIED.
MM INDICATES DATA IS MISSING.
T  INDICATES TRACE AMOUNT.

&&

CLIMATE REPORT
NWS FORECAST OFFICE
NCSU CENTENNIAL CAMPUS
RALEIGH NC

MAXIMUM TEMPERATURE...61

MINIMUM TEMPERATURE...48

PRECIPITATION...1.29

$$
