000
CDUS42 KRAH 310731
CLIRDU


CLIMATE REPORT
NATIONAL WEATHER SERVICE RALEIGH NC
327 AM EDT FRI JUL 31 2015


...................................

...THE RALEIGH-DURHAM INTL AIRPORT NC CLIMATE SUMMARY FOR JULY 30 2015...

CLIMATE NORMAL PERIOD 1981 TO 2010
CLIMATE RECORD PERIOD 1887 TO 2015


WEATHER ITEM   OBSERVED TIME   RECORD YEAR NORMAL DEPARTURE LAST
                VALUE   (LST)  VALUE       VALUE  FROM      YEAR
                                                  NORMAL
..................................................................
TEMPERATURE (F)
 YESTERDAY
  MAXIMUM         94    257 PM 101    1953  90      4       81
  MINIMUM         73    337 AM  56    1946  70      3       63
                                      1936
  AVERAGE         84                        80      4       72

PRECIPITATION (IN)
  YESTERDAY        0.00          3.70 1888   0.17  -0.17      T
  MONTH TO DATE    5.01                      4.57   0.44     8.88
  SINCE JUN 1     11.36                      8.09   3.27    12.19
  SINCE JAN 1     29.20                     25.12   4.08    31.46

DEGREE DAYS
 HEATING
  YESTERDAY        0                         0      0        0
  MONTH TO DATE    0                         0      0        0
  SINCE JUN 1      0                         4     -4        0
  SINCE JUL 1      0                         0      0        0

 COOLING
  YESTERDAY       19                        15      4        7
  MONTH TO DATE  456                       450      6      414
  SINCE JUN 1    893                       797     96      791
  SINCE JAN 1   1163                      1006    157     1004
..................................................................


WIND (MPH)
  HIGHEST WIND SPEED     9   HIGHEST WIND DIRECTION     W (270)
  HIGHEST GUST SPEED    14   HIGHEST GUST DIRECTION     W (260)
  AVERAGE WIND SPEED     3.0


SKY COVER
  POSSIBLE SUNSHINE  MM
  AVERAGE SKY COVER 0.5


WEATHER CONDITIONS
 THE FOLLOWING WEATHER WAS RECORDED YESTERDAY.
  NO SIGNIFICANT WEATHER WAS OBSERVED.


RELATIVE HUMIDITY (PERCENT)
 HIGHEST    87           500 AM
 LOWEST     49           300 PM
 AVERAGE    68

..........................................................


THE RALEIGH-DURHAM INTL AIRPORT NC CLIMATE NORMALS FOR TODAY
                         NORMAL    RECORD    YEAR
 MAXIMUM TEMPERATURE (F)   90       104      1999
 MINIMUM TEMPERATURE (F)   70        55      1914


SUNRISE AND SUNSET
JULY 31 2015..........SUNRISE   622 AM EDT   SUNSET   821 PM EDT
AUGUST  1 2015........SUNRISE   623 AM EDT   SUNSET   820 PM EDT


-  INDICATES NEGATIVE NUMBERS.
R  INDICATES RECORD WAS SET OR TIED.
MM INDICATES DATA IS MISSING.
T  INDICATES TRACE AMOUNT.


&&

CLIMATE REPORT NWS FORECAST OFFICE
NCSU CENTENNIAL CAMPUS
RALEIGH, NC

MAXIMUM TEMPERATURE...96

MINIMUM TEMPERATURE...73

PRECIPITATION...0.00

$$
