930
CDUS42 KRAH 232144
CLIRDU


CLIMATE REPORT
NATIONAL WEATHER SERVICE RALEIGH NC
441 PM EST FRI FEB 23 2018


...................................

...THE RALEIGH-DURHAM INTL AIRPORT NC CLIMATE SUMMARY FOR FEBRUARY 23 2018...
VALID TODAY AS OF 0435 PM LOCAL TIME.

CLIMATE NORMAL PERIOD 1981 TO 2010
CLIMATE RECORD PERIOD 1887 TO 2018


WEATHER ITEM   OBSERVED TIME   RECORD YEAR NORMAL DEPARTURE LAST
                VALUE   (LST)  VALUE       VALUE  FROM      YEAR
                                                  NORMAL
..................................................................
TEMPERATURE (F)
 TODAY
  MAXIMUM         70    404 PM  79    1980  57     13       77
  MINIMUM         52    942 AM   7    1978  35     17       50
  AVERAGE         61                        46     15       64

PRECIPITATION (IN)
  TODAY            0.00          1.55 1984   0.12  -0.12     0.00
  MONTH TO DATE    1.54                      2.62  -1.08     0.66
  SINCE DEC 1      7.75                      9.19  -1.44     6.62
  SINCE JAN 1      5.46                      6.12  -0.66     4.43

SNOWFALL (IN)
  TODAY            0.0           2.5  1901   0.0    0.0      0.0
  MONTH TO DATE    0.0                       1.6   -1.6       T
  SINCE DEC 1      7.3                       5.1    2.2      0.5
  SINCE JUL 1      7.3                       5.2    2.1      0.5
  SNOW DEPTH       0

DEGREE DAYS
 HEATING
  TODAY            4                        19    -15        1
  MONTH TO DATE  322                       484   -162      293
  SINCE DEC 1   1884                      1900    -16     1484
  SINCE JUL 1   2466                      2481    -15     1939

 COOLING
  TODAY            0                         0      0        0
  MONTH TO DATE   17                         0     17        6
  SINCE DEC 1     17                         2     15        6
  SINCE JAN 1     17                         0     17        6
..................................................................


WIND (MPH)
  HIGHEST WIND SPEED    12   HIGHEST WIND DIRECTION    NE (60)
  HIGHEST GUST SPEED    18   HIGHEST GUST DIRECTION     E (110)
  AVERAGE WIND SPEED     4.4


SKY COVER
  POSSIBLE SUNSHINE  MM
  AVERAGE SKY COVER 0.7


WEATHER CONDITIONS
 THE FOLLOWING WEATHER WAS RECORDED TODAY.
  FOG
  FOG W/VISIBILITY <= 1/4 MILE


RELATIVE HUMIDITY (PERCENT)
 HIGHEST   100           800 AM
 LOWEST     66           400 PM
 AVERAGE    83

..........................................................


THE RALEIGH-DURHAM INTL AIRPORT NC CLIMATE NORMALS FOR TOMORROW
                         NORMAL    RECORD    YEAR
 MAXIMUM TEMPERATURE (F)   57        81      1982
 MINIMUM TEMPERATURE (F)   35        13      1901
                                             1889


SUNRISE AND SUNSET
FEBRUARY 23 2018......SUNRISE   653 AM EST   SUNSET   605 PM EST
FEBRUARY 24 2018......SUNRISE   652 AM EST   SUNSET   606 PM EST


-  INDICATES NEGATIVE NUMBERS.
R  INDICATES RECORD WAS SET OR TIED.
MM INDICATES DATA IS MISSING.
T  INDICATES TRACE AMOUNT.

&&

CLIMATE REPORT
NWS FORECAST OFFICE
NCSU CENTENNIAL CAMPUS
RALEIGH NC

MAXIMUM TEMPERATURE...69

MINIMUM TEMPERATURE...52

PRECIPITATION... 0.00


$$
